{"text_format":"1","workbook":"xlsx","n_sheets":38,"sheets":["Overview","Workflow","Data Sources","Instructions_Demographic","Instructions_RI","Instructions_FCI","Instructions_Results_LQPI","Instructions_Checklist_FAA","Instructions_Results_FCA","Inputs_Demographic","Inputs_RI","Inputs_FCI","Results_LQPI","Checklist_FAA","Results_FCA","BLS Areas","BondRating_vlookup","Dropdown Menus","Automatically updated -->","Place B tables","Place B tables 5 years earlier","Place DP tables","Place S tables","National B tables","National S tables","National DP tables","BLS_Unemployment_National","BLS_Unemployment_10","BLS_Unemployment_9","BLS_Unemployment_8","BLS_Unemployment_7","BLS_Unemployment_6","BLS_Unemployment_5","BLS_Unemployment_4","BLS_Unemployment_3","BLS_Unemployment_2","BLS_Unemployment_1","API_calls"],"not_rendered":{"charts":0,"images":2,"macros":1,"external_links":0,"defined_names":168,"comments":0,"pivot_tables":0},"unopened":[],"bounds":{"document_bytes":16777216,"sheet_cells":100000,"rows_first":2000,"rows_last":500,"rows_between":2000,"halvings":0,"cell_chars":16384,"cell_head_chars":4096},"cells_cut":0,"cells_raw":0,"read":"whole","date_system":"1900"}

{"sheet":"Overview","index":0,"n_rows":8,"n_cols":2,"rows_kept":8,"cut":false,"hidden":false,"merged":[]}
[]
[null,"Clean Water Act Financial Capability Assessment Guidance - Spreadsheet Tool"]
[null,"Purpose and Overview of FCA Guidance Spreadsheet Tool"]
[null,"The purpose of this spreadsheet tool is to assist with the development or review of a financial capability assessment using EPA's Clean Water Act Financial Capability Assessment Guidance (February 2023).\n\nFinancial Capability Assessment Guidance Spreadsheet Tool - Residential Indicator, Financial Capability Indicators, Lowest Quintile Poverty Indicator, and Financial Alternatives Analysis \nThis spreadsheet tool supplements the Financial Capability Assessment (FCA) Guidance by guiding the user through the inputs and steps of the FCA calculations as specified in Alternative 1 (Residential Indicator, Financial Capability Indicators, and Lowest Quintile Poverty Indicator analyses). This spreadsheet tool also provides a worksheet to document the results of a Financial Alternatives Analysis. The spreadsheet tool provides instructions on what pieces of information are recommended by EPA's FCA Guidance metrics and how to obtain the information, organizes and stores data in a practical and relevant format, performs the required calculations on numeric information wherever feasible, and matches the results to the FCA Guidance benchmarks.\n\nThe worksheet tabs along the bottom of the screen provide instructions and access to each sequential step in the analysis corresponding to the FCA Guidance. Orange worksheet tabs contain user instructions. Green worksheet tabs are where data is inputed or calculated. \n\nThe FCA Guidance is available at: "]
[null,"https://www.epa.gov/waterfinancecenter/clean-water-act-financial-capability-assessment-guidance"]
[]
[null,"Supplementary Notes"]
[null,"The FCA Spreadsheet Tool provides suggested information and methods to conduct an FCA analysis following Alternative 1. The worksheets are not exhaustive of all appropriate economic analyses. Alternative or additional information and tests may be necessary or desirable in certain circumstances. The principles and methods used to evaluate financial capability are the same principles and methods used in the FCA Guidance. Although the FCA Spreadsheet Tool attempts to maintain the same general structure as the FCA Guidance, there have been some organizational and format modifications to increase clarity and functionality. Whenever possible, see the appropriate pages in the FCA Guidance for assistance on specific topics or calculations. EPA intends for this spreadsheet to be used in conjunction with the complete FCA Guidance and not as a substitute."]

{"sheet":"Workflow","index":1,"n_rows":27,"n_cols":4,"rows_kept":27,"cut":false,"hidden":false,"merged":[[6,1,6,3],[7,1,7,3],[9,1,9,3],[10,1,10,3],[1,1,1,3],[2,1,2,3],[4,1,4,3],[5,1,5,3],[3,1,3,3],[8,1,8,3]]}
[]
[null,"Clean Water Act Financial Capability Assessment Guidance - Spreadsheet Tool"]
[null,"Workflow of FCA Guidance Spreadsheet Tool"]
[null,"The steps below describe the structure and the inputs for each part of the spreadsheet tool. The spreadsheet tool is set up to guide the user through the inputs and then perform as many of the mathematical calculations as possible automatically."]
[null,"Step #1. Review the \"Instructions_Demographic\" tab. Enter the service area community (or communities) in the \"Inputs_Demographic\" tab. This will populate all U.S. Census Bureau American Community Survey (ACS) 5-year demographic data estimates in the RI and FCI tabs.\n"]
[null,"Step #2. Review the \"Instructions_RI\" tab. Enter data necessary to complete the Residential Indicator (RI) analysis in the \"Inputs_RI\" tab. Note that cells with demographic data will be automatically populated from the \"Inputs_Demographic\" tab. "]
[null,"Step #3. Review the \"Instructions_FCI\" tab. Enter data necessary to complete the Financial Capability Indicators (FCI) in the \"Inputs_FCI\" tab. Note that cells with demographic data will be automatically populated from the \"Inputs_Demographic\" tab."]
[null,"Step #4. Review the \"Instructions_Results_LQPI\" tab and view results of the Lowest Quintile Poverty Indicator (LQPI) in the \"Results_LQPI\" tab. Note that all LQPI data automatically populate from the \"Inputs_Demographic\" tab, so no manual data entry is necessary in the \"Results_LQPI\" tab."]
[null,"Step #5. Review tab named \"Instructions_Checklist_FAA\" and enter documentation of Financial Alternatives Analysis in \"Checklist_FAA\" tab."]
[null,"Step #6. Review tab named \"Instructions_Results_FCA\" and view results of the Financial Capability Matrix (RI and FCI) and the Expanded Financial Capability Matrix (RI, FCI, and LQPI) in the \"Results_FCA\" tab."]
[null,"Explanation of FCA Spreadsheet Tool Tabs"]
[null,"Tab Name","Tab Description","Requires Data Input?"]
[null,"Overview","Purpose and guidance of FCA Guidance Spreadsheet Tool (see Section I in the FCA Guidance for further information).","No"]
[null,"Workflow","Workflow and description of all spreadsheets in FCA Guidance Spreadsheet Tool.","No"]
[null,"Data Sources","Data sources for Residential Indicator, Financial Capability Indicators, and Lowest Quintile Poverty Indicator analyses (see Section II.a.3, Appendix A, and Appendix B in the FCA Guidance for further information).","No"]
[null,"Instructions_Demographic","Detailed instructions for populating Census Bureau demographic data and Bureau of Labor Statistics data necessary for calculating the permittee's RI, FCI, and LQPI.","No"]
[null,"Instructions_RI","Detailed instructions for completing the Residential Indicator analysis (see Appendix A, Worksheets 1 & 2 in the FCA Guidance for further information).","No"]
[null,"Instructions_FCI","Detailed instructions for completing the Financial Capability Indicators analysis (see Appendix B, Worksheets 3 - 9 in the FCA Guidance for further information).","No"]
[null,"Instructions_Results_LQPI","Detailed instructions for completing the Lowest Quintile Poverty Indicators analysis (see Section II.a.3 in the FCA Guidance for further information).","No"]
[null,"Instructions_Checklist_FAA","Instructions for completing a Financial Alternatives Analysis (see Sections II.a.4 and Appendix C in the FCA Guidance for further information).","No"]
[null,"Instructions_Results_FCA","Instructions to evaluate the FCA results (see Sections II.a.5 and II.e in the FCA Guidance for further information).","No"]
[null,"Inputs_Demographic","Service area community name(s) and demographic data required to complete the Residential Indicator, Financial Capability Indicators, and Lowest Quintile Poverty Indicator (see Section II.a.3, Appendix A, and Appendix B in the FCA Guidance for further information).","Yes"]
[null,"Inputs_RI","Calculates the Residential Indicator analysis (see Appendix A, Worksheets 1 & 2 in the FCA Guidance for further information).","Yes"]
[null,"Inputs_FCI","Calculates the Financial Capability Indicators analysis (see Appendix B, Worksheets 3 - 9 in the FCA Guidance for further information).","Yes"]
[null,"Results_LQPI","Calculates the Lowest Quintile Poverty Indicator analysis (see Section II.a.3 in the FCA Guidance for further information).","No"]
[null,"Checklist_FAA","Example worksheet to document a Financial Alternatives Analysis (see Section II.a.4 and Appendix C in the FCA Guidance for further information).","No"]
[null,"Results_FCA","FCA Matrix results and Expanded FCA Matrix results (see Sections II.a.5 and II.e in the FCA Guidance for further information).","No"]

{"sheet":"Data Sources","index":2,"n_rows":19,"n_cols":3,"rows_kept":19,"cut":false,"hidden":false,"merged":[[3,1,3,2],[8,1,8,2],[1,1,1,2],[17,1,17,2],[18,1,18,2]]}
[]
[null,"Data Sources for Residential Indicator, Financial Capability Indicators, and Lowest Quintile Poverty Indicator Analyses"]
[null,"Indicator","Potential Data Source(s)"]
[null,"Residential Indicator (Appendix A)"]
[null,"Worksheet 1: Current Costs","Latest audited Annual Comprehensive Report for current annual operation and maintenance expenses and current annual debt service (Statement of Revenues, Expenses, and Changes in Fund Net Position and Statement of Cash Flows, respectively)."]
[null,"Worksheet 1: Annual Projected Costs","Should be available through the permittee's planning documents."]
[null,"Worksheet 1: Total Number of Households in Service Area","Latest audited Annual Comprehensive Report for current annual operation and maintenance expenses and current annual debt service (Statement of Revenues, Expenses, and Changes in Fund Net Position and Statement of Cash Flows, respectively)."]
[null,"Worksheet 2: Median Household Income","The Residential Indicator automatically populates Census Bureau American Community Survey (ACS) 5-year estimates for MHI (Table B19013) by Census designated place from the \"Inputs_Demographic\" tab. Median household income is available for most communities from the latest annual Census ACS data collection. In the few cases where a local jurisdiction's MHI is not available, the surrounding county's MHI may be sufficient. Wastewater service area boundaries should be available from the permittee if a more nuanced estimate is required. "]
[null,"Financial Capability Indicators (Appendix B)"]
[null,"Worksheet 3: Most Recent General Obligation Bond Rating","Municipal bond reports from rating agencies (e.g., Moody's Bond Record, Standard & Poor's Corporation, and Fitch) provide recent ratings. Municipal bond prospectuses typically list the bond rating in the upper-right corner of the cover page and within the “Ratings” section of the report. General Obligation Bond prospectuses are available at: https://emma.msrb.org/. Municipalities also may have reports from rating agencies summarizing updates of the rating status."]
[null,"Worksheet 3: Most Recent Revenue (Water/Sewer or Sewer) Bond Rating","Municipal bond reports from rating agencies (e.g., Moody's Bond Record, Standard & Poor's Corporation, and Fitch) provide recent ratings. Municipal bond prospectuses typically list the bond rating in the upper-right corner of the cover page and within the “Ratings” section of the report. Revenue Bond prospectuses are available at: https://emma.msrb.org/. Municipalities also may have reports from rating agencies summarizing updates of the rating status."]
[null,"Worksheet 4: Overall Net Debt (Direct Debt and Overlapping Debt)","Debt information is generally available in the Statistical Section of the community’s Annual Comprehensive Financial Report. In most cases the most recent Annual Comprehensive Financial Report is on file in the finance department of the community’s website. Overlapping debt is also generally provided in a community's Annual Comprehensive Financial Report. See the \"Instructions_FCI\" tab for further information."]
[null,"Worksheets 4 and 7: Market Value of Property","Market value of real property is available in the Statistical Section of the community’s Annual Comprehensive Financial Report. If not, the property assessment data should be readily available through the community, county, or State's assessor office. The boundary of most permittee’s service areas generally conforms to one or more community boundaries. Therefore, prorating community data to reflect specific service area boundaries is not normally necessary for evaluating the general financial capability of the permittee. "]
[null,"Worksheet 5: Unemployment Rate","This Financial Capability Indicators analysis authomatically populates data from the Bureau of Labor Statistics (BLS). BLS maintains current unemployment rate figures (seasonally unadjusted) for municipalities and counties with a population over 25,000. National and state unemployment data are also available for comparison purposes and is available at the BLS Data Tools webpage at https://www.bls.gov/data. The most recent year of unemployment data should be used."]
[null,"Worksheet 6: Median Household Income","The Financial Capability Indicators analysis automatically populates Census Bureau American Community Survey (ACS) 5-year estimates on the number of households by Census designated place (Table B25002) from the \"Inputs_Demographic\" tab. Wastewater service area boundaries should be available from the permittee if a more nuanced estimate is required. "]
[null,"Worksheets 7 and 8: Property Tax Revenues","Property tax revenue collection data and market value of real property are generally available in the Statistical Section of the community’s Annual Comprehensive Financial Report. If not, property assessment and tax revenue collection data should be readily available through the community, county, or state assessor’s office. Occasionally, the assessment and tax revenue data of communities partially serviced by the permittee may have to be prorated to provide a clearer picture of the permittee's property tax burden."]
[null,"Worksheet 8: Property Taxes Levied","Property taxes levied are available in a community’s Annual Comprehensive Financial Report. Property taxes levied can also be computed by multiplying the assessed value of real property by the property tax rate, both of which are available from a community's financial statements or the state assessor's office. Occasionally, the assessment and tax revenue data of communities partially serviced by the permittee may have to be prorated to provide a clearer picture of the permittee's property tax revenue collection rate."]
[null,"Lowest Quintile Poverty Indicator (Section II.a.3)"]
[null,"See \"Instructions_Results_LQPI\" and \"Instructions_Demographic\" for LQPI input data sources. Note that the LQPI automatically populates demographic data from the \"Inputs_Demographic\" tab in the API tool. "]

{"sheet":"Instructions_Demographic","index":3,"n_rows":3,"n_cols":2,"rows_kept":3,"cut":false,"hidden":false,"merged":[[2,1,4,1]]}
[]
[null,"Instructions to Populate Census Bureau Demographic Data for the Residential Indicator, Financial Capability Indicators, and Lowest Quintile Poverty Indicator "]
[null,"As described in the \"Overview\" tab, Alternative 1 of the FCA Guidance involves evaluating a permittee's financial capability to fund CWA controls by calculating the Residential Indicator (RI), the Financial Capability Indicators (FCI), the Lowest Quintile Poverty Indicator (LQPI) score, and a Financial Alternatives Analysis. Complete the \"Inputs_Demographic\" tab to populate Census Bureau demographic data and Bureau of Labor Statistics data used to calculate the permittee's RI, FCI, and LQPI analyses.\n\nInstructions for Completing \"Inputs_Demographic\" tab\n1) Complete the \"Census Bureau Demographic Data Generator\" table and the \"Census Bureau Data\" table.\n    a) Select the two-letter state code for the state in which the permittee is located. \n    b) Select the most recent 5-year American Community Survey (ACS) Census data year.\n    c) Press the arrow button to refresh Census Bureau 5-year ACS data.\n    d) Select each service area jurisdiction in column B. If the service area only contains one jurisdiction, just select that jurisdiction.\n2) Complete the \"Bureau of Labor Statistics (BLS) Unemployment Rate Data Generator\" table and \"Bureau of Labor Statistics (BLS) Data\" table.\n    a) The permittee state automatically populates from the \"Census Bureau Demographic Data Generator\" table from Step 1a above.\n    b) Select the most recent Bureau of Labor Statistics data year.\n    c) Select each service area jurisdiction in column B. If the service area only contains one jurisdiction, just select that jurisdiction.\n    d) Press the arrow button to refresh Bureau of Labor Statistics data and populate service area unemployment rates.\n\nWhen a service area covers multiple jurisdictions, a weight is assigned to each jurisdiction when calculating service area demographics to reflect each jurisdiction's share of the total households. Insert additional rows in the \"Census Bureau Data\" table and \"Bureau of Labor Statistics (BLS) Data\" table if needed to account for additional jurisdictions.\n\nData Sources\nDemographic data inputs for the permittee and the nation in the Residential Indicator, Financial Capability Indicator, and/or Lowest Quintile Poverty Indicator analyses are from the most recent 5-year Census Bureau American Community Survey (ACS) estimates and the most recent Bureau of Labor Statistics data year. The Census Bureau ACS data tables used to complete the Financial Capability Assessment analysis are listed below.\n\n• Table B25002: Occupancy Status (used for Residential Indicator and Lowest Quintile Poverty Indicator)\n• Table B19013: Median Household Income in the Past 12 Months (used for Residential Indicator and Financial Capability Indicators)\n• Table B19080: Household Income Quintile Upper Limits (used for the Lowest Quintile Poverty Indicator)\n• Table S1701: Poverty Status in the Past 12 Months (used for the Lowest Quintile Poverty Indicator)\n• Table S2201: Food Stamps/Supplemental Nutrition Assistance Program (SNAP) (used for the Lowest Quintile Poverty Indicator)\n• Table DP03: Selected Economic Characteristics (used for the Lowest Quintile Poverty Indicator)\n\nTo find the most recent 5-year ACS data year, navigate to the following website: https://www.census.gov/programs-surveys/acs/news/data-releases.html. Here, the Census Bureau publishes a schedule and notes about new data estimates. Users can browse the data release notes on this webpage to determine the most recent 5-year ACS data year. \n\nThe FCA Spreadsheet tool will populate these data automatically, but if needed, to pull the most recent 5-year ACS data, navigate to the following website: https://data.census.gov/. For each table cost listed above, type the code into the search bar and select the corresponding table from the dropdown menu. In the next screen, select the \"Geos\" option and specify the municipality/municipalities of interest. To pull demographic data for the most recent year, select the \"Dataset\" option and choose the most recent year with \"5-Year Estimates Detailed Tables.\" \n\nThe FCA Spreadsheet Tool will populate these data automatically, but if needed, the Bureau of Labor Statistics Data Finder series title used for the national unemployment rate is as follows: \"Unemployment Rate (U) Not Seasonally Adjusted Across All Industries, All Occupations, 16 Years and Over, All Origins, All Races, Both Sexes, and All Education Levels (Series ID LNU04000000).\" Navigate to the following website to pull the most recent calendar year annual unemployment rate for the nation: https://beta.bls.gov/dataQuery/find?fq=survey:%5Bln%5D&s=popularity:D \n\nThe FCA Spreadsheet Tool will populate these data automatically, but if needed, the Bureau of Labor Statistics Data Finder high-level series title used for local unemployment rates is as follows: \"Unemployment Rate (U) Not Seasonally Adjusted.\" Navigate to the following website to pull the most recent calendar year unemployment rate for a service area community: https://beta.bls.gov/dataQuery/find?fq=survey:%5Bla%5D&s=popularity:D "]

{"sheet":"Instructions_RI","index":4,"n_rows":41,"n_cols":4,"rows_kept":41,"cut":false,"hidden":false,"merged":[[16,1,16,3],[1,1,1,3],[2,1,2,3],[3,1,3,3],[4,1,4,3],[5,1,5,3],[8,1,8,3],[9,1,9,3],[10,1,10,3],[11,1,11,3],[12,1,12,3],[13,1,13,3],[14,1,14,3],[15,1,15,3],[6,1,7,3]]}
[]
[null,"Instructions to Calculate the Residential Indicator (Appendix A, Worksheets 1 and 2)"]
[null,"The first step of Alternative 1 is to calculate the Residential Indicator. The Residential Indicator measures the financial impact of the current and proposed Clean Water Act (CWA) controls on residential users. Development of this indicator starts with the determination of the current and proposed wastewater system control costs per household (CPH). Second, the service area’s CPH estimate and the median household income (MHI) are used to calculate the Residential Indicator. Finally, the Residential Indicator is compared to established financial impact ranges to determine whether required CWA controls will produce a possible “high,” “midrange,” or “low” financial impact on the permittee’s residential users. \n\nThe first step in developing the CPH is to determine the permittee’s total wastewater treatment (WWT) and collection system costs by adding together the current costs for existing wastewater treatment operations and the projected costs for any proposed CWA controls. The next step is to calculate the residential share of the total system costs. The final step is to calculate the CPH by dividing the residential share of total costs by the number of households in the permittee's total wastewater service area. \n\nThe total wastewater service area should include all retail and wholesale areas served."]
[null,"Worksheet 1 Input: Current WWT Costs"]
[null,"Description\nCurrent wastewater system costs are defined as current annual wastewater operating and maintenance expenses (excluding depreciation) plus current annual debt service (principal and interest). This fairly represents cash expenses for current wastewater treatment operations. (Expenses for funded depreciation, capital replacement funds, or other types of capital reserve funds are not included in current WWT costs, because they represent a type of savings account rather than an actual operation and maintenance expense.)\n\nAnnual wastewater operating and maintenance expenses include, but are not limited to: monitoring, inspection, permitting fees, waste disposal charges, repair, administration and replacement.\n\nWorksheet 1 Instructions \nEnter the requested data in the rows above Lines 100 and 102. The operation and maintenance cost rows above Line 100 should include all significant cost categories, such as labor, chemicals, utilities, administration, and equipment replacement. The rows above Line 100 can further break out costs (e.g., O&M Expenses for Core Service Area City; Expenses for Wholesale Community). Do not include depreciation as part of Line 100. The row above Line 101 should further categorize debt service costs (e.g., Annual Bonded Debt Service, Annual Asset Management).\n\nPractice Tips\nFor a service area with wholesale customers, current costs should also include the wholesale customers’ operations and maintenance (O&M) and debt service incurred to provide retail service and delivery of wastewater to the primary community. This information can be inserted as an explicit line item so that the calculation is transparent. The community may provide more detailed breakout of O&M costs as sub-parts. These may include historical average asset management and payment-in-lieu of taxes (PILOT). Note that the community should perform a sensitivity analysis on the addition of PILOT to determine the overall impact on residential households with and without PILOT.\n\n Additional rows can be provided for asset management and stormwater management costs, along with an explanation of the basis for the values."]
[null,"Worksheet 1 Input: Projected Costs"]
[null,"Description\nEstimates of total projected costs are made for any proposed CWA controls. Any concerns about including specific proposed WWT projects, combined sewer overflow (CSO) or other CWA controls in the projected costs, or the length of the planning period, should be discussed with the appropriate NPDES permitting and enforcement authorities. These costs should be provided in consistent year dollars and include projected increased operation and maintenance expenses plus projected debt service costs for any proposed WWT and CWA controls. \n\nTotal estimated operating and maintenance expenses calculated in Line 103 should include all significant cost categories, such as: monitoring, inspection, permitting fees, waste disposal charges, repair, administration and replacement. Do not include depreciation in Line 103.\n\nWorksheet 1 Instructions\nProjected costs for compliance are provided on Lines 103 and 104. Costs should be provided in current dollars, preferably consistent with the year of the most recent demographic and current financial data. Adjust the projected annual WWT and CWA costs to current dollars using the appropriate cost indices, preferably for the geographical region of permittee.\n\nThe annualized debt service cost information for the projected WWT facilities and projected CWA controls (Line 104) can be calculated using an annualization factor, which reflects the financing composition of the capital program, the borrowing interest rate and borrowing term for each source of debt financing, and the number of years of future cash-financed capital. Enter information regarding the financing composition, debt financing assumptions, and number of years of future cash-financed capital above Line 104. The financing composition of the capital program must be entered as a percentage (e.g., 50% of the capital program financed via SRF Loans). If the exact amount per financing source is known, but the financing amount as a percentage of the total capital program is unknown, calculate the percentage separately and enter the resulting percentage into the model.\n\nThe annualized debt service cost for the projected CWA controls is calculated on Line 104. Line 104 is further categorized into Annual Debt Service and Annual Pay-Go Costs. The FCA Spreadsheet tool will add the current wastewater treatment and CWA costs (Line 102) and projected wastewater treatment and CWA costs (Line 105) to estimate the total WWT and CWA costs (Line 106).\n\nPractice Tips\nFuture capital costs should be in the same year dollars as the current cost data. Use the appropriate engineering construction cost index to adjust projected capital costs or related increased operations costs as necessary.\n\nThe debt service should be estimated based on the source and type of debt or other financing expected to be used to pay for necessary capital expenditures, including state clean water revolving and pooled funds."]
[]
[null,"Worksheet 1 Input: Residential Share of Costs (used as inputs for CPH calculation)"]
[null,"Description\nThe residential share of total costs (Line 107) is computed by multiplying the percent of total wastewater flow including infiltration and inflow attributable to residential users by the total costs (Line 106).\n\nWorksheet 1 Instructions \nInput the Total Residential Flow and Total Flow. The FCA Spreadsheet tool will calculate the residential share of the total cost on Line 107.\n\nPractice Tips\nThe residential share represents costs for all households, whether in single-family homes or in multi-unit condominiums or apartment buildings. Residential costs exclude the portion of expenses attributable to commercial, governmental, and industrial customers. Permittees that treat multi-unit household as commercial accounts within the billing system need to estimate the flows attributable to those households.\n\nIn general, the residential share is based on billed flow for residential households. If supported by documentation, the residential share may be adjusted for infiltration and inflow (I&I) based on how the permittee addresses I&I in its bills. Billed flow in the residential share calculation should include total current flow and total projected flow (if applicable).\n\nNote that the volume of residential usage may not only include volume for residential customer accounts, but residential households may also be served through multi-unit structures in commercial accounts, such as apartment buildings. Census data can provide information on the number of households in multi-family structures, providing a basis for adjusting the residential usage. The residential share tends to be lower for communities with more commercial or industrial customers, and generally higher in suburban, predominately residential areas.\n\nParticularly for more complex service areas, electronic Geographic Information System (GIS) shapefiles can be analyzed with census electronic files to better characterize the service area households. Many utilities already have GIS mappings of the service area to assist in management of the system. In addition, note that in Census terminology, a “household” is equal to an “occupied housing unit,” so data characterizing occupied housing units may be helpful to understanding the nature of the permittee’s service area. In addition, the permittee should not use “residential customer” counts to estimate households, as more than one household may occupy a residential customer site, and households may live in commercial multi-unit customer properties."]
[null,"Worksheet 1 Input: CPH Calculation"]
[null,"Worksheet 1 Instructions\nThe FCA Spreadsheet Tool will calculate the CPH on Line 109 by dividing total residential share costs (Line 107) by the total number of households (Line 108) in the permittee’s total wastewater service area. Note that Worksheet 1 automatically populates the total number of households in the service area from the \"Inputs - Demographic\" tab."]
[null,"Worksheet 2 Input: Developing the MHI Estimate"]
[null,"Worksheet 2 Instructions\nThe service area MHI (most recent 5-year census bureau data) automatically populates in Line 201 from the \"Inputs - Demographic\" tab. Enter the MHI Adjustment Factor, if any, on Line 202. In general, an adjustment factor is not needed given that the Census data is the most up-to-date information available. Identify the year of the Census data, and if an adjustment is made, provide an explanation. If an adjustment is not made, enter \"1\" in Line 202. The FCA Spreadsheet Tool will multiply the MHI (Line 201) by the Adjustment Factor (Line 202) and populated the Adjusted MHI on Line 203. \n\nIf the permittee's service area includes more than one jurisdiction, MHI in Line 201 is weighted for the entire service area to reflect each jurisdiction's share of the total households.\n\nPractice Tips\nFor more complex service areas, electronic Geographic Information System (GIS) shapefiles can be analyzed with census electronic files to better characterize the service area households and allowing a more precise characterization of the MHI for service area households. Many utilities already have GIS mappings of the service area to assist in management of the system."]
[null,"Residential Indicator Score"]
[null,"Description\nWhen the Residential Indicator is less than 1.0 percent, 1.0 to 2.0 percent, or greater than 2.0 percent, the financial impact on residential users to implement the CWA controls may be characterized as \"low,” \"mid- range,\" or \"high,\" respectively. In situations where a permittee believes that there are unique circumstances that would affect the conclusion of the RI, the permittee may submit documentation of its unique financial conditions to the appropriate EPA and state NPDES authorities for consideration. \n\nWorksheet 2 Instructions\nThe FCA Spreadsheet Tool will automatically calculate the Residential Indicator (Line 205 of Worksheet 2) by dividing the total annual control cost per household (Line 109 transferred to Line 204) by the Adjusted MHI (Line 203) and multiplying by 100."]
[null,"Guidance Documentation"]
[null,"Component","Section","Page"]
[null,"Residential Indicator","II.a.1","8 to 9"]
[null,"Residential Indicator Worksheets","Appendix A","A-1 to A-10"]
[null,"Developing the CPH Estimate","Appendix A","A-1 to A-2"]
[null,"Worksheet 1 Instructions","Appendix A","A-2 to A-4"]
[null,"Current Costs ","Appendix A","A-1"]
[null,"Projected Costs ","Appendix A","A-2 to A-3"]
[null,"Residential Share","Appendix A","A-3 to A-4"]
[null,"Data Sources","Appendix A","A-4 to A-5"]
[null,"Cost Per Household: Worksheet 1","Appendix A","A-6"]
[null,"Total Annual Costs of Operation and Maintenance","Appendix A","A-6"]
[null,"Annual Existing Debt Service","Appendix A","A-6"]
[null,"Estimated Annual Operations and Maintenance Expenses","Appendix A","A-6"]
[null,"Annual Projected Debt Service","Appendix A","A-6"]
[null,"Residential Percentage of Total WWT and CWA Costs","Appendix A","A-6"]
[null,"Residential Share of Total WWT and CWA Costs","Appendix A","A-6"]
[null,"Cost Per Household ","Appendix A","A-6"]
[null,"Developing the MHI","Appendix A","A-7"]
[null,"Worksheet 2 Instructions ","Appendix A","A-7"]
[null,"Data Sources","Appendix A","A-8"]
[null,"Developing the Residential Indicator ","Appendix A","A-8 to A-9"]
[null,"Residential Indicator: Worksheet 2","Appendix A","A-10"]
[null,"Median Household Income","Appendix A","A-10"]
[null,"Residential Indicator ","Appendix A","A-10"]

{"sheet":"Instructions_FCI","index":5,"n_rows":59,"n_cols":4,"rows_kept":59,"cut":false,"hidden":false,"merged":[[20,1,20,3],[18,1,18,3],[19,1,19,3],[12,1,12,3],[13,1,13,3],[14,1,14,3],[15,1,15,3],[16,1,16,3],[10,1,10,3],[11,1,11,3],[17,1,17,3],[1,1,1,3],[4,1,4,3],[7,1,7,3],[2,1,3,3],[5,1,6,3],[8,1,9,3]]}
[]
[null,"Instructions to Calculate the Financial Capability Indicators (Appendix B, Worksheets 3-8)"]
[null,"The second step of Alternative 1 is to calculate the Financial Capability Indicators. The Financial Capability Indicators assess select indicators to evaluate the financial capability of the permittee to implement CWA controls. These indicators will examine the permittee's debt burden, socioeconomic conditions, and financial operations:\n\n• Debt Indicators\n   - Bond Ratings (General Obligation and/or Revenue Bond Fund)\n   - Overall Net Debt as a Percent of Full Market Property Value\n• Socioeconomic Indicators\n   - Unemployment Rate\n   - Median Household Income\n• Financial Management Indicators\n   - Property Tax Revenue Collection Rate\n   - Property Tax Revenues as a Percent of Full Market Property Value\n\nDebt Indicators: The debt indicators were selected to assess current debt burden of the permittee or the communities within the permittee's service area and their ability to issue additional debt to finance the CWA controls. When these indicators are not available for the permittee, other financial data which illustrates debt burden and debt issuing capacity may be used to assess the permittee's financial capability in this area.\n\nSocioeconomic Indicators: The socioeconomic indicators are used to assess the general economic well-being of residential users in the permittee's service area. \n\nFinancial Management Indicators: The financial management indicators are used to evaluate the permittee's overall ability to manage financial operations.\n\nEven though the financial capability analysis reflects current conditions, pending changes in the service area should be considered in development of the second phase indicators. For example, if the current unemployment rate is high, but there is a new plant opening that will stimulate economic growth, the unemployment indicators for the service area would need to be modified to reflect the projected impact of the new plant. The permittee should submit documentation of such conditions to the appropriate EPA and state NPDES authorities for consideration. When the permittee is a sanitary district, sewer authority or similar entity, the second phase indicators related to property values and tax revenues may not be applicable. In those circumstances, the permittee may simply use the remaining indicators or submit other related documentation that will help assess its financial capability to implement the necessary wastewater system controls."]
[]
[null,"Worksheet 3: Bond Rating"]
[null,"Description\nRecent bond ratings for the permittee and service area communities summarize a bond rating agency's assessment of a permittee’s or community’s credit capacity. General obligation (G.O.) bonds are bonds issued by a local government and repaid with taxes (usually property taxes). They are the primary long-term debt funding mechanism in use by local governments. General obligation bond ratings reflect financial and socioeconomic conditions experienced by the community as a whole.\n\n“Revenue bond” ratings, by comparison, reflect the financial conditions and management capability of the wastewater utility. They are repaid with revenues generated from user fees. Revenue bonds are sometimes referred to as water or sewer bonds. In some cases, these bonds may have been issued by the state on behalf of local communities.\n\nBond ratings normally incorporate an analysis of a wide variety of quantitative and qualitative financial capability indicators. These analyses evaluate the long-term trends and current conditions for the indicators. The ultimate bond ratings reflect a general assessment of the permittee’s current financial conditions. However, if security enhancements like bond insurance have been used for a revenue bond issue, the bond rating may be higher than justified by the local conditions.\n\nMany small and medium-sized communities have not used debt financing for projects and, as a result, have no bond rating. The absence of bond rating does not indicate strong or weak financial health. When a bond rating is not available, this indicator may be excluded from the financial analysis.\n\nWorksheet 3 Instructions \nEnter the most recent bond rating information on Worksheet 3, Lines 301 and 302. Note that ratings are requested for general obligation bonds and revenue bonds. When there are several different bond ratings, enter the most recent bond rating on Line 303 as the summary bond rating.\n\nPractice Tip\nIf the permittee’s or community’s rating was enhanced through bond insurance, the uninsured rating should be stated in the bond prospectus, and that value should be provided in the FCA analysis.\n\nBenchmarks\n\nMoody’s Investor Services’ Rating\n• Weak: Ba, B, Caa, Ca, C\n• Mid-Range: Baa\n• Strong: Aaa, AA, A\n* “Baa” is the minimum investment grade rating. See \"Moody’s on Municipals – an Introduction to Issuing Debt\" for a description of bond ratings.\n\nStandard & Poor's and Fitch Ratings\n• Weak: BB, B, CCC, CC, C, D\n• Mid-Range: BBB\n• Strong: AAA, AA, A\n* “BBB” is the minimum investment grade rating. See \"Standard & Poor's Municipal Finance Criteria\" and \"Fitch’s Rating Definitions\" for a description of bond ratings."]
[]
[null,"Worksheet 4: Overall Net Debt as a Percent of Full Market Property Value"]
[null,"Description\nOverall net debt is debt repaid by property taxes in the permittee's service area. It excludes debt which is repaid by special user fees (e.g., revenue debt). This indicator provides a measure of the debt burden on residents within the permittee's service area and measures the ability of local governmental jurisdictions to issue additional debt. It includes the debt issued directly by the local jurisdiction and debt of overlapping entities, such as school districts. This indicator compares the level of debt owed by the service area population with the full market value of real property used to support that debt and serves as a measure of financial wealth in the permittee's service area.\n\nWorksheet 4 Instructions\nEnter requested data on Worksheet 4 as described below.\n\n• Line 401 - Direct Net Debt: Enter the amount of each jurisdiction's general obligation debt outstanding that is supported by the property in the permittee's service area. General obligation bonds are secured by the “full faith and credit” of the community and are payable from general tax revenues. This debt amount excludes general obligation bonds that are payable from some dedicated user fees or specific revenue source other than the general tax revenues. These general obligation bonds are called “double-barreled bonds.”\n\n• Line 402 - Debt of Overlapping Entities: The Statistical Section of the permittee’s Annual Comprehensive Financial Report (ACFR) generally lists the outstanding debt attributable to the permittee’s service area. If not, calculate the permittee's service area's share of any debt from overlapping entities using the process illustrated below:\n   - Step #1: Identify each overlapping entity that has incurred debt that must be partially supported by the permittee's service area. (Check the Statistical Section of the permittee’s ACFR or State assessor's office for this information).\n   - Step #2: Identify the total amount of tax-supported outstanding debt for each overlapping entity. Money in a sinking fund is not included in the outstanding debt since it represents periodic deposits into an account to ensure the availability of sufficient monies to make timely debt service payments.\n   - Step #3: Identify the estimated full market value of real property for each respective jurisdiction.\n   - Step #4: Identify the percentage of each overlapping entity's outstanding debt charged to persons or property in the permittee's service area based on the estimated full market value of real property of the respective jurisdictions.\n   - Step #5: Multiply the total outstanding debt of each overlapping entity by the percentage identified for the permittee’s service area.\n   - Step #6: Line 402 adds together the figures in Step #5 to determine the total overlapping debt for permittee's service area.\n\n• Line 403 - Overall Net Debt: The FCA Spreadsheet Tool will calculate this by adding Lines 401 and 402.\n\n• Line 404 - Market Value of Property: The property value should reflect the full market value of real property excluding personal property within the permittee's service area. It is possible that the tax assessed property value will not reflect full market value. This occurs when the tax assessment ratio is less than one. ln such cases the full market value of property is computed by dividing the total tax assessment value by the assessment ratio (the assessment ratio represents the percentage of the full market value that is taxed at the established tax rate). For example, if the assessed value is $1,000,000 and the assessment ratio is 50 percent then the full market value of real property is $1,000,000/.50 = $2,000,000.\n\n• Line 405 - Overall Net Debt as a Percent of Full Market Property Value: The FCA Spreadsheet Tool will calculated this by dividing Line 403 by Line 404 and multiplying by 100.\n\nBenchmarks\n• Weak: Above 5%\n• Mid-Range: 2-5%\n• Strong: Below 2%"]
[]
[null,"Worksheet 5: Unemployment Rate"]
[null,"Description\nThe unemployment rate is defined as the percent of a permittee's service area residents on the unemployment rolls.\n\nWorksheet 5 Instructions\nThe FCA Spreadsheet Tool will automatically populate unemployment values on Lines 501 - 503 on Worksheet 5. If the unemployment rate for a permittee's service area is not available, the unemployment rate for the county in which the service area is located may be used as a substitute. On Line 503, the FCA Spreadsheet Tool will automatically populate the average national unemployment rate.\n\nBenchmarks\nCompare the permittee's unemployment values with the national average values. \n• Weak: More than 1 percentage point above the National Average \n• Mid-Range: ± 1 percentage point of the National Average\n• Strong: More than 1 percentage point below National Average\n\nFor example, if the national average unemployment rate is 6 percent, an unemployment rate greater than 7 percent would be considered weak, while an unemployment rate less than 5 percent would be considered strong."]
[null,"Worksheet 6: Median Household Income (MHI)"]
[null,"Description\nMedian household income (MHI) is defined as the median amount of total income dollars received per household during a calendar year in a given area. It serves as an overall indicator of community earning capacity.\n\nWorksheet 6 Instructions\nMedian household income was discussed during the first phase assessment and is presented on Worksheet 2 (Residential Indicator). On Lines 601 and 602 of Worksheet 6, the adjusted MHI from Worksheet 2 (Line 203) and the national MHI for the same year automatically populates.\n\nBenchmarks\nCompare the permittee's MHI to the adjusted national MHI:\n• Weak: More than 25% below National MHI\n• Mid-Range: ± 25% of the National MHI\n• Strong: More than 25% above National MHI"]
[null,"Worksheet 7: Property Tax Revenues as a Percent of Full Market Property Value"]
[null,"Description \nThis indicator can be referred to as the “property tax burden” since it indicates the funding capacity available to support debt based on the wealth of the community. It also reflects the effectiveness of management in providing community services.\n\nWorksheet 7 Instructions\nThe full market value of real property was calculated in Worksheet 4, line 404 and will be automatically populated on Line 701. Enter the most recent year's property tax revenue on Line 702. General fund revenues are primarily property tax receipts. The FCA Spreadsheet Tool will divide the property tax revenue collected by the percent of full market property value property taxes levied and multiply by 100 to present the result as a percentage on Line 703.\n\nPractice Tip\nProperty tax revenues should include both current year collections and collections of payments in arrears from prior year assessments.\n\nBenchmarks\n• Weak: Above 4%\n• Mid-Range: 2-4%\n• Strong: Below 2%"]
[null,"Worksheet 8: Property Tax Revenue Collection Rate"]
[null,"Description\nThe property tax revenue collection rate is an indicator of the efficiency of the tax collection system and the acceptability of tax levels to residents.\n\nWorksheet 8 Instructions\nTotal property tax revenues collected was listed in Worksheet 7, Line 702 and will automatically be entered on line 801. Enter the property taxes levied on Line 802. The FCA Spreadsheet Tool will divide the property tax revenue collected by the property taxes levied and multiply by 100 to present the collection rate as a percentage on Line 803.\n\nBenchmarks:\n• Weak: Below 94%\n• Mid-Range: 94-98%\n• Strong: Above 98%"]
[null,"Calculation of the Financial Capability Indicators (Worksheet 9, Exhibit 2)"]
[null,"Description\nThis section describes how the indicators in the second phase may be used to generate an overall score of a permittee's financial capability. The indicators are compared to national benchmarks to form an overall assessment of the permittee's financial capability and its effect on implementation schedules in the long- term CWA control plan.\n\nIn situations where a permittee believes that there are unique circumstances that would affect the conclusion of the FCI, the permittee may submit documentation of its unique financial conditions to the appropriate EPA and state NPDES authorities for consideration. The purpose of additional information is to clarify unique circumstances which are not fairly represented by the overall scores of the selected indicators. An example could be where a state or community imposes restrictions on property taxes.\n\nInstructions\nThe indicators generated from the worksheets are compared to the state, national, or industry benchmarks presented in Worksheets 3 through 8. Information compiled from Worksheets 3 through 8 is summarized in Worksheet 9. Each of these values are scored using the rating standards in the FCA Guidance Table B-1 on page B-17: Weak (1), Mid-Range (2), and Strong (3).\n\nTo calculate an average score for the indicators, the values are totaled and divided by the number of entries. The average score is populated on Line 907.\n\nIf it is not possible to develop one or more of the six indicators, the permittee should explain why the indicator is inappropriate or unavailable. Since the point of the analysis is to measure the overall financial impact of the wastewater system controls, the debt and socioeconomic indicators are generally better measures of this impact than the financial management indicators. Consequently, if one of the debt or socioeconomic indicators is not available, the two financial management indicators should be averaged and used as a single indicator to average with the available debt and socioeconomic indicators. This averaging is necessary so that undue weight is not given to the financial management indicators."]
[null,"Guidance Documentation"]
[null,"Component","Section","Page"]
[null,"Financial Capability Indicators  ","II.a.1",9]
[null,"Financial Capability Indicators Worksheets","Appendix B","B-1 to B-18"]
[null,"Debt Indicators","Appendix B","B-1 to B-7"]
[null,"Bond Rating: Worksheet 3","Appendix B","B-2 to B-4"]
[null,"Worksheet 3 Instructions","Appendix B","B-3"]
[null,"Data Sources","Appendix B","B-3"]
[null,"Bond Rating: Worksheet 3","Appendix B","B-4"]
[null,"Benchmarks","Appendix B","B-4"]
[null,"Overall Net Debt as a Percent of Full Market Property Value","Appendix B","B-5 to B-7"]
[null,"Worksheet 4 Instructions","Appendix B","B-5 to B-6"]
[null,"Data Sources","Appendix B","B-6"]
[null,"Overall Net Debt as a Percent of Full Market Property Value: Worksheet 4","Appendix B","B-7"]
[null,"Benchmarks","Appendix B","B-7"]
[null,"Socioeconomic Indicators","Appendix B","B-8 to B-11"]
[null,"Unemployment Rate","Appendix B","B-8 to B-9"]
[null,"Worksheet 5 Instructions","Appendix B","B-8"]
[null,"Data Sources","Appendix B","B-8"]
[null,"Unemployment Rate: Worksheet 5","Appendix B","B-9"]
[null,"Benchmarks","Appendix B","B-9"]
[null,"Median Household Income","Appendix B","B-10 to B-11"]
[null,"Worksheet 6 Instructions","Appendix B","B-10"]
[null,"Data Sources","Appendix B","B-10"]
[null,"Median Household Income: Worksheet 6","Appendix B","B-11"]
[null,"Benchmarks","Appendix B","B-11"]
[null,"Financial Management Indicators ","Appendix B","B-12 to B-15"]
[null,"Property Tax Revenue as a Percent of Full Market Property Value","Appendix B","B-12 to B-13"]
[null,"Worksheet 7 Instructions","Appendix B","B-12"]
[null,"Data Sources","Appendix B","B-12"]
[null,"Property Tax Revenue As a Percent of Full Market Property Value: Worksheet 7","Appendix B","B-13"]
[null,"Benchmarks","Appendix B","B-13"]
[null,"Property Tax Revenue Collection Rate","Appendix B","B-14 to B-15"]
[null,"Worksheet 8 Instructions","Appendix B","B-14"]
[null,"Data Sources","Appendix B","B-14"]
[null,"Property Tax Revenue Collection Rate: Worksheet 8","Appendix B","B-15"]
[null,"Benchmarks","Appendix B","B-15"]
[null,"Analyzing Permittee Financial Capability Indicators","Appendix B","B-16"]
[null,"Table B-1. Summary of Financial Capability Indicators Benchmarks","Appendix B","B-16"]

{"sheet":"Instructions_Results_LQPI","index":6,"n_rows":9,"n_cols":4,"rows_kept":9,"cut":false,"hidden":false,"merged":[[4,1,4,3],[1,1,1,3],[2,1,3,3]]}
[]
[null,"Instructions to Calculate the Lowest Quintile Poverty Indicator (Exhibit 3 in the FCA Guidance)"]
[null,"Description\nThe third step of Alternative 1 is to calculate the Lowest Quintile Poverty Indicator Score (LQPI). The calculation of the Lowest Quintile Poverty Indicator aids in assessing the severity and prevalence of poverty in a community’s service area.\n\nInstructions\nThe LQPI automatically populates based on demographic data in the \"Inputs_Demographic\" tab to correspond to the six indicators in Exhibit 3 of the FCA Guidance:\n\n • LQPI #1: Upper Limit of Lowest Quintile Income\n • LQPI #2: Percentage of Population with Income Below 200% of Federal Poverty Level\n • LQPI #3: Percentage of Households Receiving Food Stamps/SNAP Benefits \n • LQPI #4: Percentage of Vacant Housing Units\n • LQPI #5: Trend in Household Growth  \n • LQPI #6: Percentage of Unemployed Population 16 and Over in Civilian Labor Force\n\nIf the community's service area includes more than one jurisdiction, the LQPI indicators are weighted based the number of households in each jurisdiction throughout the community's entire service area.\n\nBenchmarks\nCompare the permittee's indicators with the national average values. These indicators (other than “Trend in Household Growth”) are evaluated using a ±25% benchmark to national values. \n\n• Weak: More than 25% above National value (LQPI #2, #3, #4, and #6) or more than 25% below National value (LQPI #1)\n• Mid-Range: ± 25% of the National value\n• Strong: More than 25% below National value (LQPI #2, #3, #4, and #6) or more than 25% above National value (LQPI #1)\n\nFor instance, if the national Percentage of Population with Income Below 200% of Federal Poverty Level (LQPI #2) is 32%, then a community with a value less than 24% would equal a “strong” score for this indicator, a value of 24% to 40% would equal a “mid-range” score, and a value above 40% would equal a “weak” score. Using a ±25% benchmark closely aligns with the middle quintile of data for the parameter, which can characterize the “middle class” of Americans. This bracketing of the middle 50% is a commonly used methodology to characterize outliers on either end of the data distribution.\n\nThe five-year “Trend in Household Growth,” the fifth indicator, is evaluated using >1%, 0-1%, and <0% benchmarks, as indicated below.\n\n• Weak: Five-year average household growth is negative (less than 0 percent)\n• Mid-Range: Five-year average household growth is 0 percent to 1 percent\n• Strong: Five-year average household growth is greater than 1 percent\n \nEPA strongly encourages additional subsidy or grant consideration from governmental funding sources for entities that show a “medium” or “high” impact LQPI Score. \n\n\n"]
[]
[null,"Guidance Documentation"]
[null,"Component","Section","Page"]
[null,"Lowest Quintile Poverty Indicator Score","II.a.3","9 to 11"]
[null,"Instructions for Calculation of the Lowest Quintile Poverty Indicator Score","II.a.3; Exhibit 3",11]
[null,"Weighted Average Calculation Example for Multiple Jurisdictions","Appendix A","A-7 to A-8"]

{"sheet":"Instructions_Checklist_FAA","index":7,"n_rows":8,"n_cols":5,"rows_kept":8,"cut":false,"hidden":false,"merged":[[4,1,4,2],[5,1,5,2],[6,1,6,2],[7,1,7,2],[1,1,1,4],[2,1,2,4],[3,1,3,4]]}
[]
[null,"Instructions to Complete the Financial Alternatives Analysis Checklist"]
[null,"Description\nAnother step of Alternative 1 is to perform a Financial Alternatives Analysis. The goal of this step is to seek ways to minimize financial impacts while ensuring residents also enjoy the benefits of infrastructure investments and improved water quality.   \n\nA Financial Alternatives Analysis should document whether the community has considered feasible steps to reduce costs and address impacts to low-income households, including use of variable rate structures, customer assistance programs (CAPs), and applications for grants or subsidies from the CWSRF. This demonstration should provide the results of the “checklist” of financing and funding considerations in Appendix C of EPA's FCA Guidance and describe the specific programs being implemented.  \n\nInstructions\nThe Example Financial Alternatives Worksheet in the \"Checklist_FAA\" tab can be used to help document completion of a Financial Alternatives Analysis to support developing implementation schedules for CWA controls. The community should provide a list of the programs or steps considered, the actions that would be necessary to put such measures into place, and the plan for taking those actions. Where available tools are not included in the community’s plans, the requester should provide a written explanation of why those approaches are not being pursued."]
[null,"Guidance Documentation"]
[null,"Component",null,"Section","Page"]
[null,"Financial Alternatives Analysis",null,"II.a.4","12 to 14"]
[null,"Financial Alternatives Analysis Checklist",null,"Appendix C","C-1 to C-14"]
[null,"Financial Alternatives Analysis Example Worksheet",null,"Appendix C","C-15 to C-18"]

{"sheet":"Instructions_Results_FCA","index":8,"n_rows":10,"n_cols":4,"rows_kept":10,"cut":false,"hidden":false,"merged":[[1,1,1,3],[4,1,4,3],[2,1,3,3]]}
[]
[null,"Instructions to Evaluate the FCA Results"]
[null,"Description\nThe final step of Alternative 1 uses the Expanded FCA Matrix to incorporate the Residential Indicator, Financial Capability Indicators, and Lowest Quintile Poverty Indicator results to provide a framework for understanding the overall financial impact to the community’s service area. First, the RI and FCI results are combined in the Financial Capability Matrix (Exhibit 4 of FCA Guidance) to determine an FCA Score, then the FCA Score and LQPI results are combined in the Expanded FCA Matrix (Exhibit 5 of FCA Guidance). \n\nThe results of the Expanded FCA Matrix correspond to the recommended implementation schedules below (Exhibit 9 of FCA Guidance). Showing a “medium” or “high” impact in the Expanded FCA Matrix does not mean that capital investments in critical infrastructure projects should stop. Communities should continue to make capital investments to meet water quality standards even where the Expanded FCA Matrix results indicate a “medium” or “high” impact, though extensions of schedules as suggested by Exhibit 9’s recommended implementation schedule benchmarks may offer flexibility for communities. While EPA is committed to taking financial capability into consideration, it is also critically important that all communities—including low-income communities—are ensured the protections of the CWA and the benefits of safe, clean water. To achieve both goals, communities may sequence projects beyond a normal engineering/construction schedule where the community shows these impacts cannot be addressed through measures such as alternative rate structures, assistance programs, or other sources of funding. EPA’s Integrated Planning Framework might be instructive in these circumstances. An FCA should not be used to cap spending on Clean Water Act programs or projects at a percentage of MHI or LQI.\n\nBelow are the recommended implementation schedule benchmarks associated with Expanded FCA results.\n\n• Low Impact: Normal Engineering/Construction Schedule.\n• Medium Impact: Total schedule generally up to 10 years.\n• Medium Impact with Comprehensive Financial Alternatives Analysis: Total schedule generally up to 15 years.\n• High Impact: Total schedule generally up to 15 years (or 20 years based on further negotiation with EPA and state NPDES authorities).\n• High Impact with Comprehensive Financial Alternatives Analysis: Total schedule generally up to 20 years (or 25 years based on further negotiation with EPA and state NPDES authorities.\n\nThe results of the Expanded FCA Matrix, after accounting for the Financial Alternatives Analysis, correspond to the general implementation schedule benchmarks. Where a community has not completed a comprehensive Financial Alternatives Analysis, the recommendations for compliance schedules are shorter than for those communities that have developed a comprehensive Financial Alternatives Analysis. This is because, without the types of information developed in a Financial Alternatives Analysis, it will likely be more difficult for EPA to assess possible financial impacts and whether those impacts might outweigh the environmental impacts of extended noncompliance.\n\nInstructions\nEvaluate the combined results of the Financial Capability Matrix, the Expanded Financial Capability Assessment Matrix, and the Recommended Implementation Schedule Benchmarks for Alternative 1 by noting which matrix cell(s) are highlighted in the \"Results_FCA\" tab.\n"]
[]
[null,"Guidance Documentation"]
[null,"Component","Section","Page"]
[null,"Expanded Financial Capability Assessment Matrix","II.a.5; Exhibit 5","14-16"]
[null,"Financial Capability Matrix","II.a.5; Exhibit 4","15"]
[null,"Alternative 1 Schedule Development","II.e.2","31-33"]
[null,"Recommended Implementation Schedule Benchmarks for Alternative 1","II.e.2; Exhibit 9",32]

{"sheet":"Inputs_Demographic","index":9,"n_rows":46,"n_cols":12,"rows_kept":46,"cut":false,"hidden":false,"merged":[[33,5,33,11],[34,5,45,11],[5,1,5,11],[6,3,6,11],[7,3,7,11],[8,3,8,11],[9,3,9,11],[28,3,28,11],[29,3,29,11],[30,3,30,11],[27,1,27,11],[11,1,11,11],[32,1,32,11]]}
[]
[null,"Print Tool Instructions -->"]
[]
[null,null,"Cells in the \"Input\" column (\"Demographic Data Generator\" tab) that require manual entry."]
[]
[null,"Census Bureau Demographic Data Generator"]
[null,"Description","Input","Instructions"]
[null,"Two-Letter State Abbreviation",null,"Select the two-letter abbreviation for the state in which the permittee is located."]
[null,"Census Data Year",2021,"Enter the most recent 5-year American Community Survey (ACS) Census data year."]
[null,"Refresh Census Bureau 5-Year ACS data",null,"Click the button to the left after selecting the two-letter state code and Census data year. If a \"Privacy levels\" pop-up screen appears, press \"Ignore Privacy Levels checks for this file...\" button."]
[]
[null,"Census Bureau Data"]
[null,"Demographic Data\n\n(INPUT DATA FROM 5-YEAR ACS, CENSUS BUREAU)","GEO_ID","Weight","Number of Occupied Housing Units (B25002)","Median Household Income (B19013)","Upper Limit of Lowest Quintile Income (B19080) ","Percentage of Population with Income Below 200% of Federal Poverty Level (S1701) ","Percentage of Households Receiving Food Stamps/SNAP Benefits (S2201) ","Percentage of Vacant Housing Units (B25002)","Trend in Household Growth (B25002) ","Percentage of Unemployed Population 16 and Over in Civilian Labor Force (DP03)"]
[null,"Nation",1,"N/A","N/A",{"$f":"National_B_tables[B19013_001E]/1","v":69021},{"$f":"National_B_tables[B19080_001E]/1","v":28336},{"$f":"National_S_tables[S1701_C01_042E]/National_S_tables[S1701_C01_001E]","v":0.29214608903251477},{"$f":"National_S_tables[S2201_C03_001E]/National_S_tables[S2201_C01_001E]","v":0.11374178024477057},{"$f":"National_B_tables[B25002_003E]/National_B_tables[B25002_001E]","v":0.11196821815460151},"N/A",{"$f":"National_DP_tables[DP03_0005PE]/100","v":3.5000000000000003E-2}]
[null,"Service Area (Weighted)","N/A",{"$f":"SUM(D16:D25)","v":0},{"$f":"IF(SUMPRODUCT(--(B16:B25<>\"\"))=0,\"\",SUM(E16:E25))","v":""},{"$f":"IF(SUMPRODUCT(--(B16:B25<>\"\"))=0,\"\",SUMPRODUCT($D$16:$D$25,F16:F25))","v":""},{"$f":"IF(SUMPRODUCT(--(B16:B25<>\"\"))=0,\"\",SUMPRODUCT($D$16:$D$25,G16:G25))","v":""},{"$f":"IF(SUMPRODUCT(--(B16:B25<>\"\"))=0,\"\",SUMPRODUCT($D$16:$D$25,H16:H25))","v":""},{"$f":"IF(SUMPRODUCT(--(B16:B25<>\"\"))=0,\"\",SUMPRODUCT($D$16:$D$25,I16:I25))","v":""},{"$f":"IF(SUMPRODUCT(--(B16:B25<>\"\"))=0,\"\",SUMPRODUCT($D$16:$D$25,J16:J25))","v":""},{"$f":"IF(SUMPRODUCT(--(B16:B25<>\"\"))=0,\"\",SUMPRODUCT($D$16:$D$25,K16:K25))","v":""},{"$f":"IF(SUMPRODUCT(--(B16:B25<>\"\"))=0,\"\",SUMPRODUCT($D$16:$D$25,L16:L25))","v":""}]
[1,null,{"$f":"IFERROR(VLOOKUP($B16,'Place B tables'!A:I,9),\"\")","v":""},{"$f":"IFERROR(IF(ISBLANK(B16),\"\", E16/E$15),\"\")","v":""},{"$f":"IF($C16=\"\",\"\",IF(OR(VALUE(INDEX('Place B tables'!E:E,MATCH($C16,'Place B tables'!I:I,0)))=-666666666,VALUE(INDEX('Place B tables'!E:E,MATCH($C16,'Place B tables'!I:I,0)))=2499),\"N/A\",VALUE(INDEX('Place B tables'!E:E,MATCH($C16,'Place B tables'!I:I,0)))))","v":""},{"$f":"IF($C16=\"\",\"\",IF(OR(VALUE(INDEX('Place B tables'!G:G,MATCH($C16,'Place B tables'!I:I,0)))=-666666666,VALUE(INDEX('Place B tables'!G:G,MATCH($C16,'Place B tables'!I:I,0)))=2499),\"N/A\",VALUE(INDEX('Place B tables'!G:G,MATCH($C16,'Place B tables'!I:I,0)))))","v":""},{"$f":"IF($C16=\"\",\"\",IF(OR(VALUE(INDEX('Place B tables'!C:C,MATCH($C16,'Place B tables'!I:I,0)))=-666666666,VALUE(INDEX('Place B tables'!C:C,MATCH($C16,'Place B tables'!I:I,0)))=2499),\"N/A\",VALUE(INDEX('Place B tables'!C:C,MATCH($C16,'Place B tables'!I:I,0)))))","v":""},{"$f":"IF($C16=\"\",\"\",IF(OR(VALUE(INDEX('Place S tables'!B:B,MATCH($C16,'Place S tables'!G:G,0)))=-666666666,VALUE(INDEX('Place S tables'!C:C,MATCH($C16,'Place S tables'!G:G,0)))=-666666666,VALUE(INDEX('Place S tables'!B:B,MATCH($C16,'Place S tables'!G:G,0)))=2499,VALUE(INDEX('Place S tables'!C:C,MATCH($C16,'Place S tables'!G:G,0)))=2499),\"N/A\",VALUE(INDEX('Place S tables'!B:B,MATCH($C16,'Place S tables'!G:G,0)))/VALUE(INDEX('Place S tables'!C:C,MATCH($C16,'Place S tables'!G:G,0)))))","v":""},{"$f":"IF($C16=\"\",\"\",IF(OR(VALUE(INDEX('Place S tables'!D:D,MATCH($C16,'Place S tables'!G:G,0)))=-666666666,VALUE(INDEX('Place S tables'!E:E,MATCH($C16,'Place S tables'!G:G,0)))=-666666666,VALUE(INDEX('Place S tables'!D:D,MATCH($C16,'Place S tables'!G:G,0)))=2499,VALUE(INDEX('Place S tables'!E:E,MATCH($C16,'Place S tables'!G:G,0)))=2499),\"N/A\",VALUE(INDEX('Place S tables'!D:D,MATCH($C16,'Place S tables'!G:G,0)))/VALUE(INDEX('Place S tables'!E:E,MATCH($C16,'Place S tables'!G:G,0)))))","v":""},{"$f":"IF($C16=\"\",\"\",IF(OR(VALUE(INDEX('Place B tables'!$F$2:$F$3983,MATCH($C16,'Place B tables'!$I$2:$I$3983,0)))=-666666666,VALUE(INDEX('Place B tables'!$D$2:$D$3983,MATCH($C16,'Place B tables'!$I$2:$I$3983,0)))=-666666666,VALUE(INDEX('Place B tables'!$F$2:$F$3983,MATCH($C16,'Place B tables'!$I$2:$I$3983,0)))=2499,VALUE(INDEX('Place B tables'!$D$2:$D$3983,MATCH($C16,'Place B tables'!$I$2:$I$3983,0)))=2499),\"N/A\",VALUE(INDEX('Place B tables'!$F$2:$F$3983,MATCH($C16,'Place B tables'!$I$2:$I$3983,0)))/VALUE(INDEX('Place B tables'!$D$2:$D$3983,MATCH($C16,'Place B tables'!$I$2:$I$3983,0)))))","v":""},{"$f":"IFERROR(IF(B16=\"\",\"\",IF(OR(E16=\"N/A\",INDEX('Place B tables 5 years earlier'!B:B,MATCH(C16,'Place B tables 5 years earlier'!D:D,0))=-666666666,INDEX('Place B tables 5 years earlier'!B:B,MATCH(C16,'Place B tables 5 years earlier'!D:D,0))=2499),\"N/A\",(1+(E16-INDEX('Place B tables 5 years earlier'!B:B,MATCH(C16,'Place B tables 5 years earlier'!D:D,0)))/INDEX('Place B tables 5 years earlier'!B:B,MATCH(C16,'Place B tables 5 years earlier'!D:D,0)))^(1/5)-1)),\"N/A\")","v":""},{"$f":"IFERROR(IF($C16=\"\",\"\",IF(OR(VALUE(INDEX('Place DP tables'!D:D,MATCH($C16,'Place DP tables'!F:F,0)))=-666666666,VALUE(INDEX('Place DP tables'!D:D,MATCH($C16,'Place DP tables'!F:F,0)))=2499),\"N/A\",VALUE(INDEX('Place DP tables'!D:D,MATCH($C16,'Place DP tables'!F:F,0))))/100),\"\")","v":""}]
[2,null,{"$f":"IFERROR(VLOOKUP($B17,'Place B tables'!A:I,9),\"\")","v":""},{"$f":"IFERROR(IF(ISBLANK(B17),\"\", E17/E$15),\"\")","v":""},{"$f":"IF($C17=\"\",\"\",IF(OR(VALUE(INDEX('Place B tables'!E:E,MATCH($C17,'Place B tables'!I:I,0)))=-666666666,VALUE(INDEX('Place B tables'!E:E,MATCH($C17,'Place B tables'!I:I,0)))=2499),\"N/A\",VALUE(INDEX('Place B tables'!E:E,MATCH($C17,'Place B tables'!I:I,0)))))","v":""},{"$f":"IF($C17=\"\",\"\",IF(OR(VALUE(INDEX('Place B tables'!G:G,MATCH($C17,'Place B tables'!I:I,0)))=-666666666,VALUE(INDEX('Place B tables'!G:G,MATCH($C17,'Place B tables'!I:I,0)))=2499),\"N/A\",VALUE(INDEX('Place B tables'!G:G,MATCH($C17,'Place B tables'!I:I,0)))))","v":""},{"$f":"IF($C17=\"\",\"\",IF(OR(VALUE(INDEX('Place B tables'!C:C,MATCH($C17,'Place B tables'!I:I,0)))=-666666666,VALUE(INDEX('Place B tables'!C:C,MATCH($C17,'Place B tables'!I:I,0)))=2499),\"N/A\",VALUE(INDEX('Place B tables'!C:C,MATCH($C17,'Place B tables'!I:I,0)))))","v":""},{"$f":"IF($C17=\"\",\"\",IF(OR(VALUE(INDEX('Place S tables'!B:B,MATCH($C17,'Place S tables'!G:G,0)))=-666666666,VALUE(INDEX('Place S tables'!C:C,MATCH($C17,'Place S tables'!G:G,0)))=-666666666,VALUE(INDEX('Place S tables'!B:B,MATCH($C17,'Place S tables'!G:G,0)))=2499,VALUE(INDEX('Place S tables'!C:C,MATCH($C17,'Place S tables'!G:G,0)))=2499),\"N/A\",VALUE(INDEX('Place S tables'!B:B,MATCH($C17,'Place S tables'!G:G,0)))/VALUE(INDEX('Place S tables'!C:C,MATCH($C17,'Place S tables'!G:G,0)))))","v":""},{"$f":"IF($C17=\"\",\"\",IF(OR(VALUE(INDEX('Place S tables'!D:D,MATCH($C17,'Place S tables'!G:G,0)))=-666666666,VALUE(INDEX('Place S tables'!E:E,MATCH($C17,'Place S tables'!G:G,0)))=-666666666,VALUE(INDEX('Place S tables'!D:D,MATCH($C17,'Place S tables'!G:G,0)))=2499,VALUE(INDEX('Place S tables'!E:E,MATCH($C17,'Place S tables'!G:G,0)))=2499),\"N/A\",VALUE(INDEX('Place S tables'!D:D,MATCH($C17,'Place S tables'!G:G,0)))/VALUE(INDEX('Place S tables'!E:E,MATCH($C17,'Place S tables'!G:G,0)))))","v":""},{"$f":"IF($C17=\"\",\"\",IF(OR(VALUE(INDEX('Place B tables'!$F$2:$F$3983,MATCH($C17,'Place B tables'!$I$2:$I$3983,0)))=-666666666,VALUE(INDEX('Place B tables'!$D$2:$D$3983,MATCH($C17,'Place B tables'!$I$2:$I$3983,0)))=-666666666,VALUE(INDEX('Place B tables'!$F$2:$F$3983,MATCH($C17,'Place B tables'!$I$2:$I$3983,0)))=2499,VALUE(INDEX('Place B tables'!$D$2:$D$3983,MATCH($C17,'Place B tables'!$I$2:$I$3983,0)))=2499),\"N/A\",VALUE(INDEX('Place B tables'!$F$2:$F$3983,MATCH($C17,'Place B tables'!$I$2:$I$3983,0)))/VALUE(INDEX('Place B tables'!$D$2:$D$3983,MATCH($C17,'Place B tables'!$I$2:$I$3983,0)))))","v":""},{"$f":"IFERROR(IF(B17=\"\",\"\",IF(OR(E17=\"N/A\",INDEX('Place B tables 5 years earlier'!B:B,MATCH(C17,'Place B tables 5 years earlier'!D:D,0))=-666666666,INDEX('Place B tables 5 years earlier'!B:B,MATCH(C17,'Place B tables 5 years earlier'!D:D,0))=2499),\"N/A\",(1+(E17-INDEX('Place B tables 5 years earlier'!B:B,MATCH(C17,'Place B tables 5 years earlier'!D:D,0)))/INDEX('Place B tables 5 years earlier'!B:B,MATCH(C17,'Place B tables 5 years earlier'!D:D,0)))^(1/5)-1)),\"N/A\")","v":""},{"$f":"IFERROR(IF($C17=\"\",\"\",IF(OR(VALUE(INDEX('Place DP tables'!D:D,MATCH($C17,'Place DP tables'!F:F,0)))=-666666666,VALUE(INDEX('Place DP tables'!D:D,MATCH($C17,'Place DP tables'!F:F,0)))=2499),\"N/A\",VALUE(INDEX('Place DP tables'!D:D,MATCH($C17,'Place DP tables'!F:F,0))))/100),\"\")","v":""}]
[3,null,{"$f":"IFERROR(VLOOKUP($B18,'Place B tables'!A:I,9),\"\")","v":""},"",{"$f":"IF($C18=\"\",\"\",IF(OR(VALUE(INDEX('Place B tables'!E:E,MATCH($C18,'Place B tables'!I:I,0)))=-666666666,VALUE(INDEX('Place B tables'!E:E,MATCH($C18,'Place B tables'!I:I,0)))=2499),\"N/A\",VALUE(INDEX('Place B tables'!E:E,MATCH($C18,'Place B tables'!I:I,0)))))","v":""},{"$f":"IF($C18=\"\",\"\",IF(OR(VALUE(INDEX('Place B tables'!G:G,MATCH($C18,'Place B tables'!I:I,0)))=-666666666,VALUE(INDEX('Place B tables'!G:G,MATCH($C18,'Place B tables'!I:I,0)))=2499),\"N/A\",VALUE(INDEX('Place B tables'!G:G,MATCH($C18,'Place B tables'!I:I,0)))))","v":""},{"$f":"IF($C18=\"\",\"\",IF(OR(VALUE(INDEX('Place B tables'!C:C,MATCH($C18,'Place B tables'!I:I,0)))=-666666666,VALUE(INDEX('Place B tables'!C:C,MATCH($C18,'Place B tables'!I:I,0)))=2499),\"N/A\",VALUE(INDEX('Place B tables'!C:C,MATCH($C18,'Place B tables'!I:I,0)))))","v":""},{"$f":"IF($C18=\"\",\"\",IF(OR(VALUE(INDEX('Place S tables'!B:B,MATCH($C18,'Place S tables'!G:G,0)))=-666666666,VALUE(INDEX('Place S tables'!C:C,MATCH($C18,'Place S tables'!G:G,0)))=-666666666,VALUE(INDEX('Place S tables'!B:B,MATCH($C18,'Place S tables'!G:G,0)))=2499,VALUE(INDEX('Place S tables'!C:C,MATCH($C18,'Place S tables'!G:G,0)))=2499),\"N/A\",VALUE(INDEX('Place S tables'!B:B,MATCH($C18,'Place S tables'!G:G,0)))/VALUE(INDEX('Place S tables'!C:C,MATCH($C18,'Place S tables'!G:G,0)))))","v":""},{"$f":"IF($C18=\"\",\"\",IF(OR(VALUE(INDEX('Place S tables'!D:D,MATCH($C18,'Place S tables'!G:G,0)))=-666666666,VALUE(INDEX('Place S tables'!E:E,MATCH($C18,'Place S tables'!G:G,0)))=-666666666,VALUE(INDEX('Place S tables'!D:D,MATCH($C18,'Place S tables'!G:G,0)))=2499,VALUE(INDEX('Place S tables'!E:E,MATCH($C18,'Place S tables'!G:G,0)))=2499),\"N/A\",VALUE(INDEX('Place S tables'!D:D,MATCH($C18,'Place S tables'!G:G,0)))/VALUE(INDEX('Place S tables'!E:E,MATCH($C18,'Place S tables'!G:G,0)))))","v":""},{"$f":"IF($C18=\"\",\"\",IF(OR(VALUE(INDEX('Place B tables'!$F$2:$F$3983,MATCH($C18,'Place B tables'!$I$2:$I$3983,0)))=-666666666,VALUE(INDEX('Place B tables'!$D$2:$D$3983,MATCH($C18,'Place B tables'!$I$2:$I$3983,0)))=-666666666,VALUE(INDEX('Place B tables'!$F$2:$F$3983,MATCH($C18,'Place B tables'!$I$2:$I$3983,0)))=2499,VALUE(INDEX('Place B tables'!$D$2:$D$3983,MATCH($C18,'Place B tables'!$I$2:$I$3983,0)))=2499),\"N/A\",VALUE(INDEX('Place B tables'!$F$2:$F$3983,MATCH($C18,'Place B tables'!$I$2:$I$3983,0)))/VALUE(INDEX('Place B tables'!$D$2:$D$3983,MATCH($C18,'Place B tables'!$I$2:$I$3983,0)))))","v":""},{"$f":"IFERROR(IF(B18=\"\",\"\",IF(OR(E18=\"N/A\",INDEX('Place B tables 5 years earlier'!B:B,MATCH(C18,'Place B tables 5 years earlier'!D:D,0))=-666666666,INDEX('Place B tables 5 years earlier'!B:B,MATCH(C18,'Place B tables 5 years earlier'!D:D,0))=2499),\"N/A\",(1+(E18-INDEX('Place B tables 5 years earlier'!B:B,MATCH(C18,'Place B tables 5 years earlier'!D:D,0)))/INDEX('Place B tables 5 years earlier'!B:B,MATCH(C18,'Place B tables 5 years earlier'!D:D,0)))^(1/5)-1)),\"N/A\")","v":""},{"$f":"IFERROR(IF($C18=\"\",\"\",IF(OR(VALUE(INDEX('Place DP tables'!D:D,MATCH($C18,'Place DP tables'!F:F,0)))=-666666666,VALUE(INDEX('Place DP tables'!D:D,MATCH($C18,'Place DP tables'!F:F,0)))=2499),\"N/A\",VALUE(INDEX('Place DP tables'!D:D,MATCH($C18,'Place DP tables'!F:F,0))))/100),\"\")","v":""}]
[4,null,{"$f":"IFERROR(VLOOKUP($B19,'Place B tables'!A:I,9),\"\")","v":""},"",{"$f":"IF($C19=\"\",\"\",IF(OR(VALUE(INDEX('Place B tables'!E:E,MATCH($C19,'Place B tables'!I:I,0)))=-666666666,VALUE(INDEX('Place B tables'!E:E,MATCH($C19,'Place B tables'!I:I,0)))=2499),\"N/A\",VALUE(INDEX('Place B tables'!E:E,MATCH($C19,'Place B tables'!I:I,0)))))","v":""},{"$f":"IF($C19=\"\",\"\",IF(OR(VALUE(INDEX('Place B tables'!G:G,MATCH($C19,'Place B tables'!I:I,0)))=-666666666,VALUE(INDEX('Place B tables'!G:G,MATCH($C19,'Place B tables'!I:I,0)))=2499),\"N/A\",VALUE(INDEX('Place B tables'!G:G,MATCH($C19,'Place B tables'!I:I,0)))))","v":""},{"$f":"IF($C19=\"\",\"\",IF(OR(VALUE(INDEX('Place B tables'!C:C,MATCH($C19,'Place B tables'!I:I,0)))=-666666666,VALUE(INDEX('Place B tables'!C:C,MATCH($C19,'Place B tables'!I:I,0)))=2499),\"N/A\",VALUE(INDEX('Place B tables'!C:C,MATCH($C19,'Place B tables'!I:I,0)))))","v":""},{"$f":"IF($C19=\"\",\"\",IF(OR(VALUE(INDEX('Place S tables'!B:B,MATCH($C19,'Place S tables'!G:G,0)))=-666666666,VALUE(INDEX('Place S tables'!C:C,MATCH($C19,'Place S tables'!G:G,0)))=-666666666,VALUE(INDEX('Place S tables'!B:B,MATCH($C19,'Place S tables'!G:G,0)))=2499,VALUE(INDEX('Place S tables'!C:C,MATCH($C19,'Place S tables'!G:G,0)))=2499),\"N/A\",VALUE(INDEX('Place S tables'!B:B,MATCH($C19,'Place S tables'!G:G,0)))/VALUE(INDEX('Place S tables'!C:C,MATCH($C19,'Place S tables'!G:G,0)))))","v":""},{"$f":"IF($C19=\"\",\"\",IF(OR(VALUE(INDEX('Place S tables'!D:D,MATCH($C19,'Place S tables'!G:G,0)))=-666666666,VALUE(INDEX('Place S tables'!E:E,MATCH($C19,'Place S tables'!G:G,0)))=-666666666,VALUE(INDEX('Place S tables'!D:D,MATCH($C19,'Place S tables'!G:G,0)))=2499,VALUE(INDEX('Place S tables'!E:E,MATCH($C19,'Place S tables'!G:G,0)))=2499),\"N/A\",VALUE(INDEX('Place S tables'!D:D,MATCH($C19,'Place S tables'!G:G,0)))/VALUE(INDEX('Place S tables'!E:E,MATCH($C19,'Place S tables'!G:G,0)))))","v":""},{"$f":"IF($C19=\"\",\"\",IF(OR(VALUE(INDEX('Place B tables'!$F$2:$F$3983,MATCH($C19,'Place B tables'!$I$2:$I$3983,0)))=-666666666,VALUE(INDEX('Place B tables'!$D$2:$D$3983,MATCH($C19,'Place B tables'!$I$2:$I$3983,0)))=-666666666,VALUE(INDEX('Place B tables'!$F$2:$F$3983,MATCH($C19,'Place B tables'!$I$2:$I$3983,0)))=2499,VALUE(INDEX('Place B tables'!$D$2:$D$3983,MATCH($C19,'Place B tables'!$I$2:$I$3983,0)))=2499),\"N/A\",VALUE(INDEX('Place B tables'!$F$2:$F$3983,MATCH($C19,'Place B tables'!$I$2:$I$3983,0)))/VALUE(INDEX('Place B tables'!$D$2:$D$3983,MATCH($C19,'Place B tables'!$I$2:$I$3983,0)))))","v":""},{"$f":"IFERROR(IF(B19=\"\",\"\",IF(OR(E19=\"N/A\",INDEX('Place B tables 5 years earlier'!B:B,MATCH(C19,'Place B tables 5 years earlier'!D:D,0))=-666666666,INDEX('Place B tables 5 years earlier'!B:B,MATCH(C19,'Place B tables 5 years earlier'!D:D,0))=2499),\"N/A\",(1+(E19-INDEX('Place B tables 5 years earlier'!B:B,MATCH(C19,'Place B tables 5 years earlier'!D:D,0)))/INDEX('Place B tables 5 years earlier'!B:B,MATCH(C19,'Place B tables 5 years earlier'!D:D,0)))^(1/5)-1)),\"N/A\")","v":""},{"$f":"IFERROR(IF($C19=\"\",\"\",IF(OR(VALUE(INDEX('Place DP tables'!D:D,MATCH($C19,'Place DP tables'!F:F,0)))=-666666666,VALUE(INDEX('Place DP tables'!D:D,MATCH($C19,'Place DP tables'!F:F,0)))=2499),\"N/A\",VALUE(INDEX('Place DP tables'!D:D,MATCH($C19,'Place DP tables'!F:F,0))))/100),\"\")","v":""}]
[5,"",{"$f":"IFERROR(VLOOKUP($B20,'Place B tables'!A:I,9),\"\")","v":""},"",{"$f":"IF($C20=\"\",\"\",IF(OR(VALUE(INDEX('Place B tables'!E:E,MATCH($C20,'Place B tables'!I:I,0)))=-666666666,VALUE(INDEX('Place B tables'!E:E,MATCH($C20,'Place B tables'!I:I,0)))=2499),\"N/A\",VALUE(INDEX('Place B tables'!E:E,MATCH($C20,'Place B tables'!I:I,0)))))","v":""},{"$f":"IF($C20=\"\",\"\",IF(OR(VALUE(INDEX('Place B tables'!G:G,MATCH($C20,'Place B tables'!I:I,0)))=-666666666,VALUE(INDEX('Place B tables'!G:G,MATCH($C20,'Place B tables'!I:I,0)))=2499),\"N/A\",VALUE(INDEX('Place B tables'!G:G,MATCH($C20,'Place B tables'!I:I,0)))))","v":""},{"$f":"IF($C20=\"\",\"\",IF(OR(VALUE(INDEX('Place B tables'!C:C,MATCH($C20,'Place B tables'!I:I,0)))=-666666666,VALUE(INDEX('Place B tables'!C:C,MATCH($C20,'Place B tables'!I:I,0)))=2499),\"N/A\",VALUE(INDEX('Place B tables'!C:C,MATCH($C20,'Place B tables'!I:I,0)))))","v":""},{"$f":"IF($C20=\"\",\"\",IF(OR(VALUE(INDEX('Place S tables'!B:B,MATCH($C20,'Place S tables'!G:G,0)))=-666666666,VALUE(INDEX('Place S tables'!C:C,MATCH($C20,'Place S tables'!G:G,0)))=-666666666,VALUE(INDEX('Place S tables'!B:B,MATCH($C20,'Place S tables'!G:G,0)))=2499,VALUE(INDEX('Place S tables'!C:C,MATCH($C20,'Place S tables'!G:G,0)))=2499),\"N/A\",VALUE(INDEX('Place S tables'!B:B,MATCH($C20,'Place S tables'!G:G,0)))/VALUE(INDEX('Place S tables'!C:C,MATCH($C20,'Place S tables'!G:G,0)))))","v":""},{"$f":"IF($C20=\"\",\"\",IF(OR(VALUE(INDEX('Place S tables'!D:D,MATCH($C20,'Place S tables'!G:G,0)))=-666666666,VALUE(INDEX('Place S tables'!E:E,MATCH($C20,'Place S tables'!G:G,0)))=-666666666,VALUE(INDEX('Place S tables'!D:D,MATCH($C20,'Place S tables'!G:G,0)))=2499,VALUE(INDEX('Place S tables'!E:E,MATCH($C20,'Place S tables'!G:G,0)))=2499),\"N/A\",VALUE(INDEX('Place S tables'!D:D,MATCH($C20,'Place S tables'!G:G,0)))/VALUE(INDEX('Place S tables'!E:E,MATCH($C20,'Place S tables'!G:G,0)))))","v":""},{"$f":"IF($C20=\"\",\"\",IF(OR(VALUE(INDEX('Place B tables'!$F$2:$F$3983,MATCH($C20,'Place B tables'!$I$2:$I$3983,0)))=-666666666,VALUE(INDEX('Place B tables'!$D$2:$D$3983,MATCH($C20,'Place B tables'!$I$2:$I$3983,0)))=-666666666,VALUE(INDEX('Place B tables'!$F$2:$F$3983,MATCH($C20,'Place B tables'!$I$2:$I$3983,0)))=2499,VALUE(INDEX('Place B tables'!$D$2:$D$3983,MATCH($C20,'Place B tables'!$I$2:$I$3983,0)))=2499),\"N/A\",VALUE(INDEX('Place B tables'!$F$2:$F$3983,MATCH($C20,'Place B tables'!$I$2:$I$3983,0)))/VALUE(INDEX('Place B tables'!$D$2:$D$3983,MATCH($C20,'Place B tables'!$I$2:$I$3983,0)))))","v":""},{"$f":"IFERROR(IF(B20=\"\",\"\",IF(OR(E20=\"N/A\",INDEX('Place B tables 5 years earlier'!B:B,MATCH(C20,'Place B tables 5 years earlier'!D:D,0))=-666666666,INDEX('Place B tables 5 years earlier'!B:B,MATCH(C20,'Place B tables 5 years earlier'!D:D,0))=2499),\"N/A\",(1+(E20-INDEX('Place B tables 5 years earlier'!B:B,MATCH(C20,'Place B tables 5 years earlier'!D:D,0)))/INDEX('Place B tables 5 years earlier'!B:B,MATCH(C20,'Place B tables 5 years earlier'!D:D,0)))^(1/5)-1)),\"N/A\")","v":""},{"$f":"IFERROR(IF($C20=\"\",\"\",IF(OR(VALUE(INDEX('Place DP tables'!D:D,MATCH($C20,'Place DP tables'!F:F,0)))=-666666666,VALUE(INDEX('Place DP tables'!D:D,MATCH($C20,'Place DP tables'!F:F,0)))=2499),\"N/A\",VALUE(INDEX('Place DP tables'!D:D,MATCH($C20,'Place DP tables'!F:F,0))))/100),\"\")","v":""}]
[6,"",{"$f":"IFERROR(VLOOKUP($B21,'Place B tables'!A:I,9),\"\")","v":""},"",{"$f":"IF($C21=\"\",\"\",IF(OR(VALUE(INDEX('Place B tables'!E:E,MATCH($C21,'Place B tables'!I:I,0)))=-666666666,VALUE(INDEX('Place B tables'!E:E,MATCH($C21,'Place B tables'!I:I,0)))=2499),\"N/A\",VALUE(INDEX('Place B tables'!E:E,MATCH($C21,'Place B tables'!I:I,0)))))","v":""},{"$f":"IF($C21=\"\",\"\",IF(OR(VALUE(INDEX('Place B tables'!G:G,MATCH($C21,'Place B tables'!I:I,0)))=-666666666,VALUE(INDEX('Place B tables'!G:G,MATCH($C21,'Place B tables'!I:I,0)))=2499),\"N/A\",VALUE(INDEX('Place B tables'!G:G,MATCH($C21,'Place B tables'!I:I,0)))))","v":""},{"$f":"IF($C21=\"\",\"\",IF(OR(VALUE(INDEX('Place B tables'!C:C,MATCH($C21,'Place B tables'!I:I,0)))=-666666666,VALUE(INDEX('Place B tables'!C:C,MATCH($C21,'Place B tables'!I:I,0)))=2499),\"N/A\",VALUE(INDEX('Place B tables'!C:C,MATCH($C21,'Place B tables'!I:I,0)))))","v":""},{"$f":"IF($C21=\"\",\"\",IF(OR(VALUE(INDEX('Place S tables'!B:B,MATCH($C21,'Place S tables'!G:G,0)))=-666666666,VALUE(INDEX('Place S tables'!C:C,MATCH($C21,'Place S tables'!G:G,0)))=-666666666,VALUE(INDEX('Place S tables'!B:B,MATCH($C21,'Place S tables'!G:G,0)))=2499,VALUE(INDEX('Place S tables'!C:C,MATCH($C21,'Place S tables'!G:G,0)))=2499),\"N/A\",VALUE(INDEX('Place S tables'!B:B,MATCH($C21,'Place S tables'!G:G,0)))/VALUE(INDEX('Place S tables'!C:C,MATCH($C21,'Place S tables'!G:G,0)))))","v":""},{"$f":"IF($C21=\"\",\"\",IF(OR(VALUE(INDEX('Place S tables'!D:D,MATCH($C21,'Place S tables'!G:G,0)))=-666666666,VALUE(INDEX('Place S tables'!E:E,MATCH($C21,'Place S tables'!G:G,0)))=-666666666,VALUE(INDEX('Place S tables'!D:D,MATCH($C21,'Place S tables'!G:G,0)))=2499,VALUE(INDEX('Place S tables'!E:E,MATCH($C21,'Place S tables'!G:G,0)))=2499),\"N/A\",VALUE(INDEX('Place S tables'!D:D,MATCH($C21,'Place S tables'!G:G,0)))/VALUE(INDEX('Place S tables'!E:E,MATCH($C21,'Place S tables'!G:G,0)))))","v":""},{"$f":"IF($C21=\"\",\"\",IF(OR(VALUE(INDEX('Place B tables'!$F$2:$F$3983,MATCH($C21,'Place B tables'!$I$2:$I$3983,0)))=-666666666,VALUE(INDEX('Place B tables'!$D$2:$D$3983,MATCH($C21,'Place B tables'!$I$2:$I$3983,0)))=-666666666,VALUE(INDEX('Place B tables'!$F$2:$F$3983,MATCH($C21,'Place B tables'!$I$2:$I$3983,0)))=2499,VALUE(INDEX('Place B tables'!$D$2:$D$3983,MATCH($C21,'Place B tables'!$I$2:$I$3983,0)))=2499),\"N/A\",VALUE(INDEX('Place B tables'!$F$2:$F$3983,MATCH($C21,'Place B tables'!$I$2:$I$3983,0)))/VALUE(INDEX('Place B tables'!$D$2:$D$3983,MATCH($C21,'Place B tables'!$I$2:$I$3983,0)))))","v":""},{"$f":"IFERROR(IF(B21=\"\",\"\",IF(OR(E21=\"N/A\",INDEX('Place B tables 5 years earlier'!B:B,MATCH(C21,'Place B tables 5 years earlier'!D:D,0))=-666666666,INDEX('Place B tables 5 years earlier'!B:B,MATCH(C21,'Place B tables 5 years earlier'!D:D,0))=2499),\"N/A\",(1+(E21-INDEX('Place B tables 5 years earlier'!B:B,MATCH(C21,'Place B tables 5 years earlier'!D:D,0)))/INDEX('Place B tables 5 years earlier'!B:B,MATCH(C21,'Place B tables 5 years earlier'!D:D,0)))^(1/5)-1)),\"N/A\")","v":""},{"$f":"IFERROR(IF($C21=\"\",\"\",IF(OR(VALUE(INDEX('Place DP tables'!D:D,MATCH($C21,'Place DP tables'!F:F,0)))=-666666666,VALUE(INDEX('Place DP tables'!D:D,MATCH($C21,'Place DP tables'!F:F,0)))=2499),\"N/A\",VALUE(INDEX('Place DP tables'!D:D,MATCH($C21,'Place DP tables'!F:F,0))))/100),\"\")","v":""}]
[7,"",{"$f":"IFERROR(VLOOKUP($B22,'Place B tables'!A:I,9),\"\")","v":""},"",{"$f":"IF($C22=\"\",\"\",IF(OR(VALUE(INDEX('Place B tables'!E:E,MATCH($C22,'Place B tables'!I:I,0)))=-666666666,VALUE(INDEX('Place B tables'!E:E,MATCH($C22,'Place B tables'!I:I,0)))=2499),\"N/A\",VALUE(INDEX('Place B tables'!E:E,MATCH($C22,'Place B tables'!I:I,0)))))","v":""},{"$f":"IF($C22=\"\",\"\",IF(OR(VALUE(INDEX('Place B tables'!G:G,MATCH($C22,'Place B tables'!I:I,0)))=-666666666,VALUE(INDEX('Place B tables'!G:G,MATCH($C22,'Place B tables'!I:I,0)))=2499),\"N/A\",VALUE(INDEX('Place B tables'!G:G,MATCH($C22,'Place B tables'!I:I,0)))))","v":""},{"$f":"IF($C22=\"\",\"\",IF(OR(VALUE(INDEX('Place B tables'!C:C,MATCH($C22,'Place B tables'!I:I,0)))=-666666666,VALUE(INDEX('Place B tables'!C:C,MATCH($C22,'Place B tables'!I:I,0)))=2499),\"N/A\",VALUE(INDEX('Place B tables'!C:C,MATCH($C22,'Place B tables'!I:I,0)))))","v":""},{"$f":"IF($C22=\"\",\"\",IF(OR(VALUE(INDEX('Place S tables'!B:B,MATCH($C22,'Place S tables'!G:G,0)))=-666666666,VALUE(INDEX('Place S tables'!C:C,MATCH($C22,'Place S tables'!G:G,0)))=-666666666,VALUE(INDEX('Place S tables'!B:B,MATCH($C22,'Place S tables'!G:G,0)))=2499,VALUE(INDEX('Place S tables'!C:C,MATCH($C22,'Place S tables'!G:G,0)))=2499),\"N/A\",VALUE(INDEX('Place S tables'!B:B,MATCH($C22,'Place S tables'!G:G,0)))/VALUE(INDEX('Place S tables'!C:C,MATCH($C22,'Place S tables'!G:G,0)))))","v":""},{"$f":"IF($C22=\"\",\"\",IF(OR(VALUE(INDEX('Place S tables'!D:D,MATCH($C22,'Place S tables'!G:G,0)))=-666666666,VALUE(INDEX('Place S tables'!E:E,MATCH($C22,'Place S tables'!G:G,0)))=-666666666,VALUE(INDEX('Place S tables'!D:D,MATCH($C22,'Place S tables'!G:G,0)))=2499,VALUE(INDEX('Place S tables'!E:E,MATCH($C22,'Place S tables'!G:G,0)))=2499),\"N/A\",VALUE(INDEX('Place S tables'!D:D,MATCH($C22,'Place S tables'!G:G,0)))/VALUE(INDEX('Place S tables'!E:E,MATCH($C22,'Place S tables'!G:G,0)))))","v":""},{"$f":"IF($C22=\"\",\"\",IF(OR(VALUE(INDEX('Place B tables'!$F$2:$F$3983,MATCH($C22,'Place B tables'!$I$2:$I$3983,0)))=-666666666,VALUE(INDEX('Place B tables'!$D$2:$D$3983,MATCH($C22,'Place B tables'!$I$2:$I$3983,0)))=-666666666,VALUE(INDEX('Place B tables'!$F$2:$F$3983,MATCH($C22,'Place B tables'!$I$2:$I$3983,0)))=2499,VALUE(INDEX('Place B tables'!$D$2:$D$3983,MATCH($C22,'Place B tables'!$I$2:$I$3983,0)))=2499),\"N/A\",VALUE(INDEX('Place B tables'!$F$2:$F$3983,MATCH($C22,'Place B tables'!$I$2:$I$3983,0)))/VALUE(INDEX('Place B tables'!$D$2:$D$3983,MATCH($C22,'Place B tables'!$I$2:$I$3983,0)))))","v":""},{"$f":"IFERROR(IF(B22=\"\",\"\",IF(OR(E22=\"N/A\",INDEX('Place B tables 5 years earlier'!B:B,MATCH(C22,'Place B tables 5 years earlier'!D:D,0))=-666666666,INDEX('Place B tables 5 years earlier'!B:B,MATCH(C22,'Place B tables 5 years earlier'!D:D,0))=2499),\"N/A\",(1+(E22-INDEX('Place B tables 5 years earlier'!B:B,MATCH(C22,'Place B tables 5 years earlier'!D:D,0)))/INDEX('Place B tables 5 years earlier'!B:B,MATCH(C22,'Place B tables 5 years earlier'!D:D,0)))^(1/5)-1)),\"N/A\")","v":""},{"$f":"IFERROR(IF($C22=\"\",\"\",IF(OR(VALUE(INDEX('Place DP tables'!D:D,MATCH($C22,'Place DP tables'!F:F,0)))=-666666666,VALUE(INDEX('Place DP tables'!D:D,MATCH($C22,'Place DP tables'!F:F,0)))=2499),\"N/A\",VALUE(INDEX('Place DP tables'!D:D,MATCH($C22,'Place DP tables'!F:F,0))))/100),\"\")","v":""}]
[8,"",{"$f":"IFERROR(VLOOKUP($B23,'Place B tables'!A:I,9),\"\")","v":""},"",{"$f":"IF($C23=\"\",\"\",IF(OR(VALUE(INDEX('Place B tables'!E:E,MATCH($C23,'Place B tables'!I:I,0)))=-666666666,VALUE(INDEX('Place B tables'!E:E,MATCH($C23,'Place B tables'!I:I,0)))=2499),\"N/A\",VALUE(INDEX('Place B tables'!E:E,MATCH($C23,'Place B tables'!I:I,0)))))","v":""},{"$f":"IF($C23=\"\",\"\",IF(OR(VALUE(INDEX('Place B tables'!G:G,MATCH($C23,'Place B tables'!I:I,0)))=-666666666,VALUE(INDEX('Place B tables'!G:G,MATCH($C23,'Place B tables'!I:I,0)))=2499),\"N/A\",VALUE(INDEX('Place B tables'!G:G,MATCH($C23,'Place B tables'!I:I,0)))))","v":""},{"$f":"IF($C23=\"\",\"\",IF(OR(VALUE(INDEX('Place B tables'!C:C,MATCH($C23,'Place B tables'!I:I,0)))=-666666666,VALUE(INDEX('Place B tables'!C:C,MATCH($C23,'Place B tables'!I:I,0)))=2499),\"N/A\",VALUE(INDEX('Place B tables'!C:C,MATCH($C23,'Place B tables'!I:I,0)))))","v":""},{"$f":"IF($C23=\"\",\"\",IF(OR(VALUE(INDEX('Place S tables'!B:B,MATCH($C23,'Place S tables'!G:G,0)))=-666666666,VALUE(INDEX('Place S tables'!C:C,MATCH($C23,'Place S tables'!G:G,0)))=-666666666,VALUE(INDEX('Place S tables'!B:B,MATCH($C23,'Place S tables'!G:G,0)))=2499,VALUE(INDEX('Place S tables'!C:C,MATCH($C23,'Place S tables'!G:G,0)))=2499),\"N/A\",VALUE(INDEX('Place S tables'!B:B,MATCH($C23,'Place S tables'!G:G,0)))/VALUE(INDEX('Place S tables'!C:C,MATCH($C23,'Place S tables'!G:G,0)))))","v":""},{"$f":"IF($C23=\"\",\"\",IF(OR(VALUE(INDEX('Place S tables'!D:D,MATCH($C23,'Place S tables'!G:G,0)))=-666666666,VALUE(INDEX('Place S tables'!E:E,MATCH($C23,'Place S tables'!G:G,0)))=-666666666,VALUE(INDEX('Place S tables'!D:D,MATCH($C23,'Place S tables'!G:G,0)))=2499,VALUE(INDEX('Place S tables'!E:E,MATCH($C23,'Place S tables'!G:G,0)))=2499),\"N/A\",VALUE(INDEX('Place S tables'!D:D,MATCH($C23,'Place S tables'!G:G,0)))/VALUE(INDEX('Place S tables'!E:E,MATCH($C23,'Place S tables'!G:G,0)))))","v":""},{"$f":"IF($C23=\"\",\"\",IF(OR(VALUE(INDEX('Place B tables'!$F$2:$F$3983,MATCH($C23,'Place B tables'!$I$2:$I$3983,0)))=-666666666,VALUE(INDEX('Place B tables'!$D$2:$D$3983,MATCH($C23,'Place B tables'!$I$2:$I$3983,0)))=-666666666,VALUE(INDEX('Place B tables'!$F$2:$F$3983,MATCH($C23,'Place B tables'!$I$2:$I$3983,0)))=2499,VALUE(INDEX('Place B tables'!$D$2:$D$3983,MATCH($C23,'Place B tables'!$I$2:$I$3983,0)))=2499),\"N/A\",VALUE(INDEX('Place B tables'!$F$2:$F$3983,MATCH($C23,'Place B tables'!$I$2:$I$3983,0)))/VALUE(INDEX('Place B tables'!$D$2:$D$3983,MATCH($C23,'Place B tables'!$I$2:$I$3983,0)))))","v":""},{"$f":"IFERROR(IF(B23=\"\",\"\",IF(OR(E23=\"N/A\",INDEX('Place B tables 5 years earlier'!B:B,MATCH(C23,'Place B tables 5 years earlier'!D:D,0))=-666666666,INDEX('Place B tables 5 years earlier'!B:B,MATCH(C23,'Place B tables 5 years earlier'!D:D,0))=2499),\"N/A\",(1+(E23-INDEX('Place B tables 5 years earlier'!B:B,MATCH(C23,'Place B tables 5 years earlier'!D:D,0)))/INDEX('Place B tables 5 years earlier'!B:B,MATCH(C23,'Place B tables 5 years earlier'!D:D,0)))^(1/5)-1)),\"N/A\")","v":""},{"$f":"IFERROR(IF($C23=\"\",\"\",IF(OR(VALUE(INDEX('Place DP tables'!D:D,MATCH($C23,'Place DP tables'!F:F,0)))=-666666666,VALUE(INDEX('Place DP tables'!D:D,MATCH($C23,'Place DP tables'!F:F,0)))=2499),\"N/A\",VALUE(INDEX('Place DP tables'!D:D,MATCH($C23,'Place DP tables'!F:F,0))))/100),\"\")","v":""}]
[9,"",{"$f":"IFERROR(VLOOKUP($B24,'Place B tables'!A:I,9),\"\")","v":""},"",{"$f":"IF($C24=\"\",\"\",IF(OR(VALUE(INDEX('Place B tables'!E:E,MATCH($C24,'Place B tables'!I:I,0)))=-666666666,VALUE(INDEX('Place B tables'!E:E,MATCH($C24,'Place B tables'!I:I,0)))=2499),\"N/A\",VALUE(INDEX('Place B tables'!E:E,MATCH($C24,'Place B tables'!I:I,0)))))","v":""},{"$f":"IF($C24=\"\",\"\",IF(OR(VALUE(INDEX('Place B tables'!G:G,MATCH($C24,'Place B tables'!I:I,0)))=-666666666,VALUE(INDEX('Place B tables'!G:G,MATCH($C24,'Place B tables'!I:I,0)))=2499),\"N/A\",VALUE(INDEX('Place B tables'!G:G,MATCH($C24,'Place B tables'!I:I,0)))))","v":""},{"$f":"IF($C24=\"\",\"\",IF(OR(VALUE(INDEX('Place B tables'!C:C,MATCH($C24,'Place B tables'!I:I,0)))=-666666666,VALUE(INDEX('Place B tables'!C:C,MATCH($C24,'Place B tables'!I:I,0)))=2499),\"N/A\",VALUE(INDEX('Place B tables'!C:C,MATCH($C24,'Place B tables'!I:I,0)))))","v":""},{"$f":"IF($C24=\"\",\"\",IF(OR(VALUE(INDEX('Place S tables'!B:B,MATCH($C24,'Place S tables'!G:G,0)))=-666666666,VALUE(INDEX('Place S tables'!C:C,MATCH($C24,'Place S tables'!G:G,0)))=-666666666,VALUE(INDEX('Place S tables'!B:B,MATCH($C24,'Place S tables'!G:G,0)))=2499,VALUE(INDEX('Place S tables'!C:C,MATCH($C24,'Place S tables'!G:G,0)))=2499),\"N/A\",VALUE(INDEX('Place S tables'!B:B,MATCH($C24,'Place S tables'!G:G,0)))/VALUE(INDEX('Place S tables'!C:C,MATCH($C24,'Place S tables'!G:G,0)))))","v":""},{"$f":"IF($C24=\"\",\"\",IF(OR(VALUE(INDEX('Place S tables'!D:D,MATCH($C24,'Place S tables'!G:G,0)))=-666666666,VALUE(INDEX('Place S tables'!E:E,MATCH($C24,'Place S tables'!G:G,0)))=-666666666,VALUE(INDEX('Place S tables'!D:D,MATCH($C24,'Place S tables'!G:G,0)))=2499,VALUE(INDEX('Place S tables'!E:E,MATCH($C24,'Place S tables'!G:G,0)))=2499),\"N/A\",VALUE(INDEX('Place S tables'!D:D,MATCH($C24,'Place S tables'!G:G,0)))/VALUE(INDEX('Place S tables'!E:E,MATCH($C24,'Place S tables'!G:G,0)))))","v":""},{"$f":"IF($C24=\"\",\"\",IF(OR(VALUE(INDEX('Place B tables'!$F$2:$F$3983,MATCH($C24,'Place B tables'!$I$2:$I$3983,0)))=-666666666,VALUE(INDEX('Place B tables'!$D$2:$D$3983,MATCH($C24,'Place B tables'!$I$2:$I$3983,0)))=-666666666,VALUE(INDEX('Place B tables'!$F$2:$F$3983,MATCH($C24,'Place B tables'!$I$2:$I$3983,0)))=2499,VALUE(INDEX('Place B tables'!$D$2:$D$3983,MATCH($C24,'Place B tables'!$I$2:$I$3983,0)))=2499),\"N/A\",VALUE(INDEX('Place B tables'!$F$2:$F$3983,MATCH($C24,'Place B tables'!$I$2:$I$3983,0)))/VALUE(INDEX('Place B tables'!$D$2:$D$3983,MATCH($C24,'Place B tables'!$I$2:$I$3983,0)))))","v":""},{"$f":"IFERROR(IF(B24=\"\",\"\",IF(OR(E24=\"N/A\",INDEX('Place B tables 5 years earlier'!B:B,MATCH(C24,'Place B tables 5 years earlier'!D:D,0))=-666666666,INDEX('Place B tables 5 years earlier'!B:B,MATCH(C24,'Place B tables 5 years earlier'!D:D,0))=2499),\"N/A\",(1+(E24-INDEX('Place B tables 5 years earlier'!B:B,MATCH(C24,'Place B tables 5 years earlier'!D:D,0)))/INDEX('Place B tables 5 years earlier'!B:B,MATCH(C24,'Place B tables 5 years earlier'!D:D,0)))^(1/5)-1)),\"N/A\")","v":""},{"$f":"IFERROR(IF($C24=\"\",\"\",IF(OR(VALUE(INDEX('Place DP tables'!D:D,MATCH($C24,'Place DP tables'!F:F,0)))=-666666666,VALUE(INDEX('Place DP tables'!D:D,MATCH($C24,'Place DP tables'!F:F,0)))=2499),\"N/A\",VALUE(INDEX('Place DP tables'!D:D,MATCH($C24,'Place DP tables'!F:F,0))))/100),\"\")","v":""}]
[10,"",{"$f":"IFERROR(VLOOKUP($B25,'Place B tables'!A:I,9),\"\")","v":""},"",{"$f":"IF($C25=\"\",\"\",IF(OR(VALUE(INDEX('Place B tables'!E:E,MATCH($C25,'Place B tables'!I:I,0)))=-666666666,VALUE(INDEX('Place B tables'!E:E,MATCH($C25,'Place B tables'!I:I,0)))=2499),\"N/A\",VALUE(INDEX('Place B tables'!E:E,MATCH($C25,'Place B tables'!I:I,0)))))","v":""},{"$f":"IF($C25=\"\",\"\",IF(OR(VALUE(INDEX('Place B tables'!G:G,MATCH($C25,'Place B tables'!I:I,0)))=-666666666,VALUE(INDEX('Place B tables'!G:G,MATCH($C25,'Place B tables'!I:I,0)))=2499),\"N/A\",VALUE(INDEX('Place B tables'!G:G,MATCH($C25,'Place B tables'!I:I,0)))))","v":""},{"$f":"IF($C25=\"\",\"\",IF(OR(VALUE(INDEX('Place B tables'!C:C,MATCH($C25,'Place B tables'!I:I,0)))=-666666666,VALUE(INDEX('Place B tables'!C:C,MATCH($C25,'Place B tables'!I:I,0)))=2499),\"N/A\",VALUE(INDEX('Place B tables'!C:C,MATCH($C25,'Place B tables'!I:I,0)))))","v":""},{"$f":"IF($C25=\"\",\"\",IF(OR(VALUE(INDEX('Place S tables'!B:B,MATCH($C25,'Place S tables'!G:G,0)))=-666666666,VALUE(INDEX('Place S tables'!C:C,MATCH($C25,'Place S tables'!G:G,0)))=-666666666,VALUE(INDEX('Place S tables'!B:B,MATCH($C25,'Place S tables'!G:G,0)))=2499,VALUE(INDEX('Place S tables'!C:C,MATCH($C25,'Place S tables'!G:G,0)))=2499),\"N/A\",VALUE(INDEX('Place S tables'!B:B,MATCH($C25,'Place S tables'!G:G,0)))/VALUE(INDEX('Place S tables'!C:C,MATCH($C25,'Place S tables'!G:G,0)))))","v":""},{"$f":"IF($C25=\"\",\"\",IF(OR(VALUE(INDEX('Place S tables'!D:D,MATCH($C25,'Place S tables'!G:G,0)))=-666666666,VALUE(INDEX('Place S tables'!E:E,MATCH($C25,'Place S tables'!G:G,0)))=-666666666,VALUE(INDEX('Place S tables'!D:D,MATCH($C25,'Place S tables'!G:G,0)))=2499,VALUE(INDEX('Place S tables'!E:E,MATCH($C25,'Place S tables'!G:G,0)))=2499),\"N/A\",VALUE(INDEX('Place S tables'!D:D,MATCH($C25,'Place S tables'!G:G,0)))/VALUE(INDEX('Place S tables'!E:E,MATCH($C25,'Place S tables'!G:G,0)))))","v":""},{"$f":"IF($C25=\"\",\"\",IF(OR(VALUE(INDEX('Place B tables'!$F$2:$F$3983,MATCH($C25,'Place B tables'!$I$2:$I$3983,0)))=-666666666,VALUE(INDEX('Place B tables'!$D$2:$D$3983,MATCH($C25,'Place B tables'!$I$2:$I$3983,0)))=-666666666,VALUE(INDEX('Place B tables'!$F$2:$F$3983,MATCH($C25,'Place B tables'!$I$2:$I$3983,0)))=2499,VALUE(INDEX('Place B tables'!$D$2:$D$3983,MATCH($C25,'Place B tables'!$I$2:$I$3983,0)))=2499),\"N/A\",VALUE(INDEX('Place B tables'!$F$2:$F$3983,MATCH($C25,'Place B tables'!$I$2:$I$3983,0)))/VALUE(INDEX('Place B tables'!$D$2:$D$3983,MATCH($C25,'Place B tables'!$I$2:$I$3983,0)))))","v":""},{"$f":"IFERROR(IF(B25=\"\",\"\",IF(OR(E25=\"N/A\",INDEX('Place B tables 5 years earlier'!B:B,MATCH(C25,'Place B tables 5 years earlier'!D:D,0))=-666666666,INDEX('Place B tables 5 years earlier'!B:B,MATCH(C25,'Place B tables 5 years earlier'!D:D,0))=2499),\"N/A\",(1+(E25-INDEX('Place B tables 5 years earlier'!B:B,MATCH(C25,'Place B tables 5 years earlier'!D:D,0)))/INDEX('Place B tables 5 years earlier'!B:B,MATCH(C25,'Place B tables 5 years earlier'!D:D,0)))^(1/5)-1)),\"N/A\")","v":""},{"$f":"IFERROR(IF($C25=\"\",\"\",IF(OR(VALUE(INDEX('Place DP tables'!D:D,MATCH($C25,'Place DP tables'!F:F,0)))=-666666666,VALUE(INDEX('Place DP tables'!D:D,MATCH($C25,'Place DP tables'!F:F,0)))=2499),\"N/A\",VALUE(INDEX('Place DP tables'!D:D,MATCH($C25,'Place DP tables'!F:F,0))))/100),\"\")","v":""}]
[]
[]
[null,"Bureau of Labor Statistics (BLS) Unemployment Rate Data Generator"]
[null,"Two-Letter State Abbreviation",{"$f":"IF(C8=\"\",\"\",C8)","v":""},"The state in which the permittee is located automatically populates from the \"Census Bureau Demographic Data Generator\" table above."]
[null,"BLS Data Year",2022,"Enter the most recent BLS data year."]
[null,"Refresh BLS Data",null,"Click the button to the left after selecting (1) the two-letter state code above, (2) the BLS data year above, and (3) community names in the \"Bureau of Labor Statistics (BLS) Data\" table below. If an \"Access Web Content\" pop-up screen appears, press \"Connect.\""]
[]
[null,"Bureau of Labor Statistics (BLS) Data"]
[null,"Demographic Data","Place ID","Weight","Unemployment Rate","Additional Instructions"]
[null,"Nation",1,"N/A",{"$f":"IF(B35=\"\",\"\",SUMPRODUCT(--(_xlfn.NUMBERVALUE(BLS_Unemployment_National!A$2:A$48)=C$30),_xlfn.NUMBERVALUE(BLS_Unemployment_National!E$2:E$48))/100/SUM(SUMPRODUCT(--(_xlfn.NUMBERVALUE(BLS_Unemployment_National!A$2:A$48)=C$30))))","v":3.6499999999999998E-2},"BLS unemployment rate data do not exist for communities outside New England with a population below 25,000. BLS data exist for all communities in New England. If a service area community has fewer than 25,000 people and is located outside of New England, the community does not appear in the dropdown list.\n\nIf a service area community does not appear in the dropdown list, research the county in which the community is situated, and select it from the dropdown as a proxy.\n\nEnter each service area community (or proxy county) in the same row number as the community appears in the Census Bureau Data table above. After entering each service area community, press the \"Refresh BLS Data\" button in the \"Bureau of Labor Statistics (BLS) Unemployment Rate Data Generator\" table."]
[null,"Service Area","N/A",{"$f":"SUM(D37:D41)","v":0},{"$f":"IF(SUMPRODUCT(--(B37:B46<>\"\"))=0,\"\",SUMPRODUCT(D37:D46,E37:E46))","v":""}]
[1,null,{"$f":"IFERROR(INDEX('BLS Areas'!B$2:B$8309,MATCH(B37,'BLS Areas'!C$2:C$8309,0)),\"\")","v":""},{"$f":"IFERROR(IF(ISBLANK(B37),\"\", E16/E$15),\"\")","v":""},{"$f":"IFERROR(IF(OR(B37=\"\",C37<>API_calls!G15),\"\",SUMPRODUCT(--(_xlfn.NUMBERVALUE(BLS_Unemployment_1!A$2:A$49)=C$30),_xlfn.NUMBERVALUE(BLS_Unemployment_1!E$2:E$49))/100/SUM(SUMPRODUCT(--(_xlfn.NUMBERVALUE(BLS_Unemployment_1!A$2:A$49)=C$30)))),\"\")","v":""}]
[2,null,{"$f":"IFERROR(INDEX('BLS Areas'!B$2:B$8309,MATCH(B38,'BLS Areas'!C$2:C$8309,0)),\"\")","v":""},{"$f":"IFERROR(IF(ISBLANK(B38),\"\", E17/E$15),\"\")","v":""},{"$f":"IFERROR(IF(OR(B38=\"\",C38<>API_calls!G16),\"\",SUMPRODUCT(--(_xlfn.NUMBERVALUE(BLS_Unemployment_2!A$2:A$49)=C$30),_xlfn.NUMBERVALUE(BLS_Unemployment_2!E$2:E$49))/100/SUM(SUMPRODUCT(--(_xlfn.NUMBERVALUE(BLS_Unemployment_2!A$2:A$49)=C$30)))),\"\")","v":""}]
[3,null,{"$f":"IFERROR(INDEX('BLS Areas'!B$2:B$8309,MATCH(B39,'BLS Areas'!C$2:C$8309,0)),\"\")","v":""},{"$f":"IFERROR(IF(ISBLANK(B39),\"\", E18/E$15),\"\")","v":""},{"$f":"IFERROR(IF(OR(B39=\"\",C39<>API_calls!G17),\"\",SUMPRODUCT(--(_xlfn.NUMBERVALUE(BLS_Unemployment_3!A$2:A$49)=C$30),_xlfn.NUMBERVALUE(BLS_Unemployment_3!E$2:E$49))/100/SUM(SUMPRODUCT(--(_xlfn.NUMBERVALUE(BLS_Unemployment_3!A$2:A$49)=C$30)))),\"\")","v":""}]
[4,null,{"$f":"IFERROR(INDEX('BLS Areas'!B$2:B$8309,MATCH(B40,'BLS Areas'!C$2:C$8309,0)),\"\")","v":""},{"$f":"IFERROR(IF(ISBLANK(B40),\"\", E19/E$15),\"\")","v":""},{"$f":"IFERROR(IF(OR(B40=\"\",C40<>API_calls!G18),\"\",SUMPRODUCT(--(_xlfn.NUMBERVALUE(BLS_Unemployment_4!A$2:A$49)=C$30),_xlfn.NUMBERVALUE(BLS_Unemployment_4!E$2:E$49))/100/SUM(SUMPRODUCT(--(_xlfn.NUMBERVALUE(BLS_Unemployment_4!A$2:A$49)=C$30)))),\"\")","v":""}]
[5,null,{"$f":"IFERROR(INDEX('BLS Areas'!B$2:B$8309,MATCH(B41,'BLS Areas'!C$2:C$8309,0)),\"\")","v":""},"",{"$f":"IFERROR(IF(OR(B41=\"\",C41<>API_calls!G19),\"\",SUMPRODUCT(--(_xlfn.NUMBERVALUE(BLS_Unemployment_5!A$2:A$49)=C$30),_xlfn.NUMBERVALUE(BLS_Unemployment_5!E$2:E$49))/100/SUM(SUMPRODUCT(--(_xlfn.NUMBERVALUE(BLS_Unemployment_5!A$2:A$49)=C$30)))),\"\")","v":""}]
[6,null,{"$f":"IFERROR(INDEX('BLS Areas'!B$2:B$8309,MATCH(B42,'BLS Areas'!C$2:C$8309,0)),\"\")","v":""},"",{"$f":"IFERROR(IF(OR(B42=\"\",C42<>API_calls!G20),\"\",SUMPRODUCT(--(_xlfn.NUMBERVALUE(BLS_Unemployment_6!A$2:A$48)=C$30),_xlfn.NUMBERVALUE(BLS_Unemployment_6!E$2:E$48))/100/SUM(SUMPRODUCT(--(_xlfn.NUMBERVALUE(BLS_Unemployment_6!A$2:A$48)=C$30)))),\"\")","v":""}]
[7,null,{"$f":"IFERROR(INDEX('BLS Areas'!B$2:B$8309,MATCH(B43,'BLS Areas'!C$2:C$8309,0)),\"\")","v":""},"",{"$f":"IFERROR(IF(OR(B43=\"\",C43<>API_calls!G21),\"\",SUMPRODUCT(--(_xlfn.NUMBERVALUE(BLS_Unemployment_1!A$2:A$48)=C$30),_xlfn.NUMBERVALUE(BLS_Unemployment_1!E$2:E$48))/100/SUM(SUMPRODUCT(--(_xlfn.NUMBERVALUE(BLS_Unemployment_1!A$2:A$48)=C$30)))),\"\")","v":""}]
[8,null,{"$f":"IFERROR(INDEX('BLS Areas'!B$2:B$8309,MATCH(B44,'BLS Areas'!C$2:C$8309,0)),\"\")","v":""},"",{"$f":"IFERROR(IF(OR(B44=\"\",C44<>API_calls!G22),\"\",SUMPRODUCT(--(_xlfn.NUMBERVALUE(BLS_Unemployment_1!A$2:A$48)=C$30),_xlfn.NUMBERVALUE(BLS_Unemployment_1!E$2:E$48))/100/SUM(SUMPRODUCT(--(_xlfn.NUMBERVALUE(BLS_Unemployment_1!A$2:A$48)=C$30)))),\"\")","v":""}]
[9,null,{"$f":"IFERROR(INDEX('BLS Areas'!B$2:B$8309,MATCH(B45,'BLS Areas'!C$2:C$8309,0)),\"\")","v":""},"",{"$f":"IFERROR(IF(OR(B45=\"\",C45<>API_calls!G23),\"\",SUMPRODUCT(--(_xlfn.NUMBERVALUE(BLS_Unemployment_1!A$2:A$48)=C$30),_xlfn.NUMBERVALUE(BLS_Unemployment_1!E$2:E$48))/100/SUM(SUMPRODUCT(--(_xlfn.NUMBERVALUE(BLS_Unemployment_1!A$2:A$48)=C$30)))),\"\")","v":""}]
[10,null,{"$f":"IFERROR(INDEX('BLS Areas'!B$2:B$8309,MATCH(B46,'BLS Areas'!C$2:C$8309,0)),\"\")","v":""},"",{"$f":"IFERROR(IF(OR(B46=\"\",C46<>API_calls!G24),\"\",SUMPRODUCT(--(_xlfn.NUMBERVALUE(BLS_Unemployment_1!A$2:A$48)=C$30),_xlfn.NUMBERVALUE(BLS_Unemployment_1!E$2:E$48))/100/SUM(SUMPRODUCT(--(_xlfn.NUMBERVALUE(BLS_Unemployment_1!A$2:A$48)=C$30)))),\"\")","v":""}]

{"sheet":"Inputs_RI","index":10,"n_rows":54,"n_cols":6,"rows_kept":54,"cut":false,"hidden":false,"merged":[[47,1,47,4],[6,1,6,4],[16,1,16,4],[4,1,4,4],[37,1,37,4],[44,1,44,4],[30,1,30,4],[32,1,32,4],[41,1,41,4]]}
[]
[null,null,":    Cells in the \"Data\" column (\"Demographic Data Generator\" tab) that require manual entry"]
[]
[]
[null,"Residential Indicator Analysis"]
[null,"Line","Description","Data","Comments and Sources"]
[null,"Worksheet 1: Current Wastewater Costs"]
[null,null,"[Annual Operation and Maintenance Expenses Component A]",null,null,"Note: Add additional rows or remove rows for Lines 100 and 101 as necessary"]
[null,null,"[Annual Operation and Maintenance Expenses Component B]",null,null,"> When adding rows, ensure that formulas in Lines 100 and 101 capture all data"]
[null,null,"[Annual Operation and Maintenance Expenses Component C]"]
[null,100,"Annual Operation and Maintenance Expenses (excluding depreciation)",{"$f":"IF(AND(D8=\"\",D9=\"\",D10=\"\"),\"\",SUM(D8:D10))","v":""}]
[null,null,"[Annual Debt Service Component A]"]
[null,null,"[Annual Debt Service Component B]"]
[null,null,"[Annual Debt Service Component C]"]
[null,101,"Annual Debt Service (principal and interest)",{"$f":"IF(AND(D12=\"\",D13=\"\",D14=\"\"),\"\",SUM(D12:D14))","v":""}]
[null,102,"Total Current Costs",{"$f":"IF(AND(D11=\"\",D15=\"\"),\"\",SUM(D11,D15))","v":""}]
[null,"Worksheet 1: Projected Wastewater Costs [Specify Dollar Year]"]
[null,null,"Total Estimated Capital Costs"]
[null,null,"Financing Composition",{"$f":"IF(AND(D20=\"\",D21=\"\",D22=\"\",D23=\"\"),\"\",IF(SUM(D20:D23)<>1,\"Financing Composition percentages do not sum to 100%\",\"\"))","v":""},null,"Note: Enter \"N/A\" for financing composition assumptions that are not applicable"]
[null,null,"Percent of Capital Costs Financed via SRF Loan Debt"]
[null,null,"Percent of Capital Costs Financed via Revenue Bonded Debt"]
[null,null,"Percent of Capital Costs Financed via Cash or Pay-Go"]
[null,null,"Percent of Capital Costs Financed via Tax Revenues\nor Subsidies (e.g., grant monies, public assistance programs, etc.) "]
[null,null,"Debt Financing Assumptions",null,null,"Note: Enter \"N/A\" for debt financing assumptions that are not applicable"]
[null,null,"Assumed Interest Rate  - SRF Loans"]
[null,null,"Assumed Interest Rate - Revenue Bonds"]
[null,null,"Assumed Term (Number of Years)- SRF Loans"]
[null,null,"Assumed Term (Number of Years) - Revenue Bonds"]
[null,null,"Cash Financing Assumptions",{"$f":"IF(D30=\"\",\"\",IF(D30>25,\"Number of Years of Cash Financing should not exceed 25 years\",\"\"))","v":""},null,"Note: Enter \"N/A\" if number of years of cash financing is not applicable"]
[null,null,"Number of Years of Cash Financing"]
[null,"DO NOT DELETE; EMPTY ROW NECESSARY FOR TOOL FORMATTING"]
[null,103,"Annual Projected Annual Operations and Maintenance Expenses\n> Note: If cost data are available in permittee's financial planning documents, enter data directly into Line 103 and override the existing formula. If not, enter the annual projected O&M expenses as a percentage of the total project cost into the row below entitled \"Annual Projected O&M Expenses as a % of Total Project Cost.\" Typically, annual projected O&M expenses are between 0.5% and 1.5% of the total capital program.",{"$f":"IFERROR(IF(OR(D34=\"\",D18=\"\"),\"\",D34*D18),\"\")","v":""}]
[null,"DO NOT DELETE; EMPTY ROW NECESSARY FOR TOOL FORMATTING"]
[null,null,"[Annual Projected O&M Expenses as a % of Total Project Cost]"]
[null,104,"Annual Projected Debt Service (principal and interest)",{"$f":"IF(OR(D18=\"\",AND(D20=\"\",D21=\"\"),AND(D25=\"\",D26=\"\"),AND(D27=\"\",D28=\"\")),\"\",IFERROR(IF(D20=0,0,-PMT(D25,D27,D18*D20))-IF(D21=0,0,PMT(D26,D28,D18*D21)),\"\"))","v":""}]
[null,null,"Annual Projected Pay-Go",{"$f":"IF(OR(D18=\"\",D22=\"\",D30=\"\"),\"\",IFERROR(IF(D22=0,0,D18*D22/D30),\"\"))","v":""}]
[null,105,"Total Projected Costs",{"$f":"IF(AND(D32=\"\",D35=\"\",D36=\"\"),\"\",SUM(D32:D36))","v":""}]
[null,"Worksheet 1: Residential Share of Costs"]
[null,106,"Total Current and Projected Costs",{"$f":"IF(AND(D16=\"\",D37=\"\"),\"\",SUM(D16,D37))","v":""}]
[null,null,"Total Residential Flow (in million gallons per day)"]
[null,null,"Total Flow (in million gallons per day)"]
[null,"DO NOT DELETE; EMPTY ROW NECESSARY FOR TOOL FORMATTING"]
[null,null,"Residential Percentage of Total Current and Projected Costs (Total Residential Flow / Total Flow)\n> Note: If data are available in permittee's financial planning documents, enter total residential flow and total flow into the preceding rows (\"Total Residential Flow (in million gallons per day)\" and \"Total Flow (in million gallons per day)\" rows below). If data are not available, enter a percentage directly into this row and override the existing formula; typically, residential flow constitutes 55% to 65% of total system flow. ",{"$f":"IFERROR(IF(OR(D40=\"\",D41=\"\"),\"\",D40/D41),\"\")","v":""}]
[null,107,"Residential Share of Total and Current Projected Costs",{"$f":"IFERROR(D39*D43,\"\")","v":""}]
[null,"Worksheet 1: Cost per Household Calculation"]
[null,108,"Total Number of Households in Service Area",{"$f":"Inputs_Demographic!E15","v":""}]
[null,109,"Cost per Household (Line 107 / Line 108)",{"$f":"IFERROR(D44/D46,\"\")","v":""}]
[null,"Worksheet 2: Residential Indicator Calculation"]
[null,201,"Permittee MHI",{"$f":"Inputs_Demographic!F15","v":""}]
[null,202,"MHI Adjustment Factor (number; not a percentage)"]
[null,203,"Adjusted MHI",{"$f":"IFERROR(IF(D50=\"\",D49,D49*D50),\"\")","v":""}]
[null,204,"Annual Cost per Household (from Line 109)",{"$f":"D47","v":""}]
[null,205,"Annual Cost per Household as a Percent of Adjusted MHI",{"$f":"IFERROR(D52/D51,\"\")","v":""}]
[null,null,"Residential Indicator Category",{"$f":"IF(D53=\"\",\"\",IF(D53>0.02,\"High Impact\",IF(D53<0.01,\"Low Impact\",\"Mid-Range\")))","v":""}]

{"sheet":"Inputs_FCI","index":11,"n_rows":78,"n_cols":6,"rows_kept":78,"cut":false,"hidden":false,"merged":[[21,1,21,4],[4,1,4,4],[6,1,6,4],[13,5,15,5],[8,5,10,5],[19,1,19,4],[77,1,77,2],[67,1,67,4],[61,1,61,4],[43,1,43,4],[49,1,49,4],[55,1,55,4],[76,1,76,3],[75,2,75,3]]}
[]
[null,null,":   Cells in the \"Data\" column (\"Demographic Data Generator\" tab) that require manual entry"]
[]
[]
[null,"Financial Capability Indicators Analysis"]
[null,"Line","Description","Data","Comments and Sources"]
[null,"Worksheet 3: Bond Rating"]
[null,null,"Most Recent General Obligation Bond Rating"]
[null,null,"Date (MM/DD/YY)"]
[null,null,"Rating Agency"]
[null,301,"Rating",""]
[null,null,"Most Recent Revenue (Water/Sewer or Sewer) Bond"]
[null,null,"Date (MM/DD/YY)"]
[null,null,"Rating Agency"]
[null,null,"Bond Insurance (Yes/No)",""]
[null,302,"Rating",""]
[null,303,"Summary Bond Rating (i.e., Most Recent Rating)",{"$f":"IF(IF(D9>D13,D11,D16)=\"\",\"\",IF(D9>D13,D11,D16))","v":""}]
[null,null,"Summary",{"$f":"IF(D19=\"\",\"\",IF(D19=1,\"Weak\",IF(D19=2,\"Mid-Range\",\"Strong\")))","v":""}]
[null,null,"Score",{"$f":"IFERROR(INDEX(BondRating_vlookup!D2:D49,MATCH(D17,BondRating_vlookup!A2:A49,0)),\"\")","v":""}]
[null,"Worksheet 4: Overall Net Debt as a Percent of Full Market Property Value"]
[null,401,"Direct Net Debt (G.O. Bond Double-Barreled Bonds)"]
[null,"DO NOT DELETE; EMPTY ROW NECESSARY FOR TOOL FORMATTING"]
[null,402,"Debt of Overlapping Entities (Proportionate Share of Multijurisdictional Debt)\n> Note: If data are available in permittee's annual financial report, enter data directly into Line 402 and override the existing formula. If not, enter data into subsequent rows as directed below. \n> Note: If Entity B is not applicable, enter \"N/A\" in all rows below requesting Entity B inputs. If the permittee has three or more overlapping entities, add rows below as necessary; when adding rows, ensure that subsequent formulas capture all data from overlapping entities.",{"$f":"IFERROR(IF(AND(D37=\"\",D38=\"\"),\"\",SUM(D37:D38)),\"\")","v":""}]
[null,null,"Overlapping Entity Name"]
[null,null,"[Entity A, if applicable]"]
[null,null,"[Entity B, if applicable]"]
[null,null,"Outstanding Debt (Less Sinking Fund of Overlapping Entity) of Overlapping Entity"]
[null,null,"[Entity A, if applicable]"]
[null,null,"[Entity B, if applicable]"]
[null,null,"Full Market Value of Taxable Property for Overlapping Entity"]
[null,null,"[Entity A, if applicable]"]
[null,null,"[Entity B, if applicable]"]
[null,null,"Percent of Overlapping Entity Chargeable to Permittee's Service Area",null,null,"Note: Data populate after completing Line 404"]
[null,null,"[Entity A, if applicable]",{"$f":"IFERROR(D31/D40,\"\")","v":""}]
[null,null,"[Entity B, if applicable]",{"$f":"IFERROR(D32/D40,\"\")","v":""}]
[null,null,"Outstanding Debt of Overlapping Entity Attributable to Permittee's Service Area"]
[null,null,"[Entity A, if applicable]",{"$f":"IFERROR(D28*D34,\"\")","v":""}]
[null,null,"[Entity B, if applicable]",{"$f":"IFERROR(D29*D35,\"\")","v":""}]
[null,403,"Overall Net Debt",{"$f":"IF(AND(D21=\"\",D23=\"\"),\"\",SUM(D21:D23))","v":""}]
[null,404,"Full Market Value of Real Property"]
[null,405,"Overall Net Debt as a Percent of Full Market Property Value (Line 403 / Line 404 x 100)",{"$f":"IFERROR(D39/D40,\"\")","v":""}]
[null,null,"Summary",{"$f":"IF(D43=\"\",\"\",IF(D43=1,\"Weak\",IF(D43=2,\"Mid-Range\",\"Strong\")))","v":""}]
[null,null,"Score",{"$f":"IF(D41=\"\",\"\",IF(D41>0.05,1,IF(D41<0.02,3,2)))","v":""}]
[null,"Worksheet 5: Unemployment Rate"]
[null,501,"Unemployment Rate - Permittee (use County unemployment rate if permittee's is unavailable",{"$f":"Inputs_Demographic!E36","v":""}]
[null,503,"Average National Unemployment Rate",{"$f":"Inputs_Demographic!E35","v":3.6499999999999998E-2}]
[null,null,"Difference Between Permittee Unemployment Rate and National Unemployment Rate (Line 501 - Line 503)",{"$f":"IF(OR(D45=\"\",D46=\"\"),\"\",D45-D46)","v":""}]
[null,null,"Summary",{"$f":"IF(D49=\"\",\"\",IF(D49=1,\"Weak\",IF(D49=2,\"Mid-Range\",\"Strong\")))","v":""}]
[null,null,"Score",{"$f":"IF(D47=\"\",\"\",IF(D47>0.01,1,IF(D47<-0.01,3,2)))","v":""}]
[null,"Worksheet 6: Median Household Income (MHI)"]
[null,601,"MHI - Permittee (Line 203, Worksheet 2)",{"$f":"Inputs_RI!D51","v":""}]
[null,602,"National MHI",{"$f":"Inputs_Demographic!F14","v":69021}]
[null,603,"Permittee MHI Relationship to National MHI \n((Line 601 - Line 602) / Line 602)",{"$f":"IFERROR((D51-D52)/D52,\"\")","v":""}]
[null,null,"Summary",{"$f":"IF(D55=\"\",\"\",IF(D55=1,\"Weak\",IF(D55=2,\"Mid-Range\",\"Strong\")))","v":""}]
[null,null,"Score",{"$f":"IF(D53=\"\",\"\",IF(D53>0.25,3,IF(D53<-0.25,1,2)))","v":""}]
[null,"Worksheet 7: Property Tax Revenues as a Percent of Full Market Property Value "]
[null,701,"Full Market Value of Real Property (Line 404)",{"$f":"IF(D40=\"\",\"\",D40)","v":""}]
[null,702,"Total Property Tax Revenues"]
[null,703,"Property Tax Revenue as a Percent of Full Market Property Value  (Line 702 / Line 701 x 100)",{"$f":"IFERROR(D58/D57,\"\")","v":""}]
[null,null,"Summary",{"$f":"IF(D61=\"\",\"\",IF(D61=1,\"Weak\",IF(D61=2,\"Mid-Range\",\"Strong\")))","v":""}]
[null,null,"Score",{"$f":"IF(D59=\"\",\"\",IF(D59>0.04,1,IF(D59<0.02,3,2)))","v":""}]
[null,"Worksheet 8: Property Tax Revenue Collection Rate"]
[null,801,"Property Tax Revenue Collected (Line 702)",{"$f":"IF(D58=\"\",\"\",D58)","v":""}]
[null,802,"Property Taxes Levied"]
[null,803,"Property Tax Revenue Collection Rate \n(Line 801 / Line 802 x 100)",{"$f":"IFERROR(D63/D64,\"\")","v":""}]
[null,null,"Summary",{"$f":"IF(D67=\"\",\"\",IF(D67=1,\"Weak\",IF(D67=2,\"Mid-Range\",\"Strong\")))","v":""}]
[null,null,"Score",{"$f":"IF(D65=\"\",\"\",IF(D65>0.98,3,IF(D65<0.94,1,2)))","v":""}]
[null,"Worksheet 9: Summary of Permittee Financial Capability Indicators","Summary of Financial Capability Indicators Benchmarks"]
[null,"Line","Indicator","Column A: Actual Value","Column B: Score"]
[null,901,"Bond Rating (Line 303)",{"$f":"IF(D17=\"\",\"\",D17)","v":""},{"$f":"D19","v":""}]
[null,902,"Overall Net Debt as a Percent of Full Market Property Value (Line 405)",{"$f":"IF(D41=\"\",\"\",D41)","v":""},{"$f":"D43","v":""}]
[null,903,"Unemployment Rate (Line 501)",{"$f":"IF(D45=\"\",\"\",D45)","v":""},{"$f":"D49","v":""}]
[null,904,"Median Household Income (Line 601)",{"$f":"IF(D51=\"\",\"\",D51)","v":""},{"$f":"D55","v":""}]
[null,905,"Property Tax Revenues as a Percent of Full Market Property Value (Line 703)",{"$f":"D59","v":""},{"$f":"D61","v":""}]
[null,906,"Property Tax Revenue Collection Rate (Line 803)",{"$f":"D65","v":""},{"$f":"D67","v":""}]
[null,907,"Permittee Indicators Score (Sum of Column B / Number of Entries)",null,{"$f":"IF(AND(E70=\"\",E71=\"\",E72=\"\",E73=\"\",E74=\"\",E75=\"\"),\"\",AVERAGE(E70:E75))","v":""}]
[null,"Financial Capability Indicator Benchmarks",null,null,{"$f":"IF(E76<1.5,\"Weak\",IF(E76=\"\",\"\",IF(E76>2.5,\"Strong\",\"Mid-Range\")))","v":""}]
[null,"Weak is a score below 1.5\nMid-Range is a score between 1.5 and 2.5\nStrong is a score above 2.5"]

{"sheet":"Results_LQPI","index":12,"n_rows":13,"n_cols":10,"rows_kept":13,"cut":false,"hidden":false,"merged":[[1,1,1,9],[9,1,9,8],[10,1,10,8],[11,1,11,8],[12,1,12,8]]}
[]
[null,"Lowest Quintile Poverty Indicator Analysis"]
[null,"Indicator (Census Data Code)","Strong\n(Score = 3)","Mid-Range \n(Score = 2)","Weak\n(Score = 1)","Weight","National\nValue","Permittee\nValue","Permittee Compared to National","Score"]
[null,"LQPI #1: Upper Limit of Lowest Quintile Income","More than 25% above national LQI"," ± 25% of national LQI","More than 25% below national LQI",0.5,{"$f":"Inputs_Demographic!G14","v":28336},{"$f":"Inputs_Demographic!G15","v":""},{"$f":"IFERROR((H4-G4)/G4,\"\")","v":""},{"$f":"IF(I4=\"\",\"\",IF(I4>0.25,3,IF(I4<-0.25,1,2)))","v":""}]
[null,"LQPI #2: Percentage of Population with Income Below 200% of Federal Poverty Level","More than 25% below national value"," ± 25% of national Value","More than 25% above national value",0.1,{"$f":"Inputs_Demographic!H14","v":0.29214608903251477},{"$f":"Inputs_Demographic!H15","v":""},{"$f":"IFERROR((H5-G5)/G5,\"\")","v":""},{"$f":"IF(I5=\"\",\"\",IF(I5<-0.25,3,IF(I5>0.25,1,2)))","v":""}]
[null,"LQPI #3; Percentage of Households Receiving Food Stamps/SNAP Benefits","More than 25% below national value"," ± 25% of national Value","More than 25% above national value",0.1,{"$f":"Inputs_Demographic!I14","v":0.11374178024477057},{"$f":"Inputs_Demographic!I15","v":""},{"$f":"IFERROR((H6-G6)/G6,\"\")","v":""},{"$f":"IF(I6=\"\",\"\",IF(I6<-0.25,3,IF(I6>0.25,1,2)))","v":""}]
[null,"LQPI #4: Percentage of Vacant Housing Units","More than 25% below national value"," ± 25% of national Value","More than 25% above national value",0.1,{"$f":"Inputs_Demographic!J14","v":0.11196821815460151},{"$f":"Inputs_Demographic!J15","v":""},{"$f":"IFERROR((H7-G7)/G7,\"\")","v":""},{"$f":"IF(I7=\"\",\"\",IF(I7<-0.25,3,IF(I7>0.25,1,2)))","v":""}]
[null,"LQPI #5: Trend in Household Growth",">1%","0% - 1%","<0%",0.1,"N/A",{"$f":"Inputs_Demographic!K15","v":""},"N/A",{"$f":"IF(H8=\"\",\"\",IF(H8>0.01,3,IF(H8<0,1,2)))","v":""}]
[null,"LQPI #6: Percentage of Unemployed Population 16 and Over in Civilian Labor Force","More than 25% below national value"," ± 25% of national Value","More than 25% above national value",0.1,{"$f":"Inputs_Demographic!L14","v":3.5000000000000003E-2},{"$f":"Inputs_Demographic!L15","v":""},{"$f":"IFERROR((H9-G9)/G9,\"\")","v":""},{"$f":"IF(I9=\"\",\"\",IF(I9<-0.25,3,IF(I9>0.25,1,2)))","v":""}]
[null,"Score for LQPI #1",null,null,null,null,null,null,null,{"$f":"J4","v":""}]
[null,"Average Score for LQPI #2-6 (Sum of LQPI #2 through LQPI #6 divided by 5)",null,null,null,null,null,null,null,{"$f":"IFERROR(AVERAGE(J5:J9),\"\")","v":""}]
[null,"Lowest Quintile Poverty Score (sum of two lines above divided by 2)",null,null,null,null,null,null,null,{"$f":"IFERROR(AVERAGE(J10:J11),\"\")","v":""}]
[null,"Lowest Quintile Poverty Indicator Benchmarks\nLow Impact (Above 2.5)\nMedium Impact (1.5 to 2.5)\nHigh Impact (Below 1.5)",null,null,null,null,null,null,null,{"$f":"IF(J12=\"\",\"\",IF(J12<1.5,\"High Impact\",IF(J12>2.5,\"Low Impact\",\"Medium Impact\")))","v":""}]

{"sheet":"Checklist_FAA","index":13,"n_rows":32,"n_cols":5,"rows_kept":32,"cut":false,"hidden":false,"merged":[[10,1,10,4],[17,1,17,4],[24,1,24,4],[1,1,1,4],[3,1,3,4]]}
[]
[null,"Example Financial Alternatives Analysis Worksheet"]
[null,"Financial Alternatives Analysis","Describe how Financial Alternative has been implemented or considered. Where considered, include any plans from community to pursue Alternative","Where tools not pursued, describe any associated challenges with the Alternative (e.g., impact to bond rating, interest rate not favorable)","Describe outcomes of Alternative (e.g., grant applied for, loan not pursued)"]
[null,"1. Financing Options for Capital Costs:"]
[null,"a) Has the community discussed financing options, including timing, terms, and potential grants or forgiveness, with the responsible State Revolving Fund?"]
[null,"b) What additional funding sources beyond the SRF such as grants, low-cost loans, or extended term loans has the community considered?"]
[null,"c) Has the community considered special assessment districts to finance geographically defined project work?"]
[null,"d) Has the community considered other revenue sources such as sales or property taxes, rental income from water tower leases, or other potential sources of support?"]
[null,"e) Has the community evaluated how it can reduce overall operating and program costs?"]
[null,"> Other Considerations:"]
[null,"2. Rate Design:",null,"Data sources for Residential Indicator, Financial Capability Indicators, and Lowest Quintile Poverty Indicator analyses (see Section II.a.3, Appendix A and Appendix B in the FCA Guidance for further information).","No"]
[null,"a) In what ways has the community evaluated modifications to its rate structure that could increase revenue and/or reduce burden on the lowest income residents?"]
[null,"b) Has the community prepared a forward-looking financial plan and rate analysis within the last five years? If so, was the plan implemented?"]
[null,"c) Does the community have identified separate rate structures for commercial, industrial, and wholesale customers reflecting their particular demands on the collection and treatment system? Has the utility considered tier-based rates?"]
[null,"d) Does the community use inclining block rates that charger higher per gallon rates for higher increments of use?"]
[null,"e) If charging a flat fee, has the community considered switching to a volumetric fee so that high-output customers pay for the wastewater they generate?"]
[null,"> Other Considerations:"]
[null,"3. Ratepayer Support Options for Lower Income Residential Customers:"]
[null,"a) Does the community currently have, or looked into, setting up a CAP?"]
[null,"b) If you have a CAP, what is the enrollment rate? What efforts have been made to ensure low-income households are informed about the program and enroll? Are there ways to make the application process easier for customers to enroll, e.g., by providing for enrollment in-person, online, and mail, in multiple languages, if appropriate; partnering with local organizations to help with outreach and enrollment; allowing for automatic enrollment or using proof of eligibility for other income-qualified benefits?"]
[null,"c) Has the community considered other types of customer support beyond a CAP for lower income residential customers?"]
[null,"d) Are there policies in place to protect customers, including vulnerable populations, from shutoffs?"]
[null,"e) Does the community have reduced rates for vulnerable populations, such as seniors on fixed incomes?"]
[null,"> Other Considerations:"]
[null,"4. Financial and Utility Management:"]
[null,"a) Is the utility accounted for as a proprietary/enterprise fund or a separate independent utility?"]
[null,"b) Are all rate revenues or other user charges used to fund the utility's operations? Do the rates charged recover the full cost of providing wastewater services (taking into consideration capital costs, operation and maintenance expenses, and environmental costs)?"]
[null,"c) Does the utility have programs to optimize maintenance and asset management to reduce life cycle costs?"]
[null,"d) Are partnerships with other utilities, including joint procurement, or shared management and staffing arrangements, regionalization or consolidation options to proved economies of scale and reduce per customer costs feasible in this community?"]
[null,"e) Has the utility or related municipality instituted a stormwater management program when evaluating long-term control plan schedules? If so, are impervious area-based stormwater fees used to fund the stormwater compliance costs?"]
[null,"f) Does the utility provide direct financial assistance (through rebates, upfront subsidies, or direct replacement of fixtures) for efficiency improvements including leak repairs or replacement of inefficient fixtures or appliances?"]
[null,"> Other Considerations:"]

{"sheet":"Results_FCA","index":14,"n_rows":29,"n_cols":5,"rows_kept":29,"cut":false,"hidden":false,"merged":[[8,1,8,4],[0,1,0,4],[9,1,9,4],[1,1,1,4],[15,1,15,4],[12,5,14,5],[16,1,16,4],[10,1,11,1],[10,2,10,4],[22,1,22,4],[28,2,28,4],[17,1,18,1],[17,2,17,4],[23,1,23,4],[24,2,24,4],[25,2,25,4],[26,2,26,4],[27,2,27,4]]}
[]
[null,"Results of Expanded Financial Capability Assessment Analysis"]
[null,"Category","Score","Impact","Line"]
[null,"Residential Indicator",{"$f":"Inputs_RI!D53","v":""},{"$f":"Inputs_RI!D54","v":""},{"$f":"Inputs_RI!B53","v":205}]
[null,"Financial Capability Indicators",{"$f":"Inputs_FCI!E76","v":""},{"$f":"Inputs_FCI!E77","v":""},{"$f":"Inputs_FCI!B76","v":907}]
[null,"Lowest Quintile Poverty Indicator",{"$f":"Results_LQPI!J12","v":""},{"$f":"Results_LQPI!J13","v":""},"N/A"]
[null,"Financial Capability Matrix Result",null,{"$f":"IFERROR(IF(OR(C4=\"\",C5=\"\"),\"\",_xlfn.IFS(AND(C4<=0.02,C5>2.5), \"Low Impact\", AND(C4<0.01, C5>=1.5),\"Low Impact\", AND(C4<0.01,C5<1.5), \"Medium Impact\", AND(C4>0.02,C5>2.5), \"Medium Impact\",  AND(AND(C4<=0.02, C4>=0.01), AND(C5<=2.5, C5>=1.5)), \"Medium Impact\", AND(C4>0.02, C5<2.5), \"High Impact\", AND(C4>0.01, C5<=1.5),  \"High Impact\", TRUE,\"\")), \"\")","v":""}]
[null,"Expanded Capability Matrix Result",null,{"$f":"IFERROR(_xlfn.IFS(AND(D7=\"Low Impact\",C6>2.5), \"Low Impact\", AND(D7=\"Low Impact\", AND(C6<=2.5, C6>=1.5)),\"Low Impact\", AND(D7=\"Low Impact\",C6<1.5), \"Medium Impact\", AND(D7=\"High Impact\",C6>2.5), \"Medium Impact\",  AND(D7=\"Medium Impact\", AND(C6<=2.5, C6>=1.5)), \"Medium Impact\", AND(D7=\"Medium Impact\", C6<1.5), \"High Impact\", AND(D7=\"High Impact\", C6<1.5),  \"High Impact\", TRUE,\"\"), \"\")","v":""}]
[]
[null,"Financial Capability Matrix"]
[null,"Financial Capability Indicators Score","Residential Indicator Score"]
[null,null,"Low Impact\n(Below 1.0%)","Mid-Range\n(1.0% to 2.0%)","High Impact\n(Above 2.0%)"]
[null,"Strong (Above 2.5)","Low Impact","Low Impact","Medium Impact"]
[null,"Mid-Range (1.5 to 2.5)","Low Impact","Medium Impact","High Impact"]
[null,"Weak (Below 1.5)","Medium Impact","High Impact","High Impact"]
[]
[null,"Expanded Financial Capability Assessment Matrix"]
[null,"FCA Score (RI and FCI)","Lowest Quintile Poverty Indicator Score"]
[null,null,"Low Impact\n(>2.5)","Medium Impact\n(1.5 to 2.5)","High Impact\n(<1.5)"]
[null,"Low Impact","Low Impact","Low Impact","Medium Impact"]
[null,"Medium Impact","Low Impact","Medium Impact","High Impact"]
[null,"High Impact","Medium Impact","High Impact","High Impact"]
[]
[null,"Recommended Implementation Schedule Benchmarks for Alternative 1"]
[null,"Low Impact","Normal Engineering/Construction Schedule"]
[null,"Medium Impact","Total schedule generally up to 10 years"]
[null,"Medium Impact with Comprehensive Financial Alternatives Analysis","Total schedule generally up to 15 years"]
[null,"High Impact","Total schedule generally up to 15 years (or 20 years based on further negotiation with EPA and state NPDES authorities)"]
[null,"High Impact with Comprehensive Financial Alternatives Analysis","Total schedule generally up to 20 years (or 25 years based on further negotiation with EPA and state NPDES authorities)"]

{"sheet":"BLS Areas","index":15,"n_rows":8309,"n_cols":4,"rows_kept":8309,"cut":false,"hidden":true,"merged":[]}
["area_type_code","area_code","Area Text","State"]
["B","MT0111500000000","Anniston-Oxford-Jacksonville, AL Metropolitan Statistical Area","AL"]
["B","MT0112220000000","Auburn-Opelika, AL Metropolitan Statistical Area","AL"]
["B","MT0113820000000","Birmingham-Hoover, AL Metropolitan Statistical Area","AL"]
["B","MT0119300000000","Daphne-Fairhope-Foley, AL Metropolitan Statistical Area","AL"]
["B","MT0119460000000","Decatur, AL Metropolitan Statistical Area","AL"]
["B","MT0120020000000","Dothan, AL Metropolitan Statistical Area","AL"]
["B","MT0122520000000","Florence-Muscle Shoals, AL Metropolitan Statistical Area","AL"]
["B","MT0123460000000","Gadsden, AL Metropolitan Statistical Area","AL"]
["B","MT0126620000000","Huntsville, AL Metropolitan Statistical Area","AL"]
["B","MT0133660000000","Mobile, AL Metropolitan Statistical Area","AL"]
["B","MT0133860000000","Montgomery, AL Metropolitan Statistical Area","AL"]
["B","MT0146220000000","Tuscaloosa, AL Metropolitan Statistical Area","AL"]
["B","MT0211260000000","Anchorage, AK Metropolitan Statistical Area","AK"]
["B","MT0221820000000","Fairbanks, AK Metropolitan Statistical Area","AK"]
["B","MT0422380000000","Flagstaff, AZ Metropolitan Statistical Area","AZ"]
["B","MT0429420000000","Lake Havasu City-Kingman, AZ Metropolitan Statistical Area","AZ"]
["B","MT0438060000000","Phoenix-Mesa-Scottsdale, AZ Metropolitan Statistical Area","AZ"]
["B","MT0439140000000","Prescott, AZ Metropolitan Statistical Area","AZ"]
["B","MT0443420000000","Sierra Vista-Douglas, AZ Metropolitan Statistical Area","AZ"]
["B","MT0446060000000","Tucson, AZ Metropolitan Statistical Area","AZ"]
["B","MT0449740000000","Yuma, AZ Metropolitan Statistical Area","AZ"]
["B","MT0522220000000","Fayetteville-Springdale-Rogers, AR-MO Metropolitan Statistical Area","AR"]
["B","MT0522900000000","Fort Smith, AR-OK Metropolitan Statistical Area","AR"]
["B","MT0526300000000","Hot Springs, AR Metropolitan Statistical Area","AR"]
["B","MT0527860000000","Jonesboro, AR Metropolitan Statistical Area","AR"]
["B","MT0530780000000","Little Rock-North Little Rock-Conway, AR Metropolitan Statistical Area","AR"]
["B","MT0538220000000","Pine Bluff, AR Metropolitan Statistical Area","AR"]
["B","MT0612540000000","Bakersfield, CA Metropolitan Statistical Area","CA"]
["B","MT0617020000000","Chico, CA Metropolitan Statistical Area","CA"]
["B","MT0620940000000","El Centro, CA Metropolitan Statistical Area","CA"]
["B","MT0623420000000","Fresno, CA Metropolitan Statistical Area","CA"]
["B","MT0625260000000","Hanford-Corcoran, CA Metropolitan Statistical Area","CA"]
["B","MT0631080000000","Los Angeles-Long Beach-Anaheim, CA Metropolitan Statistical Area","CA"]
["B","MT0631460000000","Madera, CA Metropolitan Statistical Area","CA"]
["B","MT0632900000000","Merced, CA Metropolitan Statistical Area","CA"]
["B","MT0633700000000","Modesto, CA Metropolitan Statistical Area","CA"]
["B","MT0634900000000","Napa, CA Metropolitan Statistical Area","CA"]
["B","MT0637100000000","Oxnard-Thousand Oaks-Ventura, CA Metropolitan Statistical Area","CA"]
["B","MT0639820000000","Redding, CA Metropolitan Statistical Area","CA"]
["B","MT0640140000000","Riverside-San Bernardino-Ontario, CA Metropolitan Statistical Area","CA"]
["B","MT0640900000000","Sacramento--Roseville--Arden-Arcade, CA Metropolitan Statistical Area","CA"]
["B","MT0641500000000","Salinas, CA Metropolitan Statistical Area","CA"]
["B","MT0641740000000","San Diego-Carlsbad, CA Metropolitan Statistical Area","CA"]
["B","MT0641860000000","San Francisco-Oakland-Hayward, CA Metropolitan Statistical Area","CA"]
["B","MT0641940000000","San Jose-Sunnyvale-Santa Clara, CA Metropolitan Statistical Area","CA"]
["B","MT0642020000000","San Luis Obispo-Paso Robles-Arroyo Grande, CA Metropolitan Statistical Area","CA"]
["B","MT0642100000000","Santa Cruz-Watsonville, CA Metropolitan Statistical Area","CA"]
["B","MT0642200000000","Santa Maria-Santa Barbara, CA Metropolitan Statistical Area","CA"]
["B","MT0642220000000","Santa Rosa, CA Metropolitan Statistical Area","CA"]
["B","MT0644700000000","Stockton-Lodi, CA Metropolitan Statistical Area","CA"]
["B","MT0646700000000","Vallejo-Fairfield, CA Metropolitan Statistical Area","CA"]
["B","MT0647300000000","Visalia-Porterville, CA Metropolitan Statistical Area","CA"]
["B","MT0649700000000","Yuba City, CA Metropolitan Statistical Area","CA"]
["B","MT0814500000000","Boulder, CO Metropolitan Statistical Area","CO"]
["B","MT0817820000000","Colorado Springs, CO Metropolitan Statistical Area","CO"]
["B","MT0819740000000","Denver-Aurora-Lakewood, CO Metropolitan Statistical Area","CO"]
["B","MT0822660000000","Fort Collins, CO Metropolitan Statistical Area","CO"]
["B","MT0824300000000","Grand Junction, CO Metropolitan Statistical Area","CO"]
["B","MT0824540000000","Greeley, CO Metropolitan Statistical Area","CO"]
["B","MT0839380000000","Pueblo, CO Metropolitan Statistical Area","CO"]
["B","MT0971950000000","Bridgeport-Stamford-Norwalk, CT Metropolitan NECTA","CT"]
["B","MT0972850000000","Danbury, CT Metropolitan NECTA","CT"]
["B","MT0973450000000","Hartford-West Hartford-East Hartford, CT Metropolitan NECTA","CT"]
["B","MT0975700000000","New Haven, CT Metropolitan NECTA","CT"]
["B","MT0976450000000","Norwich-New London-Westerly, CT-RI Metropolitan NECTA","CT"]
["B","MT0978700000000","Waterbury, CT Metropolitan NECTA","CT"]
["B","MT1020100000000","Dover, DE Metropolitan Statistical Area","DE"]
["B","MT1041540000000","Salisbury, MD-DE Metropolitan Statistical Area","MD"]
["B","MT1147900000000","Washington-Arlington-Alexandria, DC-VA-MD-WV Metropolitan Statistical Area","DC"]
["B","MT1215980000000","Cape Coral-Fort Myers, FL Metropolitan Statistical Area","FL"]
["B","MT1218880000000","Crestview-Fort Walton Beach-Destin, FL Metropolitan Statistical Area","FL"]
["B","MT1219660000000","Deltona-Daytona Beach-Ormond Beach, FL Metropolitan Statistical Area","FL"]
["B","MT1223540000000","Gainesville, FL Metropolitan Statistical Area","FL"]
["B","MT1226140000000","Homosassa Springs, FL Metropolitan Statistical Area","FL"]
["B","MT1227260000000","Jacksonville, FL Metropolitan Statistical Area","FL"]
["B","MT1229460000000","Lakeland-Winter Haven, FL Metropolitan Statistical Area","FL"]
["B","MT1233100000000","Miami-Fort Lauderdale-West Palm Beach, FL Metropolitan Statistical Area","FL"]
["B","MT1234940000000","Naples-Immokalee-Marco Island, FL Metropolitan Statistical Area","FL"]
["B","MT1235840000000","North Port-Sarasota-Bradenton, FL Metropolitan Statistical Area","FL"]
["B","MT1236100000000","Ocala, FL Metropolitan Statistical Area","FL"]
["B","MT1236740000000","Orlando-Kissimmee-Sanford, FL Metropolitan Statistical Area","FL"]
["B","MT1237340000000","Palm Bay-Melbourne-Titusville, FL Metropolitan Statistical Area","FL"]
["B","MT1237460000000","Panama City, FL Metropolitan Statistical Area","FL"]
["B","MT1237860000000","Pensacola-Ferry Pass-Brent, FL Metropolitan Statistical Area","FL"]
["B","MT1238940000000","Port St. Lucie, FL Metropolitan Statistical Area","FL"]
["B","MT1239460000000","Punta Gorda, FL Metropolitan Statistical Area","FL"]
["B","MT1242680000000","Sebastian-Vero Beach, FL Metropolitan Statistical Area","FL"]
["B","MT1242700000000","Sebring, FL Metropolitan Statistical Area","FL"]
["B","MT1245220000000","Tallahassee, FL Metropolitan Statistical Area","FL"]
["B","MT1245300000000","Tampa-St. Petersburg-Clearwater, FL Metropolitan Statistical Area","FL"]
["B","MT1245540000000","The Villages, FL Metropolitan Statistical Area","FL"]
["B","MT1310500000000","Albany, GA Metropolitan Statistical Area","GA"]
["B","MT1312020000000","Athens-Clarke County, GA Metropolitan Statistical Area","GA"]
["B","MT1312060000000","Atlanta-Sandy Springs-Roswell, GA Metropolitan Statistical Area","GA"]
["B","MT1312260000000","Augusta-Richmond County, GA-SC Metropolitan Statistical Area","GA"]
["B","MT1315260000000","Brunswick, GA Metropolitan Statistical Area","GA"]
["B","MT1317980000000","Columbus, GA-AL Metropolitan Statistical Area","GA"]
["B","MT1319140000000","Dalton, GA Metropolitan Statistical Area","GA"]
["B","MT1323580000000","Gainesville, GA Metropolitan Statistical Area","GA"]
["B","MT1325980000000","Hinesville, GA Metropolitan Statistical Area","GA"]
["B","MT1331420000000","Macon-Bibb County, GA Metropolitan Statistical Area","GA"]
["B","MT1340660000000","Rome, GA Metropolitan Statistical Area","GA"]
["B","MT1342340000000","Savannah, GA Metropolitan Statistical Area","GA"]
["B","MT1346660000000","Valdosta, GA Metropolitan Statistical Area","GA"]
["B","MT1347580000000","Warner Robins, GA Metropolitan Statistical Area","GA"]
["B","MT1527980000000","Kahului-Wailuku-Lahaina, HI Metropolitan Statistical Area","HI"]
["B","MT1546520000000","Urban Honolulu, HI Metropolitan Statistical Area","HI"]
["B","MT1614260000000","Boise City, ID Metropolitan Statistical Area","ID"]
["B","MT1617660000000","Coeur d'Alene, ID Metropolitan Statistical Area","ID"]
["B","MT1626820000000","Idaho Falls, ID Metropolitan Statistical Area","ID"]
["B","MT1630300000000","Lewiston, ID-WA Metropolitan Statistical Area","ID"]
["B","MT1638540000000","Pocatello, ID Metropolitan Statistical Area","ID"]
["B","MT1646300000000","Twin Falls, ID Metropolitan Statistical Area","ID"]
["B","MT1714010000000","Bloomington, IL Metropolitan Statistical Area","IL"]
["B","MT1716060000000","Carbondale-Marion, IL Metropolitan Statistical Area","IL"]
["B","MT1716580000000","Champaign-Urbana, IL Metropolitan Statistical Area","IL"]
["B","MT1716980000000","Chicago-Naperville-Elgin, IL-IN-WI Metropolitan Statistical Area","IL"]
["B","MT1719180000000","Danville, IL Metropolitan Statistical Area","IL"]
["B","MT1719340000000","Davenport-Moline-Rock Island, IA-IL Metropolitan Statistical Area","IA"]
["B","MT1719500000000","Decatur, IL Metropolitan Statistical Area","IL"]
["B","MT1728100000000","Kankakee, IL Metropolitan Statistical Area","IL"]
["B","MT1737900000000","Peoria, IL Metropolitan Statistical Area","IL"]
["B","MT1740420000000","Rockford, IL Metropolitan Statistical Area","IL"]
["B","MT1744100000000","Springfield, IL Metropolitan Statistical Area","IL"]
["B","MT1814020000000","Bloomington, IN Metropolitan Statistical Area","IN"]
["B","MT1818020000000","Columbus, IN Metropolitan Statistical Area","IN"]
["B","MT1821140000000","Elkhart-Goshen, IN Metropolitan Statistical Area","IN"]
["B","MT1821780000000","Evansville, IN-KY Metropolitan Statistical Area","IN"]
["B","MT1823060000000","Fort Wayne, IN Metropolitan Statistical Area","IN"]
["B","MT1826900000000","Indianapolis-Carmel-Anderson, IN Metropolitan Statistical Area","IN"]
["B","MT1829020000000","Kokomo, IN Metropolitan Statistical Area","IN"]
["B","MT1829200000000","Lafayette-West Lafayette, IN Metropolitan Statistical Area","IN"]
["B","MT1833140000000","Michigan City-La Porte, IN Metropolitan Statistical Area","IN"]
["B","MT1834620000000","Muncie, IN Metropolitan Statistical Area","IN"]
["B","MT1843780000000","South Bend-Mishawaka, IN-MI Metropolitan Statistical Area","IN"]
["B","MT1845460000000","Terre Haute, IN Metropolitan Statistical Area","IN"]
["B","MT1911180000000","Ames, IA Metropolitan Statistical Area","IA"]
["B","MT1916300000000","Cedar Rapids, IA Metropolitan Statistical Area","IA"]
["B","MT1919780000000","Des Moines-West Des Moines, IA Metropolitan Statistical Area","IA"]
["B","MT1920220000000","Dubuque, IA Metropolitan Statistical Area","IA"]
["B","MT1926980000000","Iowa City, IA Metropolitan Statistical Area","IA"]
["B","MT1943580000000","Sioux City, IA-NE-SD Metropolitan Statistical Area","IA"]
["B","MT1947940000000","Waterloo-Cedar Falls, IA Metropolitan Statistical Area","IA"]
["B","MT2029940000000","Lawrence, KS Metropolitan Statistical Area","KS"]
["B","MT2031740000000","Manhattan, KS Metropolitan Statistical Area","KS"]
["B","MT2045820000000","Topeka, KS Metropolitan Statistical Area","KS"]
["B","MT2048620000000","Wichita, KS Metropolitan Statistical Area","KS"]
["B","MT2114540000000","Bowling Green, KY Metropolitan Statistical Area","KY"]
["B","MT2121060000000","Elizabethtown-Fort Knox, KY Metropolitan Statistical Area","KY"]
["B","MT2130460000000","Lexington-Fayette, KY Metropolitan Statistical Area","KY"]
["B","MT2131140000000","Louisville/Jefferson County, KY-IN Metropolitan Statistical Area","KY"]
["B","MT2136980000000","Owensboro, KY Metropolitan Statistical Area","KY"]
["B","MT2210780000000","Alexandria, LA Metropolitan Statistical Area","LA"]
["B","MT2212940000000","Baton Rouge, LA Metropolitan Statistical Area","LA"]
["B","MT2225220000000","Hammond, LA Metropolitan Statistical Area","LA"]
["B","MT2226380000000","Houma-Thibodaux, LA Metropolitan Statistical Area","LA"]
["B","MT2229180000000","Lafayette, LA Metropolitan Statistical Area","LA"]
["B","MT2229340000000","Lake Charles, LA Metropolitan Statistical Area","LA"]
["B","MT2233740000000","Monroe, LA Metropolitan Statistical Area","LA"]
["B","MT2235380000000","New Orleans-Metairie, LA Metropolitan Statistical Area","LA"]
["B","MT2243340000000","Shreveport-Bossier City, LA Metropolitan Statistical Area","LA"]
["B","MT2370750000000","Bangor, ME Metropolitan NECTA","ME"]
["B","MT2374650000000","Lewiston-Auburn, ME Metropolitan NECTA","ME"]
["B","MT2376750000000","Portland-South Portland, ME Metropolitan NECTA","ME"]
["B","MT2412580000000","Baltimore-Columbia-Towson, MD Metropolitan Statistical Area","MD"]
["B","MT2415680000000","California-Lexington Park, MD Metropolitan Statistical Area","MD"]
["B","MT2419060000000","Cumberland, MD-WV Metropolitan Statistical Area","MD"]
["B","MT2425180000000","Hagerstown-Martinsburg, MD-WV Metropolitan Statistical Area","MD"]
["B","MT2570900000000","Barnstable Town, MA Metropolitan NECTA","MA"]
["B","MT2571650000000","Boston-Cambridge-Nashua, MA-NH Metropolitan NECTA","MA"]
["B","MT2574500000000","Leominster-Gardner, MA Metropolitan NECTA","MA"]
["B","MT2575550000000","New Bedford, MA Metropolitan NECTA","MA"]
["B","MT2576600000000","Pittsfield, MA Metropolitan NECTA","MA"]
["B","MT2578100000000","Springfield, MA-CT Metropolitan NECTA","MA"]
["B","MT2579600000000","Worcester, MA-CT Metropolitan NECTA","MA"]
["B","MT2611460000000","Ann Arbor, MI Metropolitan Statistical Area","MI"]
["B","MT2612980000000","Battle Creek, MI Metropolitan Statistical Area","MI"]
["B","MT2613020000000","Bay City, MI Metropolitan Statistical Area","MI"]
["B","MT2619820000000","Detroit-Warren-Dearborn, MI Metropolitan Statistical Area","MI"]
["B","MT2622420000000","Flint, MI Metropolitan Statistical Area","MI"]
["B","MT2624340000000","Grand Rapids-Wyoming, MI Metropolitan Statistical Area","MI"]
["B","MT2627100000000","Jackson, MI Metropolitan Statistical Area","MI"]
["B","MT2628020000000","Kalamazoo-Portage, MI Metropolitan Statistical Area","MI"]
["B","MT2629620000000","Lansing-East Lansing, MI Metropolitan Statistical Area","MI"]
["B","MT2633220000000","Midland, MI Metropolitan Statistical Area","MI"]
["B","MT2633780000000","Monroe, MI Metropolitan Statistical Area","MI"]
["B","MT2634740000000","Muskegon, MI Metropolitan Statistical Area","MI"]
["B","MT2635660000000","Niles-Benton Harbor, MI Metropolitan Statistical Area","MI"]
["B","MT2640980000000","Saginaw, MI Metropolitan Statistical Area","MI"]
["B","MT2720260000000","Duluth, MN-WI Metropolitan Statistical Area","MN"]
["B","MT2731860000000","Mankato-North Mankato, MN Metropolitan Statistical Area","MN"]
["B","MT2733460000000","Minneapolis-St. Paul-Bloomington, MN-WI Metropolitan Statistical Area","MN"]
["B","MT2740340000000","Rochester, MN Metropolitan Statistical Area","MN"]
["B","MT2741060000000","St. Cloud, MN Metropolitan Statistical Area","MN"]
["B","MT2825060000000","Gulfport-Biloxi-Pascagoula, MS Metropolitan Statistical Area","MS"]
["B","MT2825620000000","Hattiesburg, MS Metropolitan Statistical Area","MS"]
["B","MT2827140000000","Jackson, MS Metropolitan Statistical Area","MS"]
["B","MT2916020000000","Cape Girardeau, MO-IL Metropolitan Statistical Area","MO"]
["B","MT2917860000000","Columbia, MO Metropolitan Statistical Area","MO"]
["B","MT2927620000000","Jefferson City, MO Metropolitan Statistical Area","MO"]
["B","MT2927900000000","Joplin, MO Metropolitan Statistical Area","MO"]
["B","MT2928140000000","Kansas City, MO-KS Metropolitan Statistical Area","MO"]
["B","MT2941140000000","St. Joseph, MO-KS Metropolitan Statistical Area","MO"]
["B","MT2941180000000","St. Louis, MO-IL Metropolitan Statistical Area","MO"]
["B","MT2944180000000","Springfield, MO Metropolitan Statistical Area","MO"]
["B","MT3013740000000","Billings, MT Metropolitan Statistical Area","MT"]
["B","MT3024500000000","Great Falls, MT Metropolitan Statistical Area","MT"]
["B","MT3033540000000","Missoula, MT Metropolitan Statistical Area","MT"]
["B","MT3124260000000","Grand Island, NE Metropolitan Statistical Area","NE"]
["B","MT3130700000000","Lincoln, NE Metropolitan Statistical Area","NE"]
["B","MT3136540000000","Omaha-Council Bluffs, NE-IA Metropolitan Statistical Area","NE"]
["B","MT3216180000000","Carson City, NV Metropolitan Statistical Area","NV"]
["B","MT3229820000000","Las Vegas-Henderson-Paradise, NV Metropolitan Statistical Area","NV"]
["B","MT3239900000000","Reno, NV Metropolitan Statistical Area","NV"]
["B","MT3373050000000","Dover-Durham, NH-ME Metropolitan NECTA","NH"]
["B","MT3374950000000","Manchester, NH Metropolitan NECTA","NH"]
["B","MT3376900000000","Portsmouth, NH-ME Metropolitan NECTA","NH"]
["B","MT3412100000000","Atlantic City-Hammonton, NJ Metropolitan Statistical Area","NJ"]
["B","MT3436140000000","Ocean City, NJ Metropolitan Statistical Area","NJ"]
["B","MT3445940000000","Trenton, NJ Metropolitan Statistical Area","NJ"]
["B","MT3447220000000","Vineland-Bridgeton, NJ Metropolitan Statistical Area","NJ"]
["B","MT3510740000000","Albuquerque, NM Metropolitan Statistical Area","NM"]
["B","MT3522140000000","Farmington, NM Metropolitan Statistical Area","NM"]
["B","MT3529740000000","Las Cruces, NM Metropolitan Statistical Area","NM"]
["B","MT3542140000000","Santa Fe, NM Metropolitan Statistical Area","NM"]
["B","MT3610580000000","Albany-Schenectady-Troy, NY Metropolitan Statistical Area","NY"]
["B","MT3613780000000","Binghamton, NY Metropolitan Statistical Area","NY"]
["B","MT3615380000000","Buffalo-Cheektowaga-Niagara Falls, NY Metropolitan Statistical Area","NY"]
["B","MT3621300000000","Elmira, NY Metropolitan Statistical Area","NY"]
["B","MT3624020000000","Glens Falls, NY Metropolitan Statistical Area","NY"]
["B","MT3627060000000","Ithaca, NY Metropolitan Statistical Area","NY"]
["B","MT3628740000000","Kingston, NY Metropolitan Statistical Area","NY"]
["B","MT3635620000000","New York-Newark-Jersey City, NY-NJ-PA Metropolitan Statistical Area","NY"]
["B","MT3640380000000","Rochester, NY Metropolitan Statistical Area","NY"]
["B","MT3645060000000","Syracuse, NY Metropolitan Statistical Area","NY"]
["B","MT3646540000000","Utica-Rome, NY Metropolitan Statistical Area","NY"]
["B","MT3648060000000","Watertown-Fort Drum, NY Metropolitan Statistical Area","NY"]
["B","MT3711700000000","Asheville, NC Metropolitan Statistical Area","NC"]
["B","MT3715500000000","Burlington, NC Metropolitan Statistical Area","NC"]
["B","MT3716740000000","Charlotte-Concord-Gastonia, NC-SC Metropolitan Statistical Area","NC"]
["B","MT3720500000000","Durham-Chapel Hill, NC Metropolitan Statistical Area","NC"]
["B","MT3722180000000","Fayetteville, NC Metropolitan Statistical Area","NC"]
["B","MT3724140000000","Goldsboro, NC Metropolitan Statistical Area","NC"]
["B","MT3724660000000","Greensboro-High Point, NC Metropolitan Statistical Area","NC"]
["B","MT3724780000000","Greenville, NC Metropolitan Statistical Area","NC"]
["B","MT3725860000000","Hickory-Lenoir-Morganton, NC Metropolitan Statistical Area","NC"]
["B","MT3727340000000","Jacksonville, NC Metropolitan Statistical Area","NC"]
["B","MT3735100000000","New Bern, NC Metropolitan Statistical Area","NC"]
["B","MT3739580000000","Raleigh, NC Metropolitan Statistical Area","NC"]
["B","MT3740580000000","Rocky Mount, NC Metropolitan Statistical Area","NC"]
["B","MT3748900000000","Wilmington, NC Metropolitan Statistical Area","NC"]
["B","MT3749180000000","Winston-Salem, NC Metropolitan Statistical Area","NC"]
["B","MT3813900000000","Bismarck, ND Metropolitan Statistical Area","ND"]
["B","MT3822020000000","Fargo, ND-MN Metropolitan Statistical Area","ND"]
["B","MT3824220000000","Grand Forks, ND-MN Metropolitan Statistical Area","ND"]
["B","MT3910420000000","Akron, OH Metropolitan Statistical Area","OH"]
["B","MT3915940000000","Canton-Massillon, OH Metropolitan Statistical Area","OH"]
["B","MT3917140000000","Cincinnati, OH-KY-IN Metropolitan Statistical Area","OH"]
["B","MT3917460000000","Cleveland-Elyria, OH Metropolitan Statistical Area","OH"]
["B","MT3918140000000","Columbus, OH Metropolitan Statistical Area","OH"]
["B","MT3919380000000","Dayton, OH Metropolitan Statistical Area","OH"]
["B","MT3930620000000","Lima, OH Metropolitan Statistical Area","OH"]
["B","MT3931900000000","Mansfield, OH Metropolitan Statistical Area","OH"]
["B","MT3944220000000","Springfield, OH Metropolitan Statistical Area","OH"]
["B","MT3945780000000","Toledo, OH Metropolitan Statistical Area","OH"]
["B","MT3948260000000","Weirton-Steubenville, WV-OH Metropolitan Statistical Area","WV"]
["B","MT3949660000000","Youngstown-Warren-Boardman, OH-PA Metropolitan Statistical Area","OH"]
["B","MT4021420000000","Enid, OK Metropolitan Statistical Area","OK"]
["B","MT4030020000000","Lawton, OK Metropolitan Statistical Area","OK"]
["B","MT4036420000000","Oklahoma City, OK Metropolitan Statistical Area","OK"]
["B","MT4046140000000","Tulsa, OK Metropolitan Statistical Area","OK"]
["B","MT4110540000000","Albany, OR Metropolitan Statistical Area","OR"]
["B","MT4113460000000","Bend-Redmond, OR Metropolitan Statistical Area","OR"]
["B","MT4118700000000","Corvallis, OR Metropolitan Statistical Area","OR"]
["B","MT4121660000000","Eugene, OR Metropolitan Statistical Area","OR"]
["B","MT4124420000000","Grants Pass, OR Metropolitan Statistical Area","OR"]
["B","MT4132780000000","Medford, OR Metropolitan Statistical Area","OR"]
["B","MT4138900000000","Portland-Vancouver-Hillsboro, OR-WA Metropolitan Statistical Area","OR"]
["B","MT4141420000000","Salem, OR Metropolitan Statistical Area","OR"]
["B","MT4210900000000","Allentown-Bethlehem-Easton, PA-NJ Metropolitan Statistical Area","PA"]
["B","MT4211020000000","Altoona, PA Metropolitan Statistical Area","PA"]
["B","MT4214100000000","Bloomsburg-Berwick, PA Metropolitan Statistical Area","PA"]
["B","MT4216540000000","Chambersburg-Waynesboro, PA Metropolitan Statistical Area","PA"]
["B","MT4220700000000","East Stroudsburg, PA Metropolitan Statistical Area","PA"]
["B","MT4221500000000","Erie, PA Metropolitan Statistical Area","PA"]
["B","MT4223900000000","Gettysburg, PA Metropolitan Statistical Area","PA"]
["B","MT4225420000000","Harrisburg-Carlisle, PA Metropolitan Statistical Area","PA"]
["B","MT4227780000000","Johnstown, PA Metropolitan Statistical Area","PA"]
["B","MT4229540000000","Lancaster, PA Metropolitan Statistical Area","PA"]
["B","MT4230140000000","Lebanon, PA Metropolitan Statistical Area","PA"]
["B","MT4237980000000","Philadelphia-Camden-Wilmington, PA-NJ-DE-MD Metropolitan Statistical Area","PA"]
["B","MT4238300000000","Pittsburgh, PA Metropolitan Statistical Area","PA"]
["B","MT4239740000000","Reading, PA Metropolitan Statistical Area","PA"]
["B","MT4242540000000","Scranton--Wilkes-Barre--Hazleton, PA Metropolitan Statistical Area","PA"]
["B","MT4244300000000","State College, PA Metropolitan Statistical Area","PA"]
["B","MT4248700000000","Williamsport, PA Metropolitan Statistical Area","PA"]
["B","MT4249620000000","York-Hanover, PA Metropolitan Statistical Area","PA"]
["B","MT4477200000000","Providence-Warwick, RI-MA Metropolitan NECTA","RI"]
["B","MT4516700000000","Charleston-North Charleston, SC Metropolitan Statistical Area","SC"]
["B","MT4517900000000","Columbia, SC Metropolitan Statistical Area","SC"]
["B","MT4522500000000","Florence, SC Metropolitan Statistical Area","SC"]
["B","MT4524860000000","Greenville-Anderson-Mauldin, SC Metropolitan Statistical Area","SC"]
["B","MT4525940000000","Hilton Head Island-Bluffton-Beaufort, SC Metropolitan Statistical Area","SC"]
["B","MT4534820000000","Myrtle Beach-Conway-North Myrtle Beach, SC-NC Metropolitan Statistical Area","SC"]
["B","MT4543900000000","Spartanburg, SC Metropolitan Statistical Area","SC"]
["B","MT4544940000000","Sumter, SC Metropolitan Statistical Area","SC"]
["B","MT4639660000000","Rapid City, SD Metropolitan Statistical Area","SD"]
["B","MT4643620000000","Sioux Falls, SD Metropolitan Statistical Area","SD"]
["B","MT4716860000000","Chattanooga, TN-GA Metropolitan Statistical Area","TN"]
["B","MT4717300000000","Clarksville, TN-KY Metropolitan Statistical Area","TN"]
["B","MT4717420000000","Cleveland, TN Metropolitan Statistical Area","TN"]
["B","MT4727180000000","Jackson, TN Metropolitan Statistical Area","TN"]
["B","MT4727740000000","Johnson City, TN Metropolitan Statistical Area","TN"]
["B","MT4728700000000","Kingsport-Bristol-Bristol, TN-VA Metropolitan Statistical Area","TN"]
["B","MT4728940000000","Knoxville, TN Metropolitan Statistical Area","TN"]
["B","MT4732820000000","Memphis, TN-MS-AR Metropolitan Statistical Area","TN"]
["B","MT4734100000000","Morristown, TN Metropolitan Statistical Area","TN"]
["B","MT4734980000000","Nashville-Davidson--Murfreesboro--Franklin, TN Metropolitan Statistical Area","TN"]
["B","MT4810180000000","Abilene, TX Metropolitan Statistical Area","TX"]
["B","MT4811100000000","Amarillo, TX Metropolitan Statistical Area","TX"]
["B","MT4812420000000","Austin-Round Rock, TX Metropolitan Statistical Area","TX"]
["B","MT4813140000000","Beaumont-Port Arthur, TX Metropolitan Statistical Area","TX"]
["B","MT4815180000000","Brownsville-Harlingen, TX Metropolitan Statistical Area","TX"]
["B","MT4817780000000","College Station-Bryan, TX Metropolitan Statistical Area","TX"]
["B","MT4818580000000","Corpus Christi, TX Metropolitan Statistical Area","TX"]
["B","MT4819100000000","Dallas-Fort Worth-Arlington, TX Metropolitan Statistical Area","TX"]
["B","MT4821340000000","El Paso, TX Metropolitan Statistical Area","TX"]
["B","MT4826420000000","Houston-The Woodlands-Sugar Land, TX Metropolitan Statistical Area","TX"]
["B","MT4828660000000","Killeen-Temple, TX Metropolitan Statistical Area","TX"]
["B","MT4829700000000","Laredo, TX Metropolitan Statistical Area","TX"]
["B","MT4830980000000","Longview, TX Metropolitan Statistical Area","TX"]
["B","MT4831180000000","Lubbock, TX Metropolitan Statistical Area","TX"]
["B","MT4832580000000","McAllen-Edinburg-Mission, TX Metropolitan Statistical Area","TX"]
["B","MT4833260000000","Midland, TX Metropolitan Statistical Area","TX"]
["B","MT4836220000000","Odessa, TX Metropolitan Statistical Area","TX"]
["B","MT4841660000000","San Angelo, TX Metropolitan Statistical Area","TX"]
["B","MT4841700000000","San Antonio-New Braunfels, TX Metropolitan Statistical Area","TX"]
["B","MT4843300000000","Sherman-Denison, TX Metropolitan Statistical Area","TX"]
["B","MT4845500000000","Texarkana, TX-AR Metropolitan Statistical Area","TX"]
["B","MT4846340000000","Tyler, TX Metropolitan Statistical Area","TX"]
["B","MT4847020000000","Victoria, TX Metropolitan Statistical Area","TX"]
["B","MT4847380000000","Waco, TX Metropolitan Statistical Area","TX"]
["B","MT4848660000000","Wichita Falls, TX Metropolitan Statistical Area","TX"]
["B","MT4930860000000","Logan, UT-ID Metropolitan Statistical Area","UT"]
["B","MT4936260000000","Ogden-Clearfield, UT Metropolitan Statistical Area","UT"]
["B","MT4939340000000","Provo-Orem, UT Metropolitan Statistical Area","UT"]
["B","MT4941100000000","St. George, UT Metropolitan Statistical Area","UT"]
["B","MT4941620000000","Salt Lake City, UT Metropolitan Statistical Area","UT"]
["B","MT5072400000000","Burlington-South Burlington, VT Metropolitan NECTA","VT"]
["B","MT5113980000000","Blacksburg-Christiansburg-Radford, VA Metropolitan Statistical Area","VA"]
["B","MT5116820000000","Charlottesville, VA Metropolitan Statistical Area","VA"]
["B","MT5125500000000","Harrisonburg, VA Metropolitan Statistical Area","VA"]
["B","MT5131340000000","Lynchburg, VA Metropolitan Statistical Area","VA"]
["B","MT5140060000000","Richmond, VA Metropolitan Statistical Area","VA"]
["B","MT5140220000000","Roanoke, VA Metropolitan Statistical Area","VA"]
["B","MT5144420000000","Staunton-Waynesboro, VA Metropolitan Statistical Area","VA"]
["B","MT5147260000000","Virginia Beach-Norfolk-Newport News, VA-NC Metropolitan Statistical Area","VA"]
["B","MT5149020000000","Winchester, VA-WV Metropolitan Statistical Area","VA"]
["B","MT5313380000000","Bellingham, WA Metropolitan Statistical Area","WA"]
["B","MT5314740000000","Bremerton-Silverdale, WA Metropolitan Statistical Area","WA"]
["B","MT5328420000000","Kennewick-Richland, WA Metropolitan Statistical Area","WA"]
["B","MT5331020000000","Longview, WA Metropolitan Statistical Area","WA"]
["B","MT5334580000000","Mount Vernon-Anacortes, WA Metropolitan Statistical Area","WA"]
["B","MT5336500000000","Olympia-Tumwater, WA Metropolitan Statistical Area","WA"]
["B","MT5342660000000","Seattle-Tacoma-Bellevue, WA Metropolitan Statistical Area","WA"]
["B","MT5344060000000","Spokane-Spokane Valley, WA Metropolitan Statistical Area","WA"]
["B","MT5347460000000","Walla Walla, WA Metropolitan Statistical Area","WA"]
["B","MT5348300000000","Wenatchee, WA Metropolitan Statistical Area","WA"]
["B","MT5349420000000","Yakima, WA Metropolitan Statistical Area","WA"]
["B","MT5413220000000","Beckley, WV Metropolitan Statistical Area","WV"]
["B","MT5416620000000","Charleston, WV Metropolitan Statistical Area","WV"]
["B","MT5426580000000","Huntington-Ashland, WV-KY-OH Metropolitan Statistical Area","WV"]
["B","MT5434060000000","Morgantown, WV Metropolitan Statistical Area","WV"]
["B","MT5437620000000","Parkersburg-Vienna, WV Metropolitan Statistical Area","WV"]
["B","MT5448540000000","Wheeling, WV-OH Metropolitan Statistical Area","WV"]
["B","MT5511540000000","Appleton, WI Metropolitan Statistical Area","WI"]
["B","MT5520740000000","Eau Claire, WI Metropolitan Statistical Area","WI"]
["B","MT5522540000000","Fond du Lac, WI Metropolitan Statistical Area","WI"]
["B","MT5524580000000","Green Bay, WI Metropolitan Statistical Area","WI"]
["B","MT5527500000000","Janesville-Beloit, WI Metropolitan Statistical Area","WI"]
["B","MT5529100000000","La Crosse-Onalaska, WI-MN Metropolitan Statistical Area","WI"]
["B","MT5531540000000","Madison, WI Metropolitan Statistical Area","WI"]
["B","MT5533340000000","Milwaukee-Waukesha-West Allis, WI Metropolitan Statistical Area","WI"]
["B","MT5536780000000","Oshkosh-Neenah, WI Metropolitan Statistical Area","WI"]
["B","MT5539540000000","Racine, WI Metropolitan Statistical Area","WI"]
["B","MT5543100000000","Sheboygan, WI Metropolitan Statistical Area","WI"]
["B","MT5548140000000","Wausau, WI Metropolitan Statistical Area","WI"]
["B","MT5616220000000","Casper, WY Metropolitan Statistical Area","WY"]
["B","MT5616940000000","Cheyenne, WY Metropolitan Statistical Area","WY"]
["B","MT7210380000000","Aguadilla-Isabela, PR Metropolitan Statistical Area","PR"]
["B","MT7211640000000","Arecibo, PR Metropolitan Statistical Area","PR"]
["B","MT7225020000000","Guayama, PR Metropolitan Statistical Area","PR"]
["B","MT7232420000000","Mayaguez, PR Metropolitan Statistical Area","PR"]
["B","MT7238660000000","Ponce, PR Metropolitan Statistical Area","PR"]
["B","MT7241900000000","San German, PR Metropolitan Statistical Area","PR"]
["B","MT7241980000000","San Juan-Carolina-Caguas, PR Metropolitan Statistical Area","PR"]
["C","DV0611244000000","Anaheim-Santa Ana-Irvine, CA Metropolitan Division","CA"]
["C","DV0631084000000","Los Angeles-Long Beach-Glendale, CA Metropolitan Division","CA"]
["C","DV0636084000000","Oakland-Hayward-Berkeley, CA Metropolitan Division","CA"]
["C","DV0641884000000","San Francisco-Redwood City-South San Francisco, CA Metropolitan Division","CA"]
["C","DV0642034000000","San Rafael, CA Metropolitan Division","CA"]
["C","DV1048864000000","Wilmington, DE-MD-NJ Metropolitan Division","DE"]
["C","DV1147894000000","Washington-Arlington-Alexandria, DC-VA-MD-WV Metropolitan Division","DC"]
["C","DV1222744000000","Fort Lauderdale-Pompano Beach-Deerfield Beach, FL Metropolitan Division","FL"]
["C","DV1233124000000","Miami-Miami Beach-Kendall, FL Metropolitan Division","FL"]
["C","DV1248424000000","West Palm Beach-Boca Raton-Delray Beach, FL Metropolitan Division","FL"]
["C","DV1716974000000","Chicago-Naperville-Arlington Heights, IL Metropolitan Division","IL"]
["C","DV1720994000000","Elgin, IL Metropolitan Division","IL"]
["C","DV1729404000000","Lake County-Kenosha County, IL-WI Metropolitan Division","IL"]
["C","DV1823844000000","Gary, IN Metropolitan Division","IN"]
["C","DV2443524000000","Silver Spring-Frederick-Rockville, MD Metropolitan Division","MD"]
["C","DV2571654000000","Boston-Cambridge-Newton, MA NECTA Division","MA"]
["C","DV2572104000000","Brockton-Bridgewater-Easton, MA NECTA Division","MA"]
["C","DV2573104000000","Framingham, MA NECTA Division","MA"]
["C","DV2573604000000","Haverhill-Newburyport-Amesbury Town, MA-NH NECTA Division","MA"]
["C","DV2574204000000","Lawrence-Methuen Town-Salem, MA-NH NECTA Division","MA"]
["C","DV2574804000000","Lowell-Billerica-Chelmsford, MA-NH NECTA Division","MA"]
["C","DV2574854000000","Lynn-Saugus-Marblehead, MA NECTA Division","MA"]
["C","DV2576524000000","Peabody-Salem-Beverly, MA NECTA Division","MA"]
["C","DV2578254000000","Taunton-Middleborough-Norton, MA NECTA Division","MA"]
["C","DV2619804000000","Detroit-Dearborn-Livonia, MI Metropolitan Division","MI"]
["C","DV2647664000000","Warren-Troy-Farmington Hills, MI Metropolitan Division","MI"]
["C","DV3375404000000","Nashua, NH-MA NECTA Division","NH"]
["C","DV3415804000000","Camden, NJ Metropolitan Division","NJ"]
["C","DV3435084000000","Newark, NJ-PA Metropolitan Division","NJ"]
["C","DV3620524000000","Dutchess County-Putnam County, NY Metropolitan Division","NY"]
["C","DV3635004000000","Nassau County-Suffolk County, NY Metropolitan Division","NY"]
["C","DV3635614000000","New York-Jersey City-White Plains, NY-NJ Metropolitan Division","NY"]
["C","DV4233874000000","Montgomery County-Bucks County-Chester County, PA Metropolitan Division","PA"]
["C","DV4237964000000","Philadelphia, PA Metropolitan Division","PA"]
["C","DV4819124000000","Dallas-Plano-Irving, TX Metropolitan Division","TX"]
["C","DV4823104000000","Fort Worth-Arlington, TX Metropolitan Division","TX"]
["C","DV5342644000000","Seattle-Bellevue-Everett, WA Metropolitan Division","WA"]
["C","DV5345104000000","Tacoma-Lakewood, WA Metropolitan Division","WA"]
["D","MC0110700000000","Albertville, AL Micropolitan Statistical Area","AL"]
["D","MC0110760000000","Alexander City, AL Micropolitan Statistical Area","AL"]
["D","MC0112120000000","Atmore, AL Micropolitan Statistical Area","AL"]
["D","MC0118980000000","Cullman, AL Micropolitan Statistical Area","AL"]
["D","MC0121460000000","Enterprise, AL Micropolitan Statistical Area","AL"]
["D","MC0121640000000","Eufaula, AL-GA Micropolitan Statistical Area","AL"]
["D","MC0122840000000","Fort Payne, AL Micropolitan Statistical Area","AL"]
["D","MC0137120000000","Ozark, AL Micropolitan Statistical Area","AL"]
["D","MC0142460000000","Scottsboro, AL Micropolitan Statistical Area","AL"]
["D","MC0142820000000","Selma, AL Micropolitan Statistical Area","AL"]
["D","MC0145180000000","Talladega-Sylacauga, AL Micropolitan Statistical Area","AL"]
["D","MC0145980000000","Troy, AL Micropolitan Statistical Area","AL"]
["D","MC0146740000000","Valley, AL Micropolitan Statistical Area","AL"]
["D","MC0227940000000","Juneau, AK Micropolitan Statistical Area","AK"]
["D","MC0228540000000","Ketchikan, AK Micropolitan Statistical Area","AK"]
["D","MC0435700000000","Nogales, AZ Micropolitan Statistical Area","AZ"]
["D","MC0437740000000","Payson, AZ Micropolitan Statistical Area","AZ"]
["D","MC0440940000000","Safford, AZ Micropolitan Statistical Area","AZ"]
["D","MC0443320000000","Show Low, AZ Micropolitan Statistical Area","AZ"]
["D","MC0511660000000","Arkadelphia, AR Micropolitan Statistical Area","AR"]
["D","MC0512900000000","Batesville, AR Micropolitan Statistical Area","AR"]
["D","MC0514180000000","Blytheville, AR Micropolitan Statistical Area","AR"]
["D","MC0515780000000","Camden, AR Micropolitan Statistical Area","AR"]
["D","MC0520980000000","El Dorado, AR Micropolitan Statistical Area","AR"]
["D","MC0522620000000","Forrest City, AR Micropolitan Statistical Area","AR"]
["D","MC0525460000000","Harrison, AR Micropolitan Statistical Area","AR"]
["D","MC0525760000000","Helena-West Helena, AR Micropolitan Statistical Area","AR"]
["D","MC0526260000000","Hope, AR Micropolitan Statistical Area","AR"]
["D","MC0531620000000","Magnolia, AR Micropolitan Statistical Area","AR"]
["D","MC0531680000000","Malvern, AR Micropolitan Statistical Area","AR"]
["D","MC0534260000000","Mountain Home, AR Micropolitan Statistical Area","AR"]
["D","MC0537500000000","Paragould, AR Micropolitan Statistical Area","AR"]
["D","MC0540780000000","Russellville, AR Micropolitan Statistical Area","AR"]
["D","MC0542620000000","Searcy, AR Micropolitan Statistical Area","AR"]
["D","MC0617340000000","Clearlake, CA Micropolitan Statistical Area","CA"]
["D","MC0618860000000","Crescent City, CA Micropolitan Statistical Area","CA"]
["D","MC0621700000000","Eureka-Arcata-Fortuna, CA Micropolitan Statistical Area","CA"]
["D","MC0639780000000","Red Bluff, CA Micropolitan Statistical Area","CA"]
["D","MC0643760000000","Sonora, CA Micropolitan Statistical Area","CA"]
["D","MC0645000000000","Susanville, CA Micropolitan Statistical Area","CA"]
["D","MC0646020000000","Truckee-Grass Valley, CA Micropolitan Statistical Area","CA"]
["D","MC0646380000000","Ukiah, CA Micropolitan Statistical Area","CA"]
["D","MC0814720000000","Breckenridge, CO Micropolitan Statistical Area","CO"]
["D","MC0815860000000","Canon City, CO Micropolitan Statistical Area","CO"]
["D","MC0818780000000","Craig, CO Micropolitan Statistical Area","CO"]
["D","MC0820420000000","Durango, CO Micropolitan Statistical Area","CO"]
["D","MC0820780000000","Edwards, CO Micropolitan Statistical Area","CO"]
["D","MC0822820000000","Fort Morgan, CO Micropolitan Statistical Area","CO"]
["D","MC0824060000000","Glenwood Springs, CO Micropolitan Statistical Area","CO"]
["D","MC0833940000000","Montrose, CO Micropolitan Statistical Area","CO"]
["D","MC0844460000000","Steamboat Springs, CO Micropolitan Statistical Area","CO"]
["D","MC0844540000000","Sterling, CO Micropolitan Statistical Area","CO"]
["D","MC0978400000000","Torrington, CT Micropolitan NECTA","CT"]
["D","MC1211580000000","Arcadia, FL Micropolitan Statistical Area","FL"]
["D","MC1217500000000","Clewiston, FL Micropolitan Statistical Area","FL"]
["D","MC1228580000000","Key West, FL Micropolitan Statistical Area","FL"]
["D","MC1229380000000","Lake City, FL Micropolitan Statistical Area","FL"]
["D","MC1236380000000","Okeechobee, FL Micropolitan Statistical Area","FL"]
["D","MC1237260000000","Palatka, FL Micropolitan Statistical Area","FL"]
["D","MC1248100000000","Wauchula, FL Micropolitan Statistical Area","FL"]
["D","MC1311140000000","Americus, GA Micropolitan Statistical Area","GA"]
["D","MC1312460000000","Bainbridge, GA Micropolitan Statistical Area","GA"]
["D","MC1315660000000","Calhoun, GA Micropolitan Statistical Area","GA"]
["D","MC1316340000000","Cedartown, GA Micropolitan Statistical Area","GA"]
["D","MC1318380000000","Cordele, GA Micropolitan Statistical Area","GA"]
["D","MC1318460000000","Cornelia, GA Micropolitan Statistical Area","GA"]
["D","MC1320060000000","Douglas, GA Micropolitan Statistical Area","GA"]
["D","MC1320140000000","Dublin, GA Micropolitan Statistical Area","GA"]
["D","MC1322340000000","Fitzgerald, GA Micropolitan Statistical Area","GA"]
["D","MC1327600000000","Jefferson, GA Micropolitan Statistical Area","GA"]
["D","MC1327700000000","Jesup, GA Micropolitan Statistical Area","GA"]
["D","MC1329300000000","LaGrange, GA Micropolitan Statistical Area","GA"]
["D","MC1333300000000","Milledgeville, GA Micropolitan Statistical Area","GA"]
["D","MC1334220000000","Moultrie, GA Micropolitan Statistical Area","GA"]
["D","MC1341220000000","St. Marys, GA Micropolitan Statistical Area","GA"]
["D","MC1344340000000","Statesboro, GA Micropolitan Statistical Area","GA"]
["D","MC1344900000000","Summerville, GA Micropolitan Statistical Area","GA"]
["D","MC1345580000000","Thomaston, GA Micropolitan Statistical Area","GA"]
["D","MC1345620000000","Thomasville, GA Micropolitan Statistical Area","GA"]
["D","MC1345700000000","Tifton, GA Micropolitan Statistical Area","GA"]
["D","MC1345740000000","Toccoa, GA Micropolitan Statistical Area","GA"]
["D","MC1347080000000","Vidalia, GA Micropolitan Statistical Area","GA"]
["D","MC1348180000000","Waycross, GA Micropolitan Statistical Area","GA"]
["D","MC1525900000000","Hilo, HI Micropolitan Statistical Area","HI"]
["D","MC1528180000000","Kapaa, HI Micropolitan Statistical Area","HI"]
["D","MC1613940000000","Blackfoot, ID Micropolitan Statistical Area","ID"]
["D","MC1615420000000","Burley, ID Micropolitan Statistical Area","ID"]
["D","MC1625200000000","Hailey, ID Micropolitan Statistical Area","ID"]
["D","MC1634140000000","Moscow, ID Micropolitan Statistical Area","ID"]
["D","MC1634300000000","Mountain Home, ID Micropolitan Statistical Area","ID"]
["D","MC1639940000000","Rexburg, ID Micropolitan Statistical Area","ID"]
["D","MC1641760000000","Sandpoint, ID Micropolitan Statistical Area","ID"]
["D","MC1715900000000","Canton, IL Micropolitan Statistical Area","IL"]
["D","MC1716460000000","Centralia, IL Micropolitan Statistical Area","IL"]
["D","MC1716660000000","Charleston-Mattoon, IL Micropolitan Statistical Area","IL"]
["D","MC1719940000000","Dixon, IL Micropolitan Statistical Area","IL"]
["D","MC1720820000000","Effingham, IL Micropolitan Statistical Area","IL"]
["D","MC1723300000000","Freeport, IL Micropolitan Statistical Area","IL"]
["D","MC1723660000000","Galesburg, IL Micropolitan Statistical Area","IL"]
["D","MC1727300000000","Jacksonville, IL Micropolitan Statistical Area","IL"]
["D","MC1730660000000","Lincoln, IL Micropolitan Statistical Area","IL"]
["D","MC1731380000000","Macomb, IL Micropolitan Statistical Area","IL"]
["D","MC1734500000000","Mount Vernon, IL Micropolitan Statistical Area","IL"]
["D","MC1736860000000","Ottawa-Peru, IL Micropolitan Statistical Area","IL"]
["D","MC1738700000000","Pontiac, IL Micropolitan Statistical Area","IL"]
["D","MC1739500000000","Quincy, IL-MO Micropolitan Statistical Area","IL"]
["D","MC1740300000000","Rochelle, IL Micropolitan Statistical Area","IL"]
["D","MC1744580000000","Sterling, IL Micropolitan Statistical Area","IL"]
["D","MC1745380000000","Taylorville, IL Micropolitan Statistical Area","IL"]
["D","MC1811420000000","Angola, IN Micropolitan Statistical Area","IN"]
["D","MC1812140000000","Auburn, IN Micropolitan Statistical Area","IN"]
["D","MC1813260000000","Bedford, IN Micropolitan Statistical Area","IN"]
["D","MC1818220000000","Connersville, IN Micropolitan Statistical Area","IN"]
["D","MC1818820000000","Crawfordsville, IN Micropolitan Statistical Area","IN"]
["D","MC1819540000000","Decatur, IN Micropolitan Statistical Area","IN"]
["D","MC1823140000000","Frankfort, IN Micropolitan Statistical Area","IN"]
["D","MC1824700000000","Greensburg, IN Micropolitan Statistical Area","IN"]
["D","MC1826540000000","Huntington, IN Micropolitan Statistical Area","IN"]
["D","MC1827540000000","Jasper, IN Micropolitan Statistical Area","IN"]
["D","MC1828340000000","Kendallville, IN Micropolitan Statistical Area","IN"]
["D","MC1830900000000","Logansport, IN Micropolitan Statistical Area","IN"]
["D","MC1831500000000","Madison, IN Micropolitan Statistical Area","IN"]
["D","MC1831980000000","Marion, IN Micropolitan Statistical Area","IN"]
["D","MC1835220000000","New Castle, IN Micropolitan Statistical Area","IN"]
["D","MC1835860000000","North Vernon, IN Micropolitan Statistical Area","IN"]
["D","MC1837940000000","Peru, IN Micropolitan Statistical Area","IN"]
["D","MC1838500000000","Plymouth, IN Micropolitan Statistical Area","IN"]
["D","MC1839980000000","Richmond, IN Micropolitan Statistical Area","IN"]
["D","MC1842980000000","Seymour, IN Micropolitan Statistical Area","IN"]
["D","MC1847180000000","Vincennes, IN Micropolitan Statistical Area","IN"]
["D","MC1847340000000","Wabash, IN Micropolitan Statistical Area","IN"]
["D","MC1847700000000","Warsaw, IN Micropolitan Statistical Area","IN"]
["D","MC1847780000000","Washington, IN Micropolitan Statistical Area","IN"]
["D","MC1914340000000","Boone, IA Micropolitan Statistical Area","IA"]
["D","MC1915460000000","Burlington, IA-IL Micropolitan Statistical Area","IA"]
["D","MC1916140000000","Carroll, IA Micropolitan Statistical Area","IA"]
["D","MC1917540000000","Clinton, IA Micropolitan Statistical Area","IA"]
["D","MC1921840000000","Fairfield, IA Micropolitan Statistical Area","IA"]
["D","MC1922700000000","Fort Dodge, IA Micropolitan Statistical Area","IA"]
["D","MC1922800000000","Fort Madison-Keokuk, IA-IL-MO Micropolitan Statistical Area","IA"]
["D","MC1932260000000","Marshalltown, IA Micropolitan Statistical Area","IA"]
["D","MC1932380000000","Mason City, IA Micropolitan Statistical Area","IA"]
["D","MC1934700000000","Muscatine, IA Micropolitan Statistical Area","IA"]
["D","MC1935500000000","Newton, IA Micropolitan Statistical Area","IA"]
["D","MC1936820000000","Oskaloosa, IA Micropolitan Statistical Area","IA"]
["D","MC1936900000000","Ottumwa, IA Micropolitan Statistical Area","IA"]
["D","MC1937800000000","Pella, IA Micropolitan Statistical Area","IA"]
["D","MC1943980000000","Spencer, IA Micropolitan Statistical Area","IA"]
["D","MC1944020000000","Spirit Lake, IA Micropolitan Statistical Area","IA"]
["D","MC1944740000000","Storm Lake, IA Micropolitan Statistical Area","IA"]
["D","MC2011680000000","Arkansas City-Winfield, KS Micropolitan Statistical Area","KS"]
["D","MC2011860000000","Atchison, KS Micropolitan Statistical Area","KS"]
["D","MC2017700000000","Coffeyville, KS Micropolitan Statistical Area","KS"]
["D","MC2019980000000","Dodge City, KS Micropolitan Statistical Area","KS"]
["D","MC2021380000000","Emporia, KS Micropolitan Statistical Area","KS"]
["D","MC2023780000000","Garden City, KS Micropolitan Statistical Area","KS"]
["D","MC2024460000000","Great Bend, KS Micropolitan Statistical Area","KS"]
["D","MC2025700000000","Hays, KS Micropolitan Statistical Area","KS"]
["D","MC2026740000000","Hutchinson, KS Micropolitan Statistical Area","KS"]
["D","MC2027920000000","Junction City, KS Micropolitan Statistical Area","KS"]
["D","MC2030580000000","Liberal, KS Micropolitan Statistical Area","KS"]
["D","MC2032700000000","McPherson, KS Micropolitan Statistical Area","KS"]
["D","MC2036840000000","Ottawa, KS Micropolitan Statistical Area","KS"]
["D","MC2037660000000","Parsons, KS Micropolitan Statistical Area","KS"]
["D","MC2038260000000","Pittsburg, KS Micropolitan Statistical Area","KS"]
["D","MC2041460000000","Salina, KS Micropolitan Statistical Area","KS"]
["D","MC2112680000000","Bardstown, KY Micropolitan Statistical Area","KY"]
["D","MC2115820000000","Campbellsville, KY Micropolitan Statistical Area","KY"]
["D","MC2116420000000","Central City, KY Micropolitan Statistical Area","KY"]
["D","MC2119220000000","Danville, KY Micropolitan Statistical Area","KY"]
["D","MC2123180000000","Frankfort, KY Micropolitan Statistical Area","KY"]
["D","MC2123980000000","Glasgow, KY Micropolitan Statistical Area","KY"]
["D","MC2130940000000","London, KY Micropolitan Statistical Area","KY"]
["D","MC2131580000000","Madisonville, KY Micropolitan Statistical Area","KY"]
["D","MC2132460000000","Mayfield, KY Micropolitan Statistical Area","KY"]
["D","MC2132500000000","Maysville, KY Micropolitan Statistical Area","KY"]
["D","MC2133180000000","Middlesborough, KY Micropolitan Statistical Area","KY"]
["D","MC2134460000000","Mount Sterling, KY Micropolitan Statistical Area","KY"]
["D","MC2134660000000","Murray, KY Micropolitan Statistical Area","KY"]
["D","MC2137140000000","Paducah, KY-IL Micropolitan Statistical Area","KY"]
["D","MC2140080000000","Richmond-Berea, KY Micropolitan Statistical Area","KY"]
["D","MC2143700000000","Somerset, KY Micropolitan Statistical Area","KY"]
["D","MC2212820000000","Bastrop, LA Micropolitan Statistical Area","LA"]
["D","MC2214220000000","Bogalusa, LA Micropolitan Statistical Area","LA"]
["D","MC2219760000000","DeRidder, LA Micropolitan Statistical Area","LA"]
["D","MC2222860000000","Fort Polk South, LA Micropolitan Statistical Area","LA"]
["D","MC2227660000000","Jennings, LA Micropolitan Statistical Area","LA"]
["D","MC2234020000000","Morgan City, LA Micropolitan Statistical Area","LA"]
["D","MC2235060000000","Natchitoches, LA Micropolitan Statistical Area","LA"]
["D","MC2236660000000","Opelousas, LA Micropolitan Statistical Area","LA"]
["D","MC2240820000000","Ruston, LA Micropolitan Statistical Area","LA"]
["D","MC2370600000000","Augusta, ME Micropolitan NECTA","ME"]
["D","MC2372250000000","Brunswick, ME Micropolitan NECTA","ME"]
["D","MC2377950000000","Sanford, ME Micropolitan NECTA","ME"]
["D","MC2378850000000","Waterville, ME Micropolitan NECTA","ME"]
["D","MC2415700000000","Cambridge, MD Micropolitan Statistical Area","MD"]
["D","MC2420660000000","Easton, MD Micropolitan Statistical Area","MD"]
["D","MC2570450000000","Athol, MA Micropolitan NECTA","MA"]
["D","MC2573300000000","Greenfield Town, MA Micropolitan NECTA","MA"]
["D","MC2576150000000","North Adams, MA-VT Micropolitan NECTA","MA"]
["D","MC2578500000000","Vineyard Haven, MA Micropolitan NECTA","MA"]
["D","MC2610300000000","Adrian, MI Micropolitan Statistical Area","MI"]
["D","MC2610940000000","Alma, MI Micropolitan Statistical Area","MI"]
["D","MC2610980000000","Alpena, MI Micropolitan Statistical Area","MI"]
["D","MC2613660000000","Big Rapids, MI Micropolitan Statistical Area","MI"]
["D","MC2615620000000","Cadillac, MI Micropolitan Statistical Area","MI"]
["D","MC2617740000000","Coldwater, MI Micropolitan Statistical Area","MI"]
["D","MC2621540000000","Escanaba, MI Micropolitan Statistical Area","MI"]
["D","MC2625880000000","Hillsdale, MI Micropolitan Statistical Area","MI"]
["D","MC2626090000000","Holland, MI Micropolitan Statistical Area","MI"]
["D","MC2626340000000","Houghton, MI Micropolitan Statistical Area","MI"]
["D","MC2626960000000","Ionia, MI Micropolitan Statistical Area","MI"]
["D","MC2627020000000","Iron Mountain, MI-WI Micropolitan Statistical Area","MI"]
["D","MC2631220000000","Ludington, MI Micropolitan Statistical Area","MI"]
["D","MC2632100000000","Marquette, MI Micropolitan Statistical Area","MI"]
["D","MC2634380000000","Mount Pleasant, MI Micropolitan Statistical Area","MI"]
["D","MC2637020000000","Owosso, MI Micropolitan Statistical Area","MI"]
["D","MC2642300000000","Sault Ste. Marie, MI Micropolitan Statistical Area","MI"]
["D","MC2644780000000","Sturgis, MI Micropolitan Statistical Area","MI"]
["D","MC2645900000000","Traverse City, MI Micropolitan Statistical Area","MI"]
["D","MC2710660000000","Albert Lea, MN Micropolitan Statistical Area","MN"]
["D","MC2710820000000","Alexandria, MN Micropolitan Statistical Area","MN"]
["D","MC2712380000000","Austin, MN Micropolitan Statistical Area","MN"]
["D","MC2713420000000","Bemidji, MN Micropolitan Statistical Area","MN"]
["D","MC2714660000000","Brainerd, MN Micropolitan Statistical Area","MN"]
["D","MC2721860000000","Fairmont, MN Micropolitan Statistical Area","MN"]
["D","MC2722060000000","Faribault-Northfield, MN Micropolitan Statistical Area","MN"]
["D","MC2722260000000","Fergus Falls, MN Micropolitan Statistical Area","MN"]
["D","MC2724330000000","Grand Rapids, MN Micropolitan Statistical Area","MN"]
["D","MC2726780000000","Hutchinson, MN Micropolitan Statistical Area","MN"]
["D","MC2732140000000","Marshall, MN Micropolitan Statistical Area","MN"]
["D","MC2735580000000","New Ulm, MN Micropolitan Statistical Area","MN"]
["D","MC2736940000000","Owatonna, MN Micropolitan Statistical Area","MN"]
["D","MC2739860000000","Red Wing, MN Micropolitan Statistical Area","MN"]
["D","MC2748820000000","Willmar, MN Micropolitan Statistical Area","MN"]
["D","MC2749100000000","Winona, MN Micropolitan Statistical Area","MN"]
["D","MC2749380000000","Worthington, MN Micropolitan Statistical Area","MN"]
["D","MC2815020000000","Brookhaven, MS Micropolitan Statistical Area","MS"]
["D","MC2817260000000","Clarksdale, MS Micropolitan Statistical Area","MS"]
["D","MC2817380000000","Cleveland, MS Micropolitan Statistical Area","MS"]
["D","MC2818060000000","Columbus, MS Micropolitan Statistical Area","MS"]
["D","MC2818420000000","Corinth, MS Micropolitan Statistical Area","MS"]
["D","MC2824740000000","Greenville, MS Micropolitan Statistical Area","MS"]
["D","MC2824900000000","Greenwood, MS Micropolitan Statistical Area","MS"]
["D","MC2824980000000","Grenada, MS Micropolitan Statistical Area","MS"]
["D","MC2826940000000","Indianola, MS Micropolitan Statistical Area","MS"]
["D","MC2829860000000","Laurel, MS Micropolitan Statistical Area","MS"]
["D","MC2832620000000","McComb, MS Micropolitan Statistical Area","MS"]
["D","MC2832940000000","Meridian, MS Micropolitan Statistical Area","MS"]
["D","MC2835020000000","Natchez, MS-LA Micropolitan Statistical Area","MS"]
["D","MC2837060000000","Oxford, MS Micropolitan Statistical Area","MS"]
["D","MC2838100000000","Picayune, MS Micropolitan Statistical Area","MS"]
["D","MC2844260000000","Starkville, MS Micropolitan Statistical Area","MS"]
["D","MC2846180000000","Tupelo, MS Micropolitan Statistical Area","MS"]
["D","MC2846980000000","Vicksburg, MS Micropolitan Statistical Area","MS"]
["D","MC2848500000000","West Point, MS Micropolitan Statistical Area","MS"]
["D","MC2914700000000","Branson, MO Micropolitan Statistical Area","MO"]
["D","MC2922100000000","Farmington, MO Micropolitan Statistical Area","MO"]
["D","MC2922780000000","Fort Leonard Wood, MO Micropolitan Statistical Area","MO"]
["D","MC2925300000000","Hannibal, MO Micropolitan Statistical Area","MO"]
["D","MC2928380000000","Kennett, MO Micropolitan Statistical Area","MO"]
["D","MC2928860000000","Kirksville, MO Micropolitan Statistical Area","MO"]
["D","MC2930060000000","Lebanon, MO Micropolitan Statistical Area","MO"]
["D","MC2932180000000","Marshall, MO Micropolitan Statistical Area","MO"]
["D","MC2932340000000","Maryville, MO Micropolitan Statistical Area","MO"]
["D","MC2933020000000","Mexico, MO Micropolitan Statistical Area","MO"]
["D","MC2933620000000","Moberly, MO Micropolitan Statistical Area","MO"]
["D","MC2938740000000","Poplar Bluff, MO Micropolitan Statistical Area","MO"]
["D","MC2940620000000","Rolla, MO Micropolitan Statistical Area","MO"]
["D","MC2942740000000","Sedalia, MO Micropolitan Statistical Area","MO"]
["D","MC2943460000000","Sikeston, MO Micropolitan Statistical Area","MO"]
["D","MC2947660000000","Warrensburg, MO Micropolitan Statistical Area","MO"]
["D","MC2948460000000","West Plains, MO Micropolitan Statistical Area","MO"]
["D","MC3014580000000","Bozeman, MT Micropolitan Statistical Area","MT"]
["D","MC3015580000000","Butte-Silver Bow, MT Micropolitan Statistical Area","MT"]
["D","MC3025740000000","Helena, MT Micropolitan Statistical Area","MT"]
["D","MC3028060000000","Kalispell, MT Micropolitan Statistical Area","MT"]
["D","MC3113100000000","Beatrice, NE Micropolitan Statistical Area","NE"]
["D","MC3118100000000","Columbus, NE Micropolitan Statistical Area","NE"]
["D","MC3123340000000","Fremont, NE Micropolitan Statistical Area","NE"]
["D","MC3125580000000","Hastings, NE Micropolitan Statistical Area","NE"]
["D","MC3128260000000","Kearney, NE Micropolitan Statistical Area","NE"]
["D","MC3130420000000","Lexington, NE Micropolitan Statistical Area","NE"]
["D","MC3135740000000","Norfolk, NE Micropolitan Statistical Area","NE"]
["D","MC3135820000000","North Platte, NE Micropolitan Statistical Area","NE"]
["D","MC3142420000000","Scottsbluff, NE Micropolitan Statistical Area","NE"]
["D","MC3221220000000","Elko, NV Micropolitan Statistical Area","NV"]
["D","MC3221980000000","Fallon, NV Micropolitan Statistical Area","NV"]
["D","MC3222280000000","Fernley, NV Micropolitan Statistical Area","NV"]
["D","MC3223820000000","Gardnerville Ranchos, NV Micropolitan Statistical Area","NV"]
["D","MC3237220000000","Pahrump, NV Micropolitan Statistical Area","NV"]
["D","MC3249080000000","Winnemucca, NV Micropolitan Statistical Area","NV"]
["D","MC3371500000000","Berlin, NH Micropolitan NECTA","NH"]
["D","MC3372500000000","Claremont, NH Micropolitan NECTA","NH"]
["D","MC3372700000000","Concord, NH Micropolitan NECTA","NH"]
["D","MC3373750000000","Keene, NH Micropolitan NECTA","NH"]
["D","MC3373900000000","Laconia, NH Micropolitan NECTA","NH"]
["D","MC3374350000000","Lebanon, NH-VT Micropolitan NECTA","NH"]
["D","MC3510460000000","Alamogordo, NM Micropolitan Statistical Area","NM"]
["D","MC3516100000000","Carlsbad-Artesia, NM Micropolitan Statistical Area","NM"]
["D","MC3517580000000","Clovis, NM Micropolitan Statistical Area","NM"]
["D","MC3519700000000","Deming, NM Micropolitan Statistical Area","NM"]
["D","MC3521580000000","Espanola, NM Micropolitan Statistical Area","NM"]
["D","MC3523700000000","Gallup, NM Micropolitan Statistical Area","NM"]
["D","MC3524380000000","Grants, NM Micropolitan Statistical Area","NM"]
["D","MC3526020000000","Hobbs, NM Micropolitan Statistical Area","NM"]
["D","MC3529780000000","Las Vegas, NM Micropolitan Statistical Area","NM"]
["D","MC3531060000000","Los Alamos, NM Micropolitan Statistical Area","NM"]
["D","MC3538780000000","Portales, NM Micropolitan Statistical Area","NM"]
["D","MC3540740000000","Roswell, NM Micropolitan Statistical Area","NM"]
["D","MC3540760000000","Ruidoso, NM Micropolitan Statistical Area","NM"]
["D","MC3543500000000","Silver City, NM Micropolitan Statistical Area","NM"]
["D","MC3545340000000","Taos, NM Micropolitan Statistical Area","NM"]
["D","MC3611220000000","Amsterdam, NY Micropolitan Statistical Area","NY"]
["D","MC3612180000000","Auburn, NY Micropolitan Statistical Area","NY"]
["D","MC3612860000000","Batavia, NY Micropolitan Statistical Area","NY"]
["D","MC3618500000000","Corning, NY Micropolitan Statistical Area","NY"]
["D","MC3618660000000","Cortland, NY Micropolitan Statistical Area","NY"]
["D","MC3624100000000","Gloversville, NY Micropolitan Statistical Area","NY"]
["D","MC3626460000000","Hudson, NY Micropolitan Statistical Area","NY"]
["D","MC3627460000000","Jamestown-Dunkirk-Fredonia, NY Micropolitan Statistical Area","NY"]
["D","MC3631660000000","Malone, NY Micropolitan Statistical Area","NY"]
["D","MC3636300000000","Ogdensburg-Massena, NY Micropolitan Statistical Area","NY"]
["D","MC3636460000000","Olean, NY Micropolitan Statistical Area","NY"]
["D","MC3636580000000","Oneonta, NY Micropolitan Statistical Area","NY"]
["D","MC3638460000000","Plattsburgh, NY Micropolitan Statistical Area","NY"]
["D","MC3642900000000","Seneca Falls, NY Micropolitan Statistical Area","NY"]
["D","MC3710620000000","Albemarle, NC Micropolitan Statistical Area","NC"]
["D","MC3714380000000","Boone, NC Micropolitan Statistical Area","NC"]
["D","MC3714820000000","Brevard, NC Micropolitan Statistical Area","NC"]
["D","MC3719000000000","Cullowhee, NC Micropolitan Statistical Area","NC"]
["D","MC3720380000000","Dunn, NC Micropolitan Statistical Area","NC"]
["D","MC3721020000000","Elizabeth City, NC Micropolitan Statistical Area","NC"]
["D","MC3722580000000","Forest City, NC Micropolitan Statistical Area","NC"]
["D","MC3725780000000","Henderson, NC Micropolitan Statistical Area","NC"]
["D","MC3728620000000","Kill Devil Hills, NC Micropolitan Statistical Area","NC"]
["D","MC3728820000000","Kinston, NC Micropolitan Statistical Area","NC"]
["D","MC3729900000000","Laurinburg, NC Micropolitan Statistical Area","NC"]
["D","MC3731300000000","Lumberton, NC Micropolitan Statistical Area","NC"]
["D","MC3732000000000","Marion, NC Micropolitan Statistical Area","NC"]
["D","MC3733980000000","Morehead City, NC Micropolitan Statistical Area","NC"]
["D","MC3734340000000","Mount Airy, NC Micropolitan Statistical Area","NC"]
["D","MC3735900000000","North Wilkesboro, NC Micropolitan Statistical Area","NC"]
["D","MC3737080000000","Oxford, NC Micropolitan Statistical Area","NC"]
["D","MC3738240000000","Pinehurst-Southern Pines, NC Micropolitan Statistical Area","NC"]
["D","MC3740260000000","Roanoke Rapids, NC Micropolitan Statistical Area","NC"]
["D","MC3740460000000","Rockingham, NC Micropolitan Statistical Area","NC"]
["D","MC3741820000000","Sanford, NC Micropolitan Statistical Area","NC"]
["D","MC3743140000000","Shelby, NC Micropolitan Statistical Area","NC"]
["D","MC3747820000000","Washington, NC Micropolitan Statistical Area","NC"]
["D","MC3748980000000","Wilson, NC Micropolitan Statistical Area","NC"]
["D","MC3819860000000","Dickinson, ND Micropolitan Statistical Area","ND"]
["D","MC3827420000000","Jamestown, ND Micropolitan Statistical Area","ND"]
["D","MC3833500000000","Minot, ND Micropolitan Statistical Area","ND"]
["D","MC3847420000000","Wahpeton, ND-MN Micropolitan Statistical Area","ND"]
["D","MC3848780000000","Williston, ND Micropolitan Statistical Area","ND"]
["D","MC3911740000000","Ashland, OH Micropolitan Statistical Area","OH"]
["D","MC3911780000000","Ashtabula, OH Micropolitan Statistical Area","OH"]
["D","MC3911900000000","Athens, OH Micropolitan Statistical Area","OH"]
["D","MC3913340000000","Bellefontaine, OH Micropolitan Statistical Area","OH"]
["D","MC3915340000000","Bucyrus, OH Micropolitan Statistical Area","OH"]
["D","MC3915740000000","Cambridge, OH Micropolitan Statistical Area","OH"]
["D","MC3916380000000","Celina, OH Micropolitan Statistical Area","OH"]
["D","MC3917060000000","Chillicothe, OH Micropolitan Statistical Area","OH"]
["D","MC3918740000000","Coshocton, OH Micropolitan Statistical Area","OH"]
["D","MC3919580000000","Defiance, OH Micropolitan Statistical Area","OH"]
["D","MC3922300000000","Findlay, OH Micropolitan Statistical Area","OH"]
["D","MC3923380000000","Fremont, OH Micropolitan Statistical Area","OH"]
["D","MC3924820000000","Greenville, OH Micropolitan Statistical Area","OH"]
["D","MC3927160000000","Jackson, OH Micropolitan Statistical Area","OH"]
["D","MC3931930000000","Marietta, OH Micropolitan Statistical Area","OH"]
["D","MC3932020000000","Marion, OH Micropolitan Statistical Area","OH"]
["D","MC3934540000000","Mount Vernon, OH Micropolitan Statistical Area","OH"]
["D","MC3935420000000","New Philadelphia-Dover, OH Micropolitan Statistical Area","OH"]
["D","MC3935940000000","Norwalk, OH Micropolitan Statistical Area","OH"]
["D","MC3938580000000","Point Pleasant, WV-OH Micropolitan Statistical Area","WV"]
["D","MC3938840000000","Port Clinton, OH Micropolitan Statistical Area","OH"]
["D","MC3939020000000","Portsmouth, OH Micropolitan Statistical Area","OH"]
["D","MC3941400000000","Salem, OH Micropolitan Statistical Area","OH"]
["D","MC3941780000000","Sandusky, OH Micropolitan Statistical Area","OH"]
["D","MC3943380000000","Sidney, OH Micropolitan Statistical Area","OH"]
["D","MC3945660000000","Tiffin, OH Micropolitan Statistical Area","OH"]
["D","MC3946500000000","Urbana, OH Micropolitan Statistical Area","OH"]
["D","MC3946780000000","Van Wert, OH Micropolitan Statistical Area","OH"]
["D","MC3947540000000","Wapakoneta, OH Micropolitan Statistical Area","OH"]
["D","MC3947920000000","Washington Court House, OH Micropolitan Statistical Area","OH"]
["D","MC3948940000000","Wilmington, OH Micropolitan Statistical Area","OH"]
["D","MC3949300000000","Wooster, OH Micropolitan Statistical Area","OH"]
["D","MC3949780000000","Zanesville, OH Micropolitan Statistical Area","OH"]
["D","MC4010220000000","Ada, OK Micropolitan Statistical Area","OK"]
["D","MC4011060000000","Altus, OK Micropolitan Statistical Area","OK"]
["D","MC4011620000000","Ardmore, OK Micropolitan Statistical Area","OK"]
["D","MC4012780000000","Bartlesville, OK Micropolitan Statistical Area","OK"]
["D","MC4020340000000","Duncan, OK Micropolitan Statistical Area","OK"]
["D","MC4020460000000","Durant, OK Micropolitan Statistical Area","OK"]
["D","MC4021120000000","Elk City, OK Micropolitan Statistical Area","OK"]
["D","MC4025100000000","Guymon, OK Micropolitan Statistical Area","OK"]
["D","MC4032540000000","McAlester, OK Micropolitan Statistical Area","OK"]
["D","MC4033060000000","Miami, OK Micropolitan Statistical Area","OK"]
["D","MC4034780000000","Muskogee, OK Micropolitan Statistical Area","OK"]
["D","MC4038620000000","Ponca City, OK Micropolitan Statistical Area","OK"]
["D","MC4043060000000","Shawnee, OK Micropolitan Statistical Area","OK"]
["D","MC4044660000000","Stillwater, OK Micropolitan Statistical Area","OK"]
["D","MC4045140000000","Tahlequah, OK Micropolitan Statistical Area","OK"]
["D","MC4048220000000","Weatherford, OK Micropolitan Statistical Area","OK"]
["D","MC4049260000000","Woodward, OK Micropolitan Statistical Area","OK"]
["D","MC4111820000000","Astoria, OR Micropolitan Statistical Area","OR"]
["D","MC4115060000000","Brookings, OR Micropolitan Statistical Area","OR"]
["D","MC4118300000000","Coos Bay, OR Micropolitan Statistical Area","OR"]
["D","MC4125840000000","Hermiston-Pendleton, OR Micropolitan Statistical Area","OR"]
["D","MC4126220000000","Hood River, OR Micropolitan Statistical Area","OR"]
["D","MC4128900000000","Klamath Falls, OR Micropolitan Statistical Area","OR"]
["D","MC4129260000000","La Grande, OR Micropolitan Statistical Area","OR"]
["D","MC4135440000000","Newport, OR Micropolitan Statistical Area","OR"]
["D","MC4136620000000","Ontario, OR-ID Micropolitan Statistical Area","OR"]
["D","MC4139260000000","Prineville, OR Micropolitan Statistical Area","OR"]
["D","MC4140700000000","Roseburg, OR Micropolitan Statistical Area","OR"]
["D","MC4145520000000","The Dalles, OR Micropolitan Statistical Area","OR"]
["D","MC4214620000000","Bradford, PA Micropolitan Statistical Area","PA"]
["D","MC4220180000000","DuBois, PA Micropolitan Statistical Area","PA"]
["D","MC4226500000000","Huntingdon, PA Micropolitan Statistical Area","PA"]
["D","MC4226860000000","Indiana, PA Micropolitan Statistical Area","PA"]
["D","MC4230260000000","Lewisburg, PA Micropolitan Statistical Area","PA"]
["D","MC4230380000000","Lewistown, PA Micropolitan Statistical Area","PA"]
["D","MC4230820000000","Lock Haven, PA Micropolitan Statistical Area","PA"]
["D","MC4232740000000","Meadville, PA Micropolitan Statistical Area","PA"]
["D","MC4235260000000","New Castle, PA Micropolitan Statistical Area","PA"]
["D","MC4236340000000","Oil City, PA Micropolitan Statistical Area","PA"]
["D","MC4239060000000","Pottsville, PA Micropolitan Statistical Area","PA"]
["D","MC4241260000000","St. Marys, PA Micropolitan Statistical Area","PA"]
["D","MC4242380000000","Sayre, PA Micropolitan Statistical Area","PA"]
["D","MC4242780000000","Selinsgrove, PA Micropolitan Statistical Area","PA"]
["D","MC4243740000000","Somerset, PA Micropolitan Statistical Area","PA"]
["D","MC4244980000000","Sunbury, PA Micropolitan Statistical Area","PA"]
["D","MC4247620000000","Warren, PA Micropolitan Statistical Area","PA"]
["D","MC4513500000000","Bennettsville, SC Micropolitan Statistical Area","SC"]
["D","MC4523500000000","Gaffney, SC Micropolitan Statistical Area","SC"]
["D","MC4523860000000","Georgetown, SC Micropolitan Statistical Area","SC"]
["D","MC4524940000000","Greenwood, SC Micropolitan Statistical Area","SC"]
["D","MC4535140000000","Newberry, SC Micropolitan Statistical Area","SC"]
["D","MC4536700000000","Orangeburg, SC Micropolitan Statistical Area","SC"]
["D","MC4542860000000","Seneca, SC Micropolitan Statistical Area","SC"]
["D","MC4610100000000","Aberdeen, SD Micropolitan Statistical Area","SD"]
["D","MC4615100000000","Brookings, SD Micropolitan Statistical Area","SD"]
["D","MC4626700000000","Huron, SD Micropolitan Statistical Area","SD"]
["D","MC4633580000000","Mitchell, SD Micropolitan Statistical Area","SD"]
["D","MC4638180000000","Pierre, SD Micropolitan Statistical Area","SD"]
["D","MC4643940000000","Spearfish, SD Micropolitan Statistical Area","SD"]
["D","MC4646820000000","Vermillion, SD Micropolitan Statistical Area","SD"]
["D","MC4647980000000","Watertown, SD Micropolitan Statistical Area","SD"]
["D","MC4649460000000","Yankton, SD Micropolitan Statistical Area","SD"]
["D","MC4711940000000","Athens, TN Micropolitan Statistical Area","TN"]
["D","MC4715140000000","Brownsville, TN Micropolitan Statistical Area","TN"]
["D","MC4718260000000","Cookeville, TN Micropolitan Statistical Area","TN"]
["D","MC4718900000000","Crossville, TN Micropolitan Statistical Area","TN"]
["D","MC4719420000000","Dayton, TN Micropolitan Statistical Area","TN"]
["D","MC4720540000000","Dyersburg, TN Micropolitan Statistical Area","TN"]
["D","MC4724620000000","Greeneville, TN Micropolitan Statistical Area","TN"]
["D","MC4729980000000","Lawrenceburg, TN Micropolitan Statistical Area","TN"]
["D","MC4730280000000","Lewisburg, TN Micropolitan Statistical Area","TN"]
["D","MC4732280000000","Martin, TN Micropolitan Statistical Area","TN"]
["D","MC4732660000000","McMinnville, TN Micropolitan Statistical Area","TN"]
["D","MC4735460000000","Newport, TN Micropolitan Statistical Area","TN"]
["D","MC4737540000000","Paris, TN Micropolitan Statistical Area","TN"]
["D","MC4742940000000","Sevierville, TN Micropolitan Statistical Area","TN"]
["D","MC4743180000000","Shelbyville, TN Micropolitan Statistical Area","TN"]
["D","MC4746100000000","Tullahoma-Manchester, TN Micropolitan Statistical Area","TN"]
["D","MC4746460000000","Union City, TN-KY Micropolitan Statistical Area","TN"]
["D","MC4810860000000","Alice, TX Micropolitan Statistical Area","TX"]
["D","MC4811380000000","Andrews, TX Micropolitan Statistical Area","TX"]
["D","MC4811980000000","Athens, TX Micropolitan Statistical Area","TX"]
["D","MC4813060000000","Bay City, TX Micropolitan Statistical Area","TX"]
["D","MC4813300000000","Beeville, TX Micropolitan Statistical Area","TX"]
["D","MC4813700000000","Big Spring, TX Micropolitan Statistical Area","TX"]
["D","MC4814300000000","Bonham, TX Micropolitan Statistical Area","TX"]
["D","MC4814420000000","Borger, TX Micropolitan Statistical Area","TX"]
["D","MC4814780000000","Brenham, TX Micropolitan Statistical Area","TX"]
["D","MC4815220000000","Brownwood, TX Micropolitan Statistical Area","TX"]
["D","MC4818620000000","Corsicana, TX Micropolitan Statistical Area","TX"]
["D","MC4819620000000","Del Rio, TX Micropolitan Statistical Area","TX"]
["D","MC4820300000000","Dumas, TX Micropolitan Statistical Area","TX"]
["D","MC4820580000000","Eagle Pass, TX Micropolitan Statistical Area","TX"]
["D","MC4820900000000","El Campo, TX Micropolitan Statistical Area","TX"]
["D","MC4823240000000","Fredericksburg, TX Micropolitan Statistical Area","TX"]
["D","MC4823620000000","Gainesville, TX Micropolitan Statistical Area","TX"]
["D","MC4825820000000","Hereford, TX Micropolitan Statistical Area","TX"]
["D","MC4826660000000","Huntsville, TX Micropolitan Statistical Area","TX"]
["D","MC4827380000000","Jacksonville, TX Micropolitan Statistical Area","TX"]
["D","MC4828500000000","Kerrville, TX Micropolitan Statistical Area","TX"]
["D","MC4828780000000","Kingsville, TX Micropolitan Statistical Area","TX"]
["D","MC4829500000000","Lamesa, TX Micropolitan Statistical Area","TX"]
["D","MC4830220000000","Levelland, TX Micropolitan Statistical Area","TX"]
["D","MC4831260000000","Lufkin, TX Micropolitan Statistical Area","TX"]
["D","MC4832220000000","Marshall, TX Micropolitan Statistical Area","TX"]
["D","MC4833420000000","Mineral Wells, TX Micropolitan Statistical Area","TX"]
["D","MC4834420000000","Mount Pleasant, TX Micropolitan Statistical Area","TX"]
["D","MC4834860000000","Nacogdoches, TX Micropolitan Statistical Area","TX"]
["D","MC4837300000000","Palestine, TX Micropolitan Statistical Area","TX"]
["D","MC4837420000000","Pampa, TX Micropolitan Statistical Area","TX"]
["D","MC4837580000000","Paris, TX Micropolitan Statistical Area","TX"]
["D","MC4837770000000","Pearsall, TX Micropolitan Statistical Area","TX"]
["D","MC4837780000000","Pecos, TX Micropolitan Statistical Area","TX"]
["D","MC4838380000000","Plainview, TX Micropolitan Statistical Area","TX"]
["D","MC4838920000000","Port Lavaca, TX Micropolitan Statistical Area","TX"]
["D","MC4839700000000","Raymondville, TX Micropolitan Statistical Area","TX"]
["D","MC4840100000000","Rio Grande City, TX Micropolitan Statistical Area","TX"]
["D","MC4843660000000","Snyder, TX Micropolitan Statistical Area","TX"]
["D","MC4844500000000","Stephenville, TX Micropolitan Statistical Area","TX"]
["D","MC4844860000000","Sulphur Springs, TX Micropolitan Statistical Area","TX"]
["D","MC4845020000000","Sweetwater, TX Micropolitan Statistical Area","TX"]
["D","MC4846620000000","Uvalde, TX Micropolitan Statistical Area","TX"]
["D","MC4846900000000","Vernon, TX Micropolitan Statistical Area","TX"]
["D","MC4849820000000","Zapata, TX Micropolitan Statistical Area","TX"]
["D","MC4916260000000","Cedar City, UT Micropolitan Statistical Area","UT"]
["D","MC4925720000000","Heber, UT Micropolitan Statistical Area","UT"]
["D","MC4939220000000","Price, UT Micropolitan Statistical Area","UT"]
["D","MC4944920000000","Summit Park, UT Micropolitan Statistical Area","UT"]
["D","MC4946860000000","Vernal, UT Micropolitan Statistical Area","UT"]
["D","MC5071050000000","Barre, VT Micropolitan NECTA","VT"]
["D","MC5071350000000","Bennington, VT Micropolitan NECTA","VT"]
["D","MC5077650000000","Rutland, VT Micropolitan NECTA","VT"]
["D","MC5113720000000","Big Stone Gap, VA Micropolitan Statistical Area","VA"]
["D","MC5119260000000","Danville, VA Micropolitan Statistical Area","VA"]
["D","MC5132300000000","Martinsville, VA Micropolitan Statistical Area","VA"]
["D","MC5310140000000","Aberdeen, WA Micropolitan Statistical Area","WA"]
["D","MC5316500000000","Centralia, WA Micropolitan Statistical Area","WA"]
["D","MC5321260000000","Ellensburg, WA Micropolitan Statistical Area","WA"]
["D","MC5334180000000","Moses Lake, WA Micropolitan Statistical Area","WA"]
["D","MC5336020000000","Oak Harbor, WA Micropolitan Statistical Area","WA"]
["D","MC5336830000000","Othello, WA Micropolitan Statistical Area","WA"]
["D","MC5338820000000","Port Angeles, WA Micropolitan Statistical Area","WA"]
["D","MC5339420000000","Pullman, WA Micropolitan Statistical Area","WA"]
["D","MC5343220000000","Shelton, WA Micropolitan Statistical Area","WA"]
["D","MC5414140000000","Bluefield, WV-VA Micropolitan Statistical Area","WV"]
["D","MC5417220000000","Clarksburg, WV Micropolitan Statistical Area","WV"]
["D","MC5421180000000","Elkins, WV Micropolitan Statistical Area","WV"]
["D","MC5421900000000","Fairmont, WV Micropolitan Statistical Area","WV"]
["D","MC5430880000000","Logan, WV Micropolitan Statistical Area","WV"]
["D","MC5512660000000","Baraboo, WI Micropolitan Statistical Area","WI"]
["D","MC5513180000000","Beaver Dam, WI Micropolitan Statistical Area","WI"]
["D","MC5531820000000","Manitowoc, WI Micropolitan Statistical Area","WI"]
["D","MC5531940000000","Marinette, WI-MI Micropolitan Statistical Area","WI"]
["D","MC5532860000000","Menomonie, WI Micropolitan Statistical Area","WI"]
["D","MC5532980000000","Merrill, WI Micropolitan Statistical Area","WI"]
["D","MC5538420000000","Platteville, WI Micropolitan Statistical Area","WI"]
["D","MC5543020000000","Shawano, WI Micropolitan Statistical Area","WI"]
["D","MC5544620000000","Stevens Point, WI Micropolitan Statistical Area","WI"]
["D","MC5548020000000","Watertown-Fort Atkinson, WI Micropolitan Statistical Area","WI"]
["D","MC5548580000000","Whitewater-Elkhorn, WI Micropolitan Statistical Area","WI"]
["D","MC5549220000000","Wisconsin Rapids-Marshfield, WI Micropolitan Statistical Area","WI"]
["D","MC5621740000000","Evanston, WY Micropolitan Statistical Area","WY"]
["D","MC5623940000000","Gillette, WY Micropolitan Statistical Area","WY"]
["D","MC5627220000000","Jackson, WY-ID Micropolitan Statistical Area","WY"]
["D","MC5629660000000","Laramie, WY Micropolitan Statistical Area","WY"]
["D","MC5640180000000","Riverton, WY Micropolitan Statistical Area","WY"]
["D","MC5640540000000","Rock Springs, WY Micropolitan Statistical Area","WY"]
["D","MC5643260000000","Sheridan, WY Micropolitan Statistical Area","WY"]
["D","MC7210260000000","Adjuntas, PR Micropolitan Statistical Area","PR"]
["D","MC7217620000000","Coamo, PR Micropolitan Statistical Area","PR"]
["D","MC7217640000000","Coco, PR Micropolitan Statistical Area","PR"]
["D","MC7227580000000","Jayuya, PR Micropolitan Statistical Area","PR"]
["D","MC7242180000000","Santa Isabel, PR Micropolitan Statistical Area","PR"]
["E","CA0114200000000","Birmingham-Hoover-Talladega, AL Combined Statistical Area","AL"]
["E","CA0122200000000","Dothan-Enterprise-Ozark, AL Combined Statistical Area","AL"]
["E","CA0129000000000","Huntsville-Decatur-Albertville, AL Combined Statistical Area","AL"]
["E","CA0138000000000","Mobile-Daphne-Fairhope, AL Combined Statistical Area","AL"]
["E","CA0453600000000","Tucson-Nogales, AZ Combined Statistical Area","AZ"]
["E","CA0528400000000","Hot Springs-Malvern, AR Combined Statistical Area","AR"]
["E","CA0530800000000","Jonesboro-Paragould, AR Combined Statistical Area","AR"]
["E","CA0534000000000","Little Rock-North Little Rock, AR Combined Statistical Area","AR"]
["E","CA0626000000000","Fresno-Madera, CA Combined Statistical Area","CA"]
["E","CA0634800000000","Los Angeles-Long Beach, CA Combined Statistical Area","CA"]
["E","CA0638200000000","Modesto-Merced, CA Combined Statistical Area","CA"]
["E","CA0645400000000","Redding-Red Bluff, CA Combined Statistical Area","CA"]
["E","CA0647200000000","Sacramento-Roseville, CA Combined Statistical Area","CA"]
["E","CA0648800000000","San Jose-San Francisco-Oakland, CA Combined Statistical Area","CA"]
["E","CA0654600000000","Visalia-Porterville-Hanford, CA Combined Statistical Area","CA"]
["E","CA0821600000000","Denver-Aurora, CO Combined Statistical Area","CO"]
["E","CA0823300000000","Edwards-Glenwood Springs, CO Combined Statistical Area","CO"]
["E","CA0844400000000","Pueblo-Canon City, CO Combined Statistical Area","CO"]
["E","CA0852500000000","Steamboat Springs-Craig, CO Combined Statistical Area","CO"]
["E","CA0972000000000","Bridgeport-New Haven-Stamford, CT Combined NECTA","CT"]
["E","CA0979000000000","Springfield-Hartford-West Hartford, MA-CT Combined NECTA","MA"]
["E","CA1154800000000","Washington-Baltimore-Arlington, DC-MD-VA-WV-PA Combined Statistical Area","DC"]
["E","CA1216200000000","Cape Coral-Fort Myers-Naples, FL Combined Statistical Area","FL"]
["E","CA1226400000000","Gainesville-Lake City, FL Combined Statistical Area","FL"]
["E","CA1230000000000","Jacksonville-St. Marys-Palatka, FL-GA Combined Statistical Area","FL"]
["E","CA1237000000000","Miami-Fort Lauderdale-Port St. Lucie, FL Combined Statistical Area","FL"]
["E","CA1241200000000","North Port-Sarasota, FL Combined Statistical Area","FL"]
["E","CA1242200000000","Orlando-Deltona-Daytona Beach, FL Combined Statistical Area","FL"]
["E","CA1242600000000","Pensacola-Ferry Pass, FL-AL Combined Statistical Area","FL"]
["E","CA1253300000000","Tallahassee-Bainbridge, FL-GA Combined Statistical Area","FL"]
["E","CA1312200000000","Atlanta--Athens-Clarke County--Sandy Springs, GA Combined Statistical Area","GA"]
["E","CA1319400000000","Columbus-Auburn-Opelika, GA-AL Combined Statistical Area","GA"]
["E","CA1335600000000","Macon-Bibb County--Warner Robins, GA Combined Statistical Area","GA"]
["E","CA1347000000000","Rome-Summerville, GA Combined Statistical Area","GA"]
["E","CA1349600000000","Savannah-Hinesville-Statesboro, GA Combined Statistical Area","GA"]
["E","CA1614700000000","Boise City-Mountain Home-Ontario, ID-OR Combined Statistical Area","ID"]
["E","CA1629200000000","Idaho Falls-Rexburg-Blackfoot, ID Combined Statistical Area","ID"]
["E","CA1714500000000","Bloomington-Pontiac, IL Combined Statistical Area","IL"]
["E","CA1717600000000","Chicago-Naperville, IL-IN-WI Combined Statistical Area","IL"]
["E","CA1722100000000","Dixon-Sterling, IL Combined Statistical Area","IL"]
["E","CA1742700000000","Peoria-Canton, IL Combined Statistical Area","IL"]
["E","CA1744800000000","Quincy-Hannibal, IL-MO Combined Statistical Area","IL"]
["E","CA1746600000000","Rockford-Freeport-Rochelle, IL Combined Statistical Area","IL"]
["E","CA1752200000000","Springfield-Jacksonville-Lincoln, IL Combined Statistical Area","IL"]
["E","CA1814400000000","Bloomington-Bedford, IN Combined Statistical Area","IN"]
["E","CA1825800000000","Fort Wayne-Huntington-Auburn, IN Combined Statistical Area","IN"]
["E","CA1829400000000","Indianapolis-Carmel-Muncie, IN Combined Statistical Area","IN"]
["E","CA1831600000000","Kokomo-Peru, IN Combined Statistical Area","IN"]
["E","CA1832000000000","Lafayette-West Lafayette-Frankfort, IN Combined Statistical Area","IN"]
["E","CA1845800000000","Richmond-Connersville, IN Combined Statistical Area","IN"]
["E","CA1851500000000","South Bend-Elkhart-Mishawaka, IN-MI Combined Statistical Area","IN"]
["E","CA1916800000000","Cedar Rapids-Iowa City, IA Combined Statistical Area","IA"]
["E","CA1920900000000","Davenport-Moline, IA-IL Combined Statistical Area","IA"]
["E","CA1921800000000","Des Moines-Ames-West Des Moines, IA Combined Statistical Area","IA"]
["E","CA1942300000000","Oskaloosa-Pella, IA Combined Statistical Area","IA"]
["E","CA1951200000000","Sioux City-Vermillion, IA-SD-NE Combined Statistical Area","IA"]
["E","CA2035800000000","Manhattan-Junction City, KS Combined Statistical Area","KS"]
["E","CA2055600000000","Wichita-Arkansas City-Winfield, KS Combined Statistical Area","KS"]
["E","CA2115000000000","Bowling Green-Glasgow, KY Combined Statistical Area","KY"]
["E","CA2133600000000","Lexington-Fayette--Richmond--Frankfort, KY Combined Statistical Area","KY"]
["E","CA2135000000000","Louisville/Jefferson County--Elizabethtown--Madison, KY-IN Combined Statistical Area","KY"]
["E","CA2142400000000","Paducah-Mayfield, KY-IL Combined Statistical Area","KY"]
["E","CA2221700000000","DeRidder-Fort Polk South, LA Combined Statistical Area","LA"]
["E","CA2231800000000","Lafayette-Opelousas-Morgan City, LA Combined Statistical Area","LA"]
["E","CA2232400000000","Lake Charles-Jennings, LA Combined Statistical Area","LA"]
["E","CA2238400000000","Monroe-Ruston-Bastrop, LA Combined Statistical Area","LA"]
["E","CA2240600000000","New Orleans-Metairie-Hammond, LA-MS Combined Statistical Area","LA"]
["E","CA2371000000000","Augusta-Waterville, ME Combined NECTA","ME"]
["E","CA2377500000000","Portland-Lewiston-South Portland, ME Combined NECTA","ME"]
["E","CA2571500000000","Boston-Worcester-Providence, MA-RI-NH-CT-ME Combined NECTA","MA"]
["E","CA2577000000000","Pittsfield-North Adams, MA-VT Combined NECTA","MA"]
["E","CA2622000000000","Detroit-Warren-Ann Arbor, MI Combined Statistical Area","MI"]
["E","CA2626600000000","Grand Rapids-Wyoming-Muskegon, MI Combined Statistical Area","MI"]
["E","CA2631000000000","Kalamazoo-Battle Creek-Portage, MI Combined Statistical Area","MI"]
["E","CA2633000000000","Lansing-East Lansing-Owosso, MI Combined Statistical Area","MI"]
["E","CA2639400000000","Mount Pleasant-Alma, MI Combined Statistical Area","MI"]
["E","CA2647400000000","Saginaw-Midland-Bay City, MI Combined Statistical Area","MI"]
["E","CA2735900000000","Mankato-New Ulm-North Mankato, MN Combined Statistical Area","MN"]
["E","CA2737800000000","Minneapolis-St. Paul, MN-WI Combined Statistical Area","MN"]
["E","CA2746200000000","Rochester-Austin, MN Combined Statistical Area","MN"]
["E","CA2818500000000","Cleveland-Indianola, MS Combined Statistical Area","MS"]
["E","CA2820000000000","Columbus-West Point, MS Combined Statistical Area","MS"]
["E","CA2829800000000","Jackson-Vicksburg-Brookhaven, MS Combined Statistical Area","MS"]
["E","CA2916400000000","Cape Girardeau-Sikeston, MO-IL Combined Statistical Area","MO"]
["E","CA2919000000000","Columbia-Moberly-Mexico, MO Combined Statistical Area","MO"]
["E","CA2930900000000","Joplin-Miami, MO-OK Combined Statistical Area","MO"]
["E","CA2931200000000","Kansas City-Overland Park-Kansas City, MO-KS Combined Statistical Area","MO"]
["E","CA2947600000000","St. Louis-St. Charles-Farmington, MO-IL Combined Statistical Area","MO"]
["E","CA2952000000000","Springfield-Branson, MO Combined Statistical Area","MO"]
["E","CA3133900000000","Lincoln-Beatrice, NE Combined Statistical Area","NE"]
["E","CA3142000000000","Omaha-Council Bluffs-Fremont, NE-IA Combined Statistical Area","NE"]
["E","CA3233200000000","Las Vegas-Henderson, NV-AZ Combined Statistical Area","NV"]
["E","CA3245600000000","Reno-Carson City-Fernley, NV Combined Statistical Area","NV"]
["E","CA3372500000000","Claremont-Lebanon, NH-VT Combined NECTA","NH"]
["E","CA3510600000000","Albuquerque-Santa Fe-Las Vegas, NM Combined Statistical Area","NM"]
["E","CA3518800000000","Clovis-Portales, NM Combined Statistical Area","NM"]
["E","CA3610400000000","Albany-Schenectady, NY Combined Statistical Area","NY"]
["E","CA3616000000000","Buffalo-Cheektowaga, NY Combined Statistical Area","NY"]
["E","CA3623600000000","Elmira-Corning, NY Combined Statistical Area","NY"]
["E","CA3629600000000","Ithaca-Cortland, NY Combined Statistical Area","NY"]
["E","CA3640800000000","New York-Newark, NY-NJ-CT-PA Combined Statistical Area","NY"]
["E","CA3646400000000","Rochester-Batavia-Seneca Falls, NY Combined Statistical Area","NY"]
["E","CA3653200000000","Syracuse-Auburn, NY Combined Statistical Area","NY"]
["E","CA3712000000000","Asheville-Brevard, NC Combined Statistical Area","NC"]
["E","CA3717200000000","Charlotte-Concord, NC-SC Combined Statistical Area","NC"]
["E","CA3724600000000","Fayetteville-Lumberton-Laurinburg, NC Combined Statistical Area","NC"]
["E","CA3726800000000","Greensboro--Winston-Salem--High Point, NC Combined Statistical Area","NC"]
["E","CA3727400000000","Greenville-Washington, NC Combined Statistical Area","NC"]
["E","CA3728000000000","Hickory-Lenoir, NC Combined Statistical Area","NC"]
["E","CA3740400000000","New Bern-Morehead City, NC Combined Statistical Area","NC"]
["E","CA3745000000000","Raleigh-Durham-Chapel Hill, NC Combined Statistical Area","NC"]
["E","CA3746800000000","Rocky Mount-Wilson-Roanoke Rapids, NC Combined Statistical Area","NC"]
["E","CA3824400000000","Fargo-Wahpeton, ND-MN Combined Statistical Area","ND"]
["E","CA3917800000000","Cincinnati-Wilmington-Maysville, OH-KY-IN Combined Statistical Area","OH"]
["E","CA3918400000000","Cleveland-Akron-Canton, OH Combined Statistical Area","OH"]
["E","CA3919800000000","Columbus-Marion-Zanesville, OH Combined Statistical Area","OH"]
["E","CA3921200000000","Dayton-Springfield-Sidney, OH Combined Statistical Area","OH"]
["E","CA3924800000000","Findlay-Tiffin, OH Combined Statistical Area","OH"]
["E","CA3933800000000","Lima-Van Wert-Celina, OH Combined Statistical Area","OH"]
["E","CA3936000000000","Mansfield-Ashland-Bucyrus, OH Combined Statistical Area","OH"]
["E","CA3953400000000","Toledo-Port Clinton, OH Combined Statistical Area","OH"]
["E","CA3956600000000","Youngstown-Warren, OH-PA Combined Statistical Area","OH"]
["E","CA4041600000000","Oklahoma City-Shawnee, OK Combined Statistical Area","OK"]
["E","CA4053800000000","Tulsa-Muskogee-Bartlesville, OK Combined Statistical Area","OK"]
["E","CA4114000000000","Bend-Redmond-Prineville, OR Combined Statistical Area","OR"]
["E","CA4136600000000","Medford-Grants Pass, OR Combined Statistical Area","OR"]
["E","CA4144000000000","Portland-Vancouver-Salem, OR-WA Combined Statistical Area","OR"]
["E","CA4214600000000","Bloomsburg-Berwick-Sunbury, PA Combined Statistical Area","PA"]
["E","CA4224000000000","Erie-Meadville, PA Combined Statistical Area","PA"]
["E","CA4227600000000","Harrisburg-York-Lebanon, PA Combined Statistical Area","PA"]
["E","CA4230600000000","Johnstown-Somerset, PA Combined Statistical Area","PA"]
["E","CA4242800000000","Philadelphia-Reading-Camden, PA-NJ-DE-MD Combined Statistical Area","PA"]
["E","CA4243000000000","Pittsburgh-New Castle-Weirton, PA-OH-WV Combined Statistical Area","PA"]
["E","CA4252400000000","State College-DuBois, PA Combined Statistical Area","PA"]
["E","CA4255800000000","Williamsport-Lock Haven, PA Combined Statistical Area","PA"]
["E","CA4519200000000","Columbia-Orangeburg-Newberry, SC Combined Statistical Area","SC"]
["E","CA4527300000000","Greenville-Spartanburg-Anderson, SC Combined Statistical Area","SC"]
["E","CA4539600000000","Myrtle Beach-Conway, SC-NC Combined Statistical Area","SC"]
["E","CA4645200000000","Rapid City-Spearfish, SD Combined Statistical Area","SD"]
["E","CA4717400000000","Chattanooga-Cleveland-Dalton, TN-GA-AL Combined Statistical Area","TN"]
["E","CA4729700000000","Jackson-Brownsville, TN Combined Statistical Area","TN"]
["E","CA4730400000000","Johnson City-Kingsport-Bristol, TN-VA Combined Statistical Area","TN"]
["E","CA4731400000000","Knoxville-Morristown-Sevierville, TN Combined Statistical Area","TN"]
["E","CA4736200000000","Martin-Union City, TN-KY Combined Statistical Area","TN"]
["E","CA4736800000000","Memphis-Forrest City, TN-MS-AR Combined Statistical Area","TN"]
["E","CA4740000000000","Nashville-Davidson--Murfreesboro, TN Combined Statistical Area","TN"]
["E","CA4810800000000","Amarillo-Borger, TX Combined Statistical Area","TX"]
["E","CA4815400000000","Brownsville-Harlingen-Raymondville, TX Combined Statistical Area","TX"]
["E","CA4820400000000","Corpus Christi-Kingsville-Alice, TX Combined Statistical Area","TX"]
["E","CA4820600000000","Dallas-Fort Worth, TX-OK Combined Statistical Area","TX"]
["E","CA4823800000000","El Paso-Las Cruces, TX-NM Combined Statistical Area","TX"]
["E","CA4828800000000","Houston-The Woodlands, TX Combined Statistical Area","TX"]
["E","CA4834600000000","Longview-Marshall, TX Combined Statistical Area","TX"]
["E","CA4835200000000","Lubbock-Levelland, TX Combined Statistical Area","TX"]
["E","CA4836500000000","McAllen-Edinburg, TX Combined Statistical Area","TX"]
["E","CA4837200000000","Midland-Odessa, TX Combined Statistical Area","TX"]
["E","CA4848400000000","San Antonio-New Braunfels-Pearsall, TX Combined Statistical Area","TX"]
["E","CA4854000000000","Tyler-Jacksonville, TX Combined Statistical Area","TX"]
["E","CA4854400000000","Victoria-Port Lavaca, TX Combined Statistical Area","TX"]
["E","CA4948200000000","Salt Lake City-Provo-Orem, UT Combined Statistical Area","UT"]
["E","CA5127700000000","Harrisonburg-Staunton-Waynesboro, VA Combined Statistical Area","VA"]
["E","CA5154500000000","Virginia Beach-Norfolk, VA-NC Combined Statistical Area","VA"]
["E","CA5339300000000","Moses Lake-Othello, WA Combined Statistical Area","WA"]
["E","CA5344600000000","Pullman-Moscow, WA-ID Combined Statistical Area","WA"]
["E","CA5350000000000","Seattle-Tacoma, WA Combined Statistical Area","WA"]
["E","CA5351800000000","Spokane-Spokane Valley-Coeur d'Alene, WA-ID Combined Statistical Area","WA"]
["E","CA5417000000000","Charleston-Huntington-Ashland, WV-OH-KY Combined Statistical Area","WV"]
["E","CA5439000000000","Morgantown-Fairmont, WV Combined Statistical Area","WV"]
["E","CA5442500000000","Parkersburg-Marietta-Vienna, WV-OH Combined Statistical Area","WV"]
["E","CA5511800000000","Appleton-Oshkosh-Neenah, WI Combined Statistical Area","WI"]
["E","CA5523200000000","Eau Claire-Menomonie, WI Combined Statistical Area","WI"]
["E","CA5526700000000","Green Bay-Shawano, WI Combined Statistical Area","WI"]
["E","CA5535700000000","Madison-Janesville-Beloit, WI Combined Statistical Area","WI"]
["E","CA5537600000000","Milwaukee-Racine-Waukesha, WI Combined Statistical Area","WI"]
["E","CA5555400000000","Wausau-Stevens Point-Wisconsin Rapids, WI Combined Statistical Area","WI"]
["E","CA7236400000000","Mayaguez-San German, PR Combined Statistical Area","PR"]
["E","CA7243400000000","Ponce-Coamo-Santa Isabel, PR Combined Statistical Area","PR"]
["E","CA7249000000000","San Juan-Carolina, PR Combined Statistical Area","PR"]
["F","CN0100100000000","Autauga County, AL","AL"]
["F","CN0100300000000","Baldwin County, AL","AL"]
["F","CN0100500000000","Barbour County, AL","AL"]
["F","CN0100700000000","Bibb County, AL","AL"]
["F","CN0100900000000","Blount County, AL","AL"]
["F","CN0101100000000","Bullock County, AL","AL"]
["F","CN0101300000000","Butler County, AL","AL"]
["F","CN0101500000000","Calhoun County, AL","AL"]
["F","CN0101700000000","Chambers County, AL","AL"]
["F","CN0101900000000","Cherokee County, AL","AL"]
["F","CN0102100000000","Chilton County, AL","AL"]
["F","CN0102300000000","Choctaw County, AL","AL"]
["F","CN0102500000000","Clarke County, AL","AL"]
["F","CN0102700000000","Clay County, AL","AL"]
["F","CN0102900000000","Cleburne County, AL","AL"]
["F","CN0103100000000","Coffee County, AL","AL"]
["F","CN0103300000000","Colbert County, AL","AL"]
["F","CN0103500000000","Conecuh County, AL","AL"]
["F","CN0103700000000","Coosa County, AL","AL"]
["F","CN0103900000000","Covington County, AL","AL"]
["F","CN0104100000000","Crenshaw County, AL","AL"]
["F","CN0104300000000","Cullman County, AL","AL"]
["F","CN0104500000000","Dale County, AL","AL"]
["F","CN0104700000000","Dallas County, AL","AL"]
["F","CN0104900000000","DeKalb County, AL","AL"]
["F","CN0105100000000","Elmore County, AL","AL"]
["F","CN0105300000000","Escambia County, AL","AL"]
["F","CN0105500000000","Etowah County, AL","AL"]
["F","CN0105700000000","Fayette County, AL","AL"]
["F","CN0105900000000","Franklin County, AL","AL"]
["F","CN0106100000000","Geneva County, AL","AL"]
["F","CN0106300000000","Greene County, AL","AL"]
["F","CN0106500000000","Hale County, AL","AL"]
["F","CN0106700000000","Henry County, AL","AL"]
["F","CN0106900000000","Houston County, AL","AL"]
["F","CN0107100000000","Jackson County, AL","AL"]
["F","CN0107300000000","Jefferson County, AL","AL"]
["F","CN0107500000000","Lamar County, AL","AL"]
["F","CN0107700000000","Lauderdale County, AL","AL"]
["F","CN0107900000000","Lawrence County, AL","AL"]
["F","CN0108100000000","Lee County, AL","AL"]
["F","CN0108300000000","Limestone County, AL","AL"]
["F","CN0108500000000","Lowndes County, AL","AL"]
["F","CN0108700000000","Macon County, AL","AL"]
["F","CN0108900000000","Madison County, AL","AL"]
["F","CN0109100000000","Marengo County, AL","AL"]
["F","CN0109300000000","Marion County, AL","AL"]
["F","CN0109500000000","Marshall County, AL","AL"]
["F","CN0109700000000","Mobile County, AL","AL"]
["F","CN0109900000000","Monroe County, AL","AL"]
["F","CN0110100000000","Montgomery County, AL","AL"]
["F","CN0110300000000","Morgan County, AL","AL"]
["F","CN0110500000000","Perry County, AL","AL"]
["F","CN0110700000000","Pickens County, AL","AL"]
["F","CN0110900000000","Pike County, AL","AL"]
["F","CN0111100000000","Randolph County, AL","AL"]
["F","CN0111300000000","Russell County, AL","AL"]
["F","CN0111500000000","St. Clair County, AL","AL"]
["F","CN0111700000000","Shelby County, AL","AL"]
["F","CN0111900000000","Sumter County, AL","AL"]
["F","CN0112100000000","Talladega County, AL","AL"]
["F","CN0112300000000","Tallapoosa County, AL","AL"]
["F","CN0112500000000","Tuscaloosa County, AL","AL"]
["F","CN0112700000000","Walker County, AL","AL"]
["F","CN0112900000000","Washington County, AL","AL"]
["F","CN0113100000000","Wilcox County, AL","AL"]
["F","CN0113300000000","Winston County, AL","AL"]
["F","CN0201300000000","Aleutians East Borough, AK","AK"]
["F","CN0201600000000","Aleutians West Census Area, AK","AK"]
["F","CN0202000000000","Anchorage Borough/municipality, AK","AK"]
["F","CN0205000000000","Bethel Census Area, AK","AK"]
["F","CN0206000000000","Bristol Bay Borough, AK","AK"]
["F","CN0206300000000","Chugach Census Area, AK","AK"]
["F","CN0206600000000","Copper River Census Area, AK","AK"]
["F","CN0206800000000","Denali Borough, AK","AK"]
["F","CN0207000000000","Dillingham Census Area, AK","AK"]
["F","CN0209000000000","Fairbanks North Star Borough, AK","AK"]
["F","CN0210000000000","Haines Borough, AK","AK"]
["F","CN0210500000000","Hoonah-Angoon Census Area, AK","AK"]
["F","CN0211000000000","Juneau Borough/city, AK","AK"]
["F","CN0212200000000","Kenai Peninsula Borough, AK","AK"]
["F","CN0213000000000","Ketchikan Gateway Borough, AK","AK"]
["F","CN0215000000000","Kodiak Island Borough, AK","AK"]
["F","CN0215800000000","Kusilvak Census Area, AK","AK"]
["F","CN0216400000000","Lake and Peninsula Borough, AK","AK"]
["F","CN0217000000000","Matanuska-Susitna Borough, AK","AK"]
["F","CN0218000000000","Nome Census Area, AK","AK"]
["F","CN0218500000000","North Slope Borough, AK","AK"]
["F","CN0218800000000","Northwest Arctic Borough, AK","AK"]
["F","CN0219500000000","Petersburg Borough, AK","AK"]
["F","CN0219800000000","Prince of Wales-Hyder Census Area, AK","AK"]
["F","CN0220100000000","Prince of Wales-Outer Ketchikan Census Area, AK","AK"]
["F","CN0222000000000","Sitka Borough/city, AK","AK"]
["F","CN0223000000000","Skagway Municipality, AK","AK"]
["F","CN0223200000000","Skagway-Hoonah-Angoon Census Area, AK","AK"]
["F","CN0224000000000","Southeast Fairbanks Census Area, AK","AK"]
["F","CN0226100000000","Valdez-Cordova Census Area, AK","AK"]
["F","CN0227500000000","Wrangell Borough/city, AK","AK"]
["F","CN0228000000000","Wrangell-Petersburg Census Area, AK","AK"]
["F","CN0228200000000","Yakutat Borough/city, AK","AK"]
["F","CN0229000000000","Yukon-Koyukuk Census Area, AK","AK"]
["F","CN0400100000000","Apache County, AZ","AZ"]
["F","CN0400300000000","Cochise County, AZ","AZ"]
["F","CN0400500000000","Coconino County, AZ","AZ"]
["F","CN0400700000000","Gila County, AZ","AZ"]
["F","CN0400900000000","Graham County, AZ","AZ"]
["F","CN0401100000000","Greenlee County, AZ","AZ"]
["F","CN0401200000000","La Paz County, AZ","AZ"]
["F","CN0401300000000","Maricopa County, AZ","AZ"]
["F","CN0401500000000","Mohave County, AZ","AZ"]
["F","CN0401700000000","Navajo County, AZ","AZ"]
["F","CN0401900000000","Pima County, AZ","AZ"]
["F","CN0402100000000","Pinal County, AZ","AZ"]
["F","CN0402300000000","Santa Cruz County, AZ","AZ"]
["F","CN0402500000000","Yavapai County, AZ","AZ"]
["F","CN0402700000000","Yuma County, AZ","AZ"]
["F","CN0500100000000","Arkansas County, AR","AR"]
["F","CN0500300000000","Ashley County, AR","AR"]
["F","CN0500500000000","Baxter County, AR","AR"]
["F","CN0500700000000","Benton County, AR","AR"]
["F","CN0500900000000","Boone County, AR","AR"]
["F","CN0501100000000","Bradley County, AR","AR"]
["F","CN0501300000000","Calhoun County, AR","AR"]
["F","CN0501500000000","Carroll County, AR","AR"]
["F","CN0501700000000","Chicot County, AR","AR"]
["F","CN0501900000000","Clark County, AR","AR"]
["F","CN0502100000000","Clay County, AR","AR"]
["F","CN0502300000000","Cleburne County, AR","AR"]
["F","CN0502500000000","Cleveland County, AR","AR"]
["F","CN0502700000000","Columbia County, AR","AR"]
["F","CN0502900000000","Conway County, AR","AR"]
["F","CN0503100000000","Craighead County, AR","AR"]
["F","CN0503300000000","Crawford County, AR","AR"]
["F","CN0503500000000","Crittenden County, AR","AR"]
["F","CN0503700000000","Cross County, AR","AR"]
["F","CN0503900000000","Dallas County, AR","AR"]
["F","CN0504100000000","Desha County, AR","AR"]
["F","CN0504300000000","Drew County, AR","AR"]
["F","CN0504500000000","Faulkner County, AR","AR"]
["F","CN0504700000000","Franklin County, AR","AR"]
["F","CN0504900000000","Fulton County, AR","AR"]
["F","CN0505100000000","Garland County, AR","AR"]
["F","CN0505300000000","Grant County, AR","AR"]
["F","CN0505500000000","Greene County, AR","AR"]
["F","CN0505700000000","Hempstead County, AR","AR"]
["F","CN0505900000000","Hot Spring County, AR","AR"]
["F","CN0506100000000","Howard County, AR","AR"]
["F","CN0506300000000","Independence County, AR","AR"]
["F","CN0506500000000","Izard County, AR","AR"]
["F","CN0506700000000","Jackson County, AR","AR"]
["F","CN0506900000000","Jefferson County, AR","AR"]
["F","CN0507100000000","Johnson County, AR","AR"]
["F","CN0507300000000","Lafayette County, AR","AR"]
["F","CN0507500000000","Lawrence County, AR","AR"]
["F","CN0507700000000","Lee County, AR","AR"]
["F","CN0507900000000","Lincoln County, AR","AR"]
["F","CN0508100000000","Little River County, AR","AR"]
["F","CN0508300000000","Logan County, AR","AR"]
["F","CN0508500000000","Lonoke County, AR","AR"]
["F","CN0508700000000","Madison County, AR","AR"]
["F","CN0508900000000","Marion County, AR","AR"]
["F","CN0509100000000","Miller County, AR","AR"]
["F","CN0509300000000","Mississippi County, AR","AR"]
["F","CN0509500000000","Monroe County, AR","AR"]
["F","CN0509700000000","Montgomery County, AR","AR"]
["F","CN0509900000000","Nevada County, AR","AR"]
["F","CN0510100000000","Newton County, AR","AR"]
["F","CN0510300000000","Ouachita County, AR","AR"]
["F","CN0510500000000","Perry County, AR","AR"]
["F","CN0510700000000","Phillips County, AR","AR"]
["F","CN0510900000000","Pike County, AR","AR"]
["F","CN0511100000000","Poinsett County, AR","AR"]
["F","CN0511300000000","Polk County, AR","AR"]
["F","CN0511500000000","Pope County, AR","AR"]
["F","CN0511700000000","Prairie County, AR","AR"]
["F","CN0511900000000","Pulaski County, AR","AR"]
["F","CN0512100000000","Randolph County, AR","AR"]
["F","CN0512300000000","St. Francis County, AR","AR"]
["F","CN0512500000000","Saline County, AR","AR"]
["F","CN0512700000000","Scott County, AR","AR"]
["F","CN0512900000000","Searcy County, AR","AR"]
["F","CN0513100000000","Sebastian County, AR","AR"]
["F","CN0513300000000","Sevier County, AR","AR"]
["F","CN0513500000000","Sharp County, AR","AR"]
["F","CN0513700000000","Stone County, AR","AR"]
["F","CN0513900000000","Union County, AR","AR"]
["F","CN0514100000000","Van Buren County, AR","AR"]
["F","CN0514300000000","Washington County, AR","AR"]
["F","CN0514500000000","White County, AR","AR"]
["F","CN0514700000000","Woodruff County, AR","AR"]
["F","CN0514900000000","Yell County, AR","AR"]
["F","CN0600100000000","Alameda County, CA","CA"]
["F","CN0600300000000","Alpine County, CA","CA"]
["F","CN0600500000000","Amador County, CA","CA"]
["F","CN0600700000000","Butte County, CA","CA"]
["F","CN0600900000000","Calaveras County, CA","CA"]
["F","CN0601100000000","Colusa County, CA","CA"]
["F","CN0601300000000","Contra Costa County, CA","CA"]
["F","CN0601500000000","Del Norte County, CA","CA"]
["F","CN0601700000000","El Dorado County, CA","CA"]
["F","CN0601900000000","Fresno County, CA","CA"]
["F","CN0602100000000","Glenn County, CA","CA"]
["F","CN0602300000000","Humboldt County, CA","CA"]
["F","CN0602500000000","Imperial County, CA","CA"]
["F","CN0602700000000","Inyo County, CA","CA"]
["F","CN0602900000000","Kern County, CA","CA"]
["F","CN0603100000000","Kings County, CA","CA"]
["F","CN0603300000000","Lake County, CA","CA"]
["F","CN0603500000000","Lassen County, CA","CA"]
["F","CN0603700000000","Los Angeles County, CA","CA"]
["F","CN0603900000000","Madera County, CA","CA"]
["F","CN0604100000000","Marin County, CA","CA"]
["F","CN0604300000000","Mariposa County, CA","CA"]
["F","CN0604500000000","Mendocino County, CA","CA"]
["F","CN0604700000000","Merced County, CA","CA"]
["F","CN0604900000000","Modoc County, CA","CA"]
["F","CN0605100000000","Mono County, CA","CA"]
["F","CN0605300000000","Monterey County, CA","CA"]
["F","CN0605500000000","Napa County, CA","CA"]
["F","CN0605700000000","Nevada County, CA","CA"]
["F","CN0605900000000","Orange County, CA","CA"]
["F","CN0606100000000","Placer County, CA","CA"]
["F","CN0606300000000","Plumas County, CA","CA"]
["F","CN0606500000000","Riverside County, CA","CA"]
["F","CN0606700000000","Sacramento County, CA","CA"]
["F","CN0606900000000","San Benito County, CA","CA"]
["F","CN0607100000000","San Bernardino County, CA","CA"]
["F","CN0607300000000","San Diego County, CA","CA"]
["F","CN0607500000000","San Francisco County/city, CA","CA"]
["F","CN0607700000000","San Joaquin County, CA","CA"]
["F","CN0607900000000","San Luis Obispo County, CA","CA"]
["F","CN0608100000000","San Mateo County, CA","CA"]
["F","CN0608300000000","Santa Barbara County, CA","CA"]
["F","CN0608500000000","Santa Clara County, CA","CA"]
["F","CN0608700000000","Santa Cruz County, CA","CA"]
["F","CN0608900000000","Shasta County, CA","CA"]
["F","CN0609100000000","Sierra County, CA","CA"]
["F","CN0609300000000","Siskiyou County, CA","CA"]
["F","CN0609500000000","Solano County, CA","CA"]
["F","CN0609700000000","Sonoma County, CA","CA"]
["F","CN0609900000000","Stanislaus County, CA","CA"]
["F","CN0610100000000","Sutter County, CA","CA"]
["F","CN0610300000000","Tehama County, CA","CA"]
["F","CN0610500000000","Trinity County, CA","CA"]
["F","CN0610700000000","Tulare County, CA","CA"]
["F","CN0610900000000","Tuolumne County, CA","CA"]
["F","CN0611100000000","Ventura County, CA","CA"]
["F","CN0611300000000","Yolo County, CA","CA"]
["F","CN0611500000000","Yuba County, CA","CA"]
["F","CN0800100000000","Adams County, CO","CO"]
["F","CN0800300000000","Alamosa County, CO","CO"]
["F","CN0800500000000","Arapahoe County, CO","CO"]
["F","CN0800700000000","Archuleta County, CO","CO"]
["F","CN0800900000000","Baca County, CO","CO"]
["F","CN0801100000000","Bent County, CO","CO"]
["F","CN0801300000000","Boulder County, CO","CO"]
["F","CN0801400000000","Broomfield County/city, CO","CO"]
["F","CN0801500000000","Chaffee County, CO","CO"]
["F","CN0801700000000","Cheyenne County, CO","CO"]
["F","CN0801900000000","Clear Creek County, CO","CO"]
["F","CN0802100000000","Conejos County, CO","CO"]
["F","CN0802300000000","Costilla County, CO","CO"]
["F","CN0802500000000","Crowley County, CO","CO"]
["F","CN0802700000000","Custer County, CO","CO"]
["F","CN0802900000000","Delta County, CO","CO"]
["F","CN0803100000000","Denver County/city, CO","CO"]
["F","CN0803300000000","Dolores County, CO","CO"]
["F","CN0803500000000","Douglas County, CO","CO"]
["F","CN0803700000000","Eagle County, CO","CO"]
["F","CN0803900000000","Elbert County, CO","CO"]
["F","CN0804100000000","El Paso County, CO","CO"]
["F","CN0804300000000","Fremont County, CO","CO"]
["F","CN0804500000000","Garfield County, CO","CO"]
["F","CN0804700000000","Gilpin County, CO","CO"]
["F","CN0804900000000","Grand County, CO","CO"]
["F","CN0805100000000","Gunnison County, CO","CO"]
["F","CN0805300000000","Hinsdale County, CO","CO"]
["F","CN0805500000000","Huerfano County, CO","CO"]
["F","CN0805700000000","Jackson County, CO","CO"]
["F","CN0805900000000","Jefferson County, CO","CO"]
["F","CN0806100000000","Kiowa County, CO","CO"]
["F","CN0806300000000","Kit Carson County, CO","CO"]
["F","CN0806500000000","Lake County, CO","CO"]
["F","CN0806700000000","La Plata County, CO","CO"]
["F","CN0806900000000","Larimer County, CO","CO"]
["F","CN0807100000000","Las Animas County, CO","CO"]
["F","CN0807300000000","Lincoln County, CO","CO"]
["F","CN0807500000000","Logan County, CO","CO"]
["F","CN0807700000000","Mesa County, CO","CO"]
["F","CN0807900000000","Mineral County, CO","CO"]
["F","CN0808100000000","Moffat County, CO","CO"]
["F","CN0808300000000","Montezuma County, CO","CO"]
["F","CN0808500000000","Montrose County, CO","CO"]
["F","CN0808700000000","Morgan County, CO","CO"]
["F","CN0808900000000","Otero County, CO","CO"]
["F","CN0809100000000","Ouray County, CO","CO"]
["F","CN0809300000000","Park County, CO","CO"]
["F","CN0809500000000","Phillips County, CO","CO"]
["F","CN0809700000000","Pitkin County, CO","CO"]
["F","CN0809900000000","Prowers County, CO","CO"]
["F","CN0810100000000","Pueblo County, CO","CO"]
["F","CN0810300000000","Rio Blanco County, CO","CO"]
["F","CN0810500000000","Rio Grande County, CO","CO"]
["F","CN0810700000000","Routt County, CO","CO"]
["F","CN0810900000000","Saguache County, CO","CO"]
["F","CN0811100000000","San Juan County, CO","CO"]
["F","CN0811300000000","San Miguel County, CO","CO"]
["F","CN0811500000000","Sedgwick County, CO","CO"]
["F","CN0811700000000","Summit County, CO","CO"]
["F","CN0811900000000","Teller County, CO","CO"]
["F","CN0812100000000","Washington County, CO","CO"]
["F","CN0812300000000","Weld County, CO","CO"]
["F","CN0812500000000","Yuma County, CO","CO"]
["F","CN0900100000000","Fairfield County, CT","CT"]
["F","CN0900300000000","Hartford County, CT","CT"]
["F","CN0900500000000","Litchfield County, CT","CT"]
["F","CN0900700000000","Middlesex County, CT","CT"]
["F","CN0900900000000","New Haven County, CT","CT"]
["F","CN0901100000000","New London County, CT","CT"]
["F","CN0901300000000","Tolland County, CT","CT"]
["F","CN0901500000000","Windham County, CT","CT"]
["F","CN1000100000000","Kent County, DE","DE"]
["F","CN1000300000000","New Castle County, DE","DE"]
["F","CN1000500000000","Sussex County, DE","DE"]
["F","CN1200100000000","Alachua County, FL","FL"]
["F","CN1200300000000","Baker County, FL","FL"]
["F","CN1200500000000","Bay County, FL","FL"]
["F","CN1200700000000","Bradford County, FL","FL"]
["F","CN1200900000000","Brevard County, FL","FL"]
["F","CN1201100000000","Broward County, FL","FL"]
["F","CN1201300000000","Calhoun County, FL","FL"]
["F","CN1201500000000","Charlotte County, FL","FL"]
["F","CN1201700000000","Citrus County, FL","FL"]
["F","CN1201900000000","Clay County, FL","FL"]
["F","CN1202100000000","Collier County, FL","FL"]
["F","CN1202300000000","Columbia County, FL","FL"]
["F","CN1202700000000","DeSoto County, FL","FL"]
["F","CN1202900000000","Dixie County, FL","FL"]
["F","CN1203100000000","Duval County, FL","FL"]
["F","CN1203300000000","Escambia County, FL","FL"]
["F","CN1203500000000","Flagler County, FL","FL"]
["F","CN1203700000000","Franklin County, FL","FL"]
["F","CN1203900000000","Gadsden County, FL","FL"]
["F","CN1204100000000","Gilchrist County, FL","FL"]
["F","CN1204300000000","Glades County, FL","FL"]
["F","CN1204500000000","Gulf County, FL","FL"]
["F","CN1204700000000","Hamilton County, FL","FL"]
["F","CN1204900000000","Hardee County, FL","FL"]
["F","CN1205100000000","Hendry County, FL","FL"]
["F","CN1205300000000","Hernando County, FL","FL"]
["F","CN1205500000000","Highlands County, FL","FL"]
["F","CN1205700000000","Hillsborough County, FL","FL"]
["F","CN1205900000000","Holmes County, FL","FL"]
["F","CN1206100000000","Indian River County, FL","FL"]
["F","CN1206300000000","Jackson County, FL","FL"]
["F","CN1206500000000","Jefferson County, FL","FL"]
["F","CN1206700000000","Lafayette County, FL","FL"]
["F","CN1206900000000","Lake County, FL","FL"]
["F","CN1207100000000","Lee County, FL","FL"]
["F","CN1207300000000","Leon County, FL","FL"]
["F","CN1207500000000","Levy County, FL","FL"]
["F","CN1207700000000","Liberty County, FL","FL"]
["F","CN1207900000000","Madison County, FL","FL"]
["F","CN1208100000000","Manatee County, FL","FL"]
["F","CN1208300000000","Marion County, FL","FL"]
["F","CN1208500000000","Martin County, FL","FL"]
["F","CN1208600000000","Miami-Dade County, FL","FL"]
["F","CN1208700000000","Monroe County, FL","FL"]
["F","CN1208900000000","Nassau County, FL","FL"]
["F","CN1209100000000","Okaloosa County, FL","FL"]
["F","CN1209300000000","Okeechobee County, FL","FL"]
["F","CN1209500000000","Orange County, FL","FL"]
["F","CN1209700000000","Osceola County, FL","FL"]
["F","CN1209900000000","Palm Beach County, FL","FL"]
["F","CN1210100000000","Pasco County, FL","FL"]
["F","CN1210300000000","Pinellas County, FL","FL"]
["F","CN1210500000000","Polk County, FL","FL"]
["F","CN1210700000000","Putnam County, FL","FL"]
["F","CN1210900000000","St. Johns County, FL","FL"]
["F","CN1211100000000","St. Lucie County, FL","FL"]
["F","CN1211300000000","Santa Rosa County, FL","FL"]
["F","CN1211500000000","Sarasota County, FL","FL"]
["F","CN1211700000000","Seminole County, FL","FL"]
["F","CN1211900000000","Sumter County, FL","FL"]
["F","CN1212100000000","Suwannee County, FL","FL"]
["F","CN1212300000000","Taylor County, FL","FL"]
["F","CN1212500000000","Union County, FL","FL"]
["F","CN1212700000000","Volusia County, FL","FL"]
["F","CN1212900000000","Wakulla County, FL","FL"]
["F","CN1213100000000","Walton County, FL","FL"]
["F","CN1213300000000","Washington County, FL","FL"]
["F","CN1300100000000","Appling County, GA","GA"]
["F","CN1300300000000","Atkinson County, GA","GA"]
["F","CN1300500000000","Bacon County, GA","GA"]
["F","CN1300700000000","Baker County, GA","GA"]
["F","CN1300900000000","Baldwin County, GA","GA"]
["F","CN1301100000000","Banks County, GA","GA"]
["F","CN1301300000000","Barrow County, GA","GA"]
["F","CN1301500000000","Bartow County, GA","GA"]
["F","CN1301700000000","Ben Hill County, GA","GA"]
["F","CN1301900000000","Berrien County, GA","GA"]
["F","CN1302100000000","Bibb County, GA","GA"]
["F","CN1302300000000","Bleckley County, GA","GA"]
["F","CN1302500000000","Brantley County, GA","GA"]
["F","CN1302700000000","Brooks County, GA","GA"]
["F","CN1302900000000","Bryan County, GA","GA"]
["F","CN1303100000000","Bulloch County, GA","GA"]
["F","CN1303300000000","Burke County, GA","GA"]
["F","CN1303500000000","Butts County, GA","GA"]
["F","CN1303700000000","Calhoun County, GA","GA"]
["F","CN1303900000000","Camden County, GA","GA"]
["F","CN1304300000000","Candler County, GA","GA"]
["F","CN1304500000000","Carroll County, GA","GA"]
["F","CN1304700000000","Catoosa County, GA","GA"]
["F","CN1304900000000","Charlton County, GA","GA"]
["F","CN1305100000000","Chatham County, GA","GA"]
["F","CN1305300000000","Chattahoochee County, GA","GA"]
["F","CN1305500000000","Chattooga County, GA","GA"]
["F","CN1305700000000","Cherokee County, GA","GA"]
["F","CN1305900000000","Clarke County, GA","GA"]
["F","CN1306100000000","Clay County, GA","GA"]
["F","CN1306300000000","Clayton County, GA","GA"]
["F","CN1306500000000","Clinch County, GA","GA"]
["F","CN1306700000000","Cobb County, GA","GA"]
["F","CN1306900000000","Coffee County, GA","GA"]
["F","CN1307100000000","Colquitt County, GA","GA"]
["F","CN1307300000000","Columbia County, GA","GA"]
["F","CN1307500000000","Cook County, GA","GA"]
["F","CN1307700000000","Coweta County, GA","GA"]
["F","CN1307900000000","Crawford County, GA","GA"]
["F","CN1308100000000","Crisp County, GA","GA"]
["F","CN1308300000000","Dade County, GA","GA"]
["F","CN1308500000000","Dawson County, GA","GA"]
["F","CN1308700000000","Decatur County, GA","GA"]
["F","CN1308900000000","DeKalb County, GA","GA"]
["F","CN1309100000000","Dodge County, GA","GA"]
["F","CN1309300000000","Dooly County, GA","GA"]
["F","CN1309500000000","Dougherty County, GA","GA"]
["F","CN1309700000000","Douglas County, GA","GA"]
["F","CN1309900000000","Early County, GA","GA"]
["F","CN1310100000000","Echols County, GA","GA"]
["F","CN1310300000000","Effingham County, GA","GA"]
["F","CN1310500000000","Elbert County, GA","GA"]
["F","CN1310700000000","Emanuel County, GA","GA"]
["F","CN1310900000000","Evans County, GA","GA"]
["F","CN1311100000000","Fannin County, GA","GA"]
["F","CN1311300000000","Fayette County, GA","GA"]
["F","CN1311500000000","Floyd County, GA","GA"]
["F","CN1311700000000","Forsyth County, GA","GA"]
["F","CN1311900000000","Franklin County, GA","GA"]
["F","CN1312100000000","Fulton County, GA","GA"]
["F","CN1312300000000","Gilmer County, GA","GA"]
["F","CN1312500000000","Glascock County, GA","GA"]
["F","CN1312700000000","Glynn County, GA","GA"]
["F","CN1312900000000","Gordon County, GA","GA"]
["F","CN1313100000000","Grady County, GA","GA"]
["F","CN1313300000000","Greene County, GA","GA"]
["F","CN1313500000000","Gwinnett County, GA","GA"]
["F","CN1313700000000","Habersham County, GA","GA"]
["F","CN1313900000000","Hall County, GA","GA"]
["F","CN1314100000000","Hancock County, GA","GA"]
["F","CN1314300000000","Haralson County, GA","GA"]
["F","CN1314500000000","Harris County, GA","GA"]
["F","CN1314700000000","Hart County, GA","GA"]
["F","CN1314900000000","Heard County, GA","GA"]
["F","CN1315100000000","Henry County, GA","GA"]
["F","CN1315300000000","Houston County, GA","GA"]
["F","CN1315500000000","Irwin County, GA","GA"]
["F","CN1315700000000","Jackson County, GA","GA"]
["F","CN1315900000000","Jasper County, GA","GA"]
["F","CN1316100000000","Jeff Davis County, GA","GA"]
["F","CN1316300000000","Jefferson County, GA","GA"]
["F","CN1316500000000","Jenkins County, GA","GA"]
["F","CN1316700000000","Johnson County, GA","GA"]
["F","CN1316900000000","Jones County, GA","GA"]
["F","CN1317100000000","Lamar County, GA","GA"]
["F","CN1317300000000","Lanier County, GA","GA"]
["F","CN1317500000000","Laurens County, GA","GA"]
["F","CN1317700000000","Lee County, GA","GA"]
["F","CN1317900000000","Liberty County, GA","GA"]
["F","CN1318100000000","Lincoln County, GA","GA"]
["F","CN1318300000000","Long County, GA","GA"]
["F","CN1318500000000","Lowndes County, GA","GA"]
["F","CN1318700000000","Lumpkin County, GA","GA"]
["F","CN1318900000000","McDuffie County, GA","GA"]
["F","CN1319100000000","McIntosh County, GA","GA"]
["F","CN1319300000000","Macon County, GA","GA"]
["F","CN1319500000000","Madison County, GA","GA"]
["F","CN1319700000000","Marion County, GA","GA"]
["F","CN1319900000000","Meriwether County, GA","GA"]
["F","CN1320100000000","Miller County, GA","GA"]
["F","CN1320500000000","Mitchell County, GA","GA"]
["F","CN1320700000000","Monroe County, GA","GA"]
["F","CN1320900000000","Montgomery County, GA","GA"]
["F","CN1321100000000","Morgan County, GA","GA"]
["F","CN1321300000000","Murray County, GA","GA"]
["F","CN1321500000000","Muscogee County, GA","GA"]
["F","CN1321700000000","Newton County, GA","GA"]
["F","CN1321900000000","Oconee County, GA","GA"]
["F","CN1322100000000","Oglethorpe County, GA","GA"]
["F","CN1322300000000","Paulding County, GA","GA"]
["F","CN1322500000000","Peach County, GA","GA"]
["F","CN1322700000000","Pickens County, GA","GA"]
["F","CN1322900000000","Pierce County, GA","GA"]
["F","CN1323100000000","Pike County, GA","GA"]
["F","CN1323300000000","Polk County, GA","GA"]
["F","CN1323500000000","Pulaski County, GA","GA"]
["F","CN1323700000000","Putnam County, GA","GA"]
["F","CN1323900000000","Quitman County, GA","GA"]
["F","CN1324100000000","Rabun County, GA","GA"]
["F","CN1324300000000","Randolph County, GA","GA"]
["F","CN1324500000000","Richmond County, GA","GA"]
["F","CN1324700000000","Rockdale County, GA","GA"]
["F","CN1324900000000","Schley County, GA","GA"]
["F","CN1325100000000","Screven County, GA","GA"]
["F","CN1325300000000","Seminole County, GA","GA"]
["F","CN1325500000000","Spalding County, GA","GA"]
["F","CN1325700000000","Stephens County, GA","GA"]
["F","CN1325900000000","Stewart County, GA","GA"]
["F","CN1326100000000","Sumter County, GA","GA"]
["F","CN1326300000000","Talbot County, GA","GA"]
["F","CN1326500000000","Taliaferro County, GA","GA"]
["F","CN1326700000000","Tattnall County, GA","GA"]
["F","CN1326900000000","Taylor County, GA","GA"]
["F","CN1327100000000","Telfair County, GA","GA"]
["F","CN1327300000000","Terrell County, GA","GA"]
["F","CN1327500000000","Thomas County, GA","GA"]
["F","CN1327700000000","Tift County, GA","GA"]
["F","CN1327900000000","Toombs County, GA","GA"]
["F","CN1328100000000","Towns County, GA","GA"]
["F","CN1328300000000","Treutlen County, GA","GA"]
["F","CN1328500000000","Troup County, GA","GA"]
["F","CN1328700000000","Turner County, GA","GA"]
["F","CN1328900000000","Twiggs County, GA","GA"]
["F","CN1329100000000","Union County, GA","GA"]
["F","CN1329300000000","Upson County, GA","GA"]
["F","CN1329500000000","Walker County, GA","GA"]
["F","CN1329700000000","Walton County, GA","GA"]
["F","CN1329900000000","Ware County, GA","GA"]
["F","CN1330100000000","Warren County, GA","GA"]
["F","CN1330300000000","Washington County, GA","GA"]
["F","CN1330500000000","Wayne County, GA","GA"]
["F","CN1330700000000","Webster County, GA","GA"]
["F","CN1330900000000","Wheeler County, GA","GA"]
["F","CN1331100000000","White County, GA","GA"]
["F","CN1331300000000","Whitfield County, GA","GA"]
["F","CN1331500000000","Wilcox County, GA","GA"]
["F","CN1331700000000","Wilkes County, GA","GA"]
["F","CN1331900000000","Wilkinson County, GA","GA"]
["F","CN1332100000000","Worth County, GA","GA"]
["F","CN1500100000000","Hawaii County, HI","HI"]
["F","CN1500300000000","Honolulu County/city, HI","HI"]
["F","CN1500700000000","Kauai County, HI","HI"]
["F","CN1500900000000","Maui County, HI","HI"]
["F","CN1600100000000","Ada County, ID","ID"]
["F","CN1600300000000","Adams County, ID","ID"]
["F","CN1600500000000","Bannock County, ID","ID"]
["F","CN1600700000000","Bear Lake County, ID","ID"]
["F","CN1600900000000","Benewah County, ID","ID"]
["F","CN1601100000000","Bingham County, ID","ID"]
["F","CN1601300000000","Blaine County, ID","ID"]
["F","CN1601500000000","Boise County, ID","ID"]
["F","CN1601700000000","Bonner County, ID","ID"]
["F","CN1601900000000","Bonneville County, ID","ID"]
["F","CN1602100000000","Boundary County, ID","ID"]
["F","CN1602300000000","Butte County, ID","ID"]
["F","CN1602500000000","Camas County, ID","ID"]
["F","CN1602700000000","Canyon County, ID","ID"]
["F","CN1602900000000","Caribou County, ID","ID"]
["F","CN1603100000000","Cassia County, ID","ID"]
["F","CN1603300000000","Clark County, ID","ID"]
["F","CN1603500000000","Clearwater County, ID","ID"]
["F","CN1603700000000","Custer County, ID","ID"]
["F","CN1603900000000","Elmore County, ID","ID"]
["F","CN1604100000000","Franklin County, ID","ID"]
["F","CN1604300000000","Fremont County, ID","ID"]
["F","CN1604500000000","Gem County, ID","ID"]
["F","CN1604700000000","Gooding County, ID","ID"]
["F","CN1604900000000","Idaho County, ID","ID"]
["F","CN1605100000000","Jefferson County, ID","ID"]
["F","CN1605300000000","Jerome County, ID","ID"]
["F","CN1605500000000","Kootenai County, ID","ID"]
["F","CN1605700000000","Latah County, ID","ID"]
["F","CN1605900000000","Lemhi County, ID","ID"]
["F","CN1606100000000","Lewis County, ID","ID"]
["F","CN1606300000000","Lincoln County, ID","ID"]
["F","CN1606500000000","Madison County, ID","ID"]
["F","CN1606700000000","Minidoka County, ID","ID"]
["F","CN1606900000000","Nez Perce County, ID","ID"]
["F","CN1607100000000","Oneida County, ID","ID"]
["F","CN1607300000000","Owyhee County, ID","ID"]
["F","CN1607500000000","Payette County, ID","ID"]
["F","CN1607700000000","Power County, ID","ID"]
["F","CN1607900000000","Shoshone County, ID","ID"]
["F","CN1608100000000","Teton County, ID","ID"]
["F","CN1608300000000","Twin Falls County, ID","ID"]
["F","CN1608500000000","Valley County, ID","ID"]
["F","CN1608700000000","Washington County, ID","ID"]
["F","CN1700100000000","Adams County, IL","IL"]
["F","CN1700300000000","Alexander County, IL","IL"]
["F","CN1700500000000","Bond County, IL","IL"]
["F","CN1700700000000","Boone County, IL","IL"]
["F","CN1700900000000","Brown County, IL","IL"]
["F","CN1701100000000","Bureau County, IL","IL"]
["F","CN1701300000000","Calhoun County, IL","IL"]
["F","CN1701500000000","Carroll County, IL","IL"]
["F","CN1701700000000","Cass County, IL","IL"]
["F","CN1701900000000","Champaign County, IL","IL"]
["F","CN1702100000000","Christian County, IL","IL"]
["F","CN1702300000000","Clark County, IL","IL"]
["F","CN1702500000000","Clay County, IL","IL"]
["F","CN1702700000000","Clinton County, IL","IL"]
["F","CN1702900000000","Coles County, IL","IL"]
["F","CN1703100000000","Cook County, IL","IL"]
["F","CN1703300000000","Crawford County, IL","IL"]
["F","CN1703500000000","Cumberland County, IL","IL"]
["F","CN1703700000000","DeKalb County, IL","IL"]
["F","CN1703900000000","De Witt County, IL","IL"]
["F","CN1704100000000","Douglas County, IL","IL"]
["F","CN1704300000000","DuPage County, IL","IL"]
["F","CN1704500000000","Edgar County, IL","IL"]
["F","CN1704700000000","Edwards County, IL","IL"]
["F","CN1704900000000","Effingham County, IL","IL"]
["F","CN1705100000000","Fayette County, IL","IL"]
["F","CN1705300000000","Ford County, IL","IL"]
["F","CN1705500000000","Franklin County, IL","IL"]
["F","CN1705700000000","Fulton County, IL","IL"]
["F","CN1705900000000","Gallatin County, IL","IL"]
["F","CN1706100000000","Greene County, IL","IL"]
["F","CN1706300000000","Grundy County, IL","IL"]
["F","CN1706500000000","Hamilton County, IL","IL"]
["F","CN1706700000000","Hancock County, IL","IL"]
["F","CN1706900000000","Hardin County, IL","IL"]
["F","CN1707100000000","Henderson County, IL","IL"]
["F","CN1707300000000","Henry County, IL","IL"]
["F","CN1707500000000","Iroquois County, IL","IL"]
["F","CN1707700000000","Jackson County, IL","IL"]
["F","CN1707900000000","Jasper County, IL","IL"]
["F","CN1708100000000","Jefferson County, IL","IL"]
["F","CN1708300000000","Jersey County, IL","IL"]
["F","CN1708500000000","Jo Daviess County, IL","IL"]
["F","CN1708700000000","Johnson County, IL","IL"]
["F","CN1708900000000","Kane County, IL","IL"]
["F","CN1709100000000","Kankakee County, IL","IL"]
["F","CN1709300000000","Kendall County, IL","IL"]
["F","CN1709500000000","Knox County, IL","IL"]
["F","CN1709700000000","Lake County, IL","IL"]
["F","CN1709900000000","LaSalle County, IL","IL"]
["F","CN1710100000000","Lawrence County, IL","IL"]
["F","CN1710300000000","Lee County, IL","IL"]
["F","CN1710500000000","Livingston County, IL","IL"]
["F","CN1710700000000","Logan County, IL","IL"]
["F","CN1710900000000","McDonough County, IL","IL"]
["F","CN1711100000000","McHenry County, IL","IL"]
["F","CN1711300000000","McLean County, IL","IL"]
["F","CN1711500000000","Macon County, IL","IL"]
["F","CN1711700000000","Macoupin County, IL","IL"]
["F","CN1711900000000","Madison County, IL","IL"]
["F","CN1712100000000","Marion County, IL","IL"]
["F","CN1712300000000","Marshall County, IL","IL"]
["F","CN1712500000000","Mason County, IL","IL"]
["F","CN1712700000000","Massac County, IL","IL"]
["F","CN1712900000000","Menard County, IL","IL"]
["F","CN1713100000000","Mercer County, IL","IL"]
["F","CN1713300000000","Monroe County, IL","IL"]
["F","CN1713500000000","Montgomery County, IL","IL"]
["F","CN1713700000000","Morgan County, IL","IL"]
["F","CN1713900000000","Moultrie County, IL","IL"]
["F","CN1714100000000","Ogle County, IL","IL"]
["F","CN1714300000000","Peoria County, IL","IL"]
["F","CN1714500000000","Perry County, IL","IL"]
["F","CN1714700000000","Piatt County, IL","IL"]
["F","CN1714900000000","Pike County, IL","IL"]
["F","CN1715100000000","Pope County, IL","IL"]
["F","CN1715300000000","Pulaski County, IL","IL"]
["F","CN1715500000000","Putnam County, IL","IL"]
["F","CN1715700000000","Randolph County, IL","IL"]
["F","CN1715900000000","Richland County, IL","IL"]
["F","CN1716100000000","Rock Island County, IL","IL"]
["F","CN1716300000000","St. Clair County, IL","IL"]
["F","CN1716500000000","Saline County, IL","IL"]
["F","CN1716700000000","Sangamon County, IL","IL"]
["F","CN1716900000000","Schuyler County, IL","IL"]
["F","CN1717100000000","Scott County, IL","IL"]
["F","CN1717300000000","Shelby County, IL","IL"]
["F","CN1717500000000","Stark County, IL","IL"]
["F","CN1717700000000","Stephenson County, IL","IL"]
["F","CN1717900000000","Tazewell County, IL","IL"]
["F","CN1718100000000","Union County, IL","IL"]
["F","CN1718300000000","Vermilion County, IL","IL"]
["F","CN1718500000000","Wabash County, IL","IL"]
["F","CN1718700000000","Warren County, IL","IL"]
["F","CN1718900000000","Washington County, IL","IL"]
["F","CN1719100000000","Wayne County, IL","IL"]
["F","CN1719300000000","White County, IL","IL"]
["F","CN1719500000000","Whiteside County, IL","IL"]
["F","CN1719700000000","Will County, IL","IL"]
["F","CN1719900000000","Williamson County, IL","IL"]
["F","CN1720100000000","Winnebago County, IL","IL"]
["F","CN1720300000000","Woodford County, IL","IL"]
["F","CN1800100000000","Adams County, IN","IN"]
["F","CN1800300000000","Allen County, IN","IN"]
["F","CN1800500000000","Bartholomew County, IN","IN"]
["F","CN1800700000000","Benton County, IN","IN"]
["F","CN1800900000000","Blackford County, IN","IN"]
["F","CN1801100000000","Boone County, IN","IN"]
["F","CN1801300000000","Brown County, IN","IN"]
["F","CN1801500000000","Carroll County, IN","IN"]
["F","CN1801700000000","Cass County, IN","IN"]
["F","CN1801900000000","Clark County, IN","IN"]
["F","CN1802100000000","Clay County, IN","IN"]
["F","CN1802300000000","Clinton County, IN","IN"]
["F","CN1802500000000","Crawford County, IN","IN"]
["F","CN1802700000000","Daviess County, IN","IN"]
["F","CN1802900000000","Dearborn County, IN","IN"]
["F","CN1803100000000","Decatur County, IN","IN"]
["F","CN1803300000000","DeKalb County, IN","IN"]
["F","CN1803500000000","Delaware County, IN","IN"]
["F","CN1803700000000","Dubois County, IN","IN"]
["F","CN1803900000000","Elkhart County, IN","IN"]
["F","CN1804100000000","Fayette County, IN","IN"]
["F","CN1804300000000","Floyd County, IN","IN"]
["F","CN1804500000000","Fountain County, IN","IN"]
["F","CN1804700000000","Franklin County, IN","IN"]
["F","CN1804900000000","Fulton County, IN","IN"]
["F","CN1805100000000","Gibson County, IN","IN"]
["F","CN1805300000000","Grant County, IN","IN"]
["F","CN1805500000000","Greene County, IN","IN"]
["F","CN1805700000000","Hamilton County, IN","IN"]
["F","CN1805900000000","Hancock County, IN","IN"]
["F","CN1806100000000","Harrison County, IN","IN"]
["F","CN1806300000000","Hendricks County, IN","IN"]
["F","CN1806500000000","Henry County, IN","IN"]
["F","CN1806700000000","Howard County, IN","IN"]
["F","CN1806900000000","Huntington County, IN","IN"]
["F","CN1807100000000","Jackson County, IN","IN"]
["F","CN1807300000000","Jasper County, IN","IN"]
["F","CN1807500000000","Jay County, IN","IN"]
["F","CN1807700000000","Jefferson County, IN","IN"]
["F","CN1807900000000","Jennings County, IN","IN"]
["F","CN1808100000000","Johnson County, IN","IN"]
["F","CN1808300000000","Knox County, IN","IN"]
["F","CN1808500000000","Kosciusko County, IN","IN"]
["F","CN1808700000000","LaGrange County, IN","IN"]
["F","CN1808900000000","Lake County, IN","IN"]
["F","CN1809100000000","LaPorte County, IN","IN"]
["F","CN1809300000000","Lawrence County, IN","IN"]
["F","CN1809500000000","Madison County, IN","IN"]
["F","CN1809700000000","Marion County, IN","IN"]
["F","CN1809900000000","Marshall County, IN","IN"]
["F","CN1810100000000","Martin County, IN","IN"]
["F","CN1810300000000","Miami County, IN","IN"]
["F","CN1810500000000","Monroe County, IN","IN"]
["F","CN1810700000000","Montgomery County, IN","IN"]
["F","CN1810900000000","Morgan County, IN","IN"]
["F","CN1811100000000","Newton County, IN","IN"]
["F","CN1811300000000","Noble County, IN","IN"]
["F","CN1811500000000","Ohio County, IN","IN"]
["F","CN1811700000000","Orange County, IN","IN"]
["F","CN1811900000000","Owen County, IN","IN"]
["F","CN1812100000000","Parke County, IN","IN"]
["F","CN1812300000000","Perry County, IN","IN"]
["F","CN1812500000000","Pike County, IN","IN"]
["F","CN1812700000000","Porter County, IN","IN"]
["F","CN1812900000000","Posey County, IN","IN"]
["F","CN1813100000000","Pulaski County, IN","IN"]
["F","CN1813300000000","Putnam County, IN","IN"]
["F","CN1813500000000","Randolph County, IN","IN"]
["F","CN1813700000000","Ripley County, IN","IN"]
["F","CN1813900000000","Rush County, IN","IN"]
["F","CN1814100000000","St. Joseph County, IN","IN"]
["F","CN1814300000000","Scott County, IN","IN"]
["F","CN1814500000000","Shelby County, IN","IN"]
["F","CN1814700000000","Spencer County, IN","IN"]
["F","CN1814900000000","Starke County, IN","IN"]
["F","CN1815100000000","Steuben County, IN","IN"]
["F","CN1815300000000","Sullivan County, IN","IN"]
["F","CN1815500000000","Switzerland County, IN","IN"]
["F","CN1815700000000","Tippecanoe County, IN","IN"]
["F","CN1815900000000","Tipton County, IN","IN"]
["F","CN1816100000000","Union County, IN","IN"]
["F","CN1816300000000","Vanderburgh County, IN","IN"]
["F","CN1816500000000","Vermillion County, IN","IN"]
["F","CN1816700000000","Vigo County, IN","IN"]
["F","CN1816900000000","Wabash County, IN","IN"]
["F","CN1817100000000","Warren County, IN","IN"]
["F","CN1817300000000","Warrick County, IN","IN"]
["F","CN1817500000000","Washington County, IN","IN"]
["F","CN1817700000000","Wayne County, IN","IN"]
["F","CN1817900000000","Wells County, IN","IN"]
["F","CN1818100000000","White County, IN","IN"]
["F","CN1818300000000","Whitley County, IN","IN"]
["F","CN1900100000000","Adair County, IA","IA"]
["F","CN1900300000000","Adams County, IA","IA"]
["F","CN1900500000000","Allamakee County, IA","IA"]
["F","CN1900700000000","Appanoose County, IA","IA"]
["F","CN1900900000000","Audubon County, IA","IA"]
["F","CN1901100000000","Benton County, IA","IA"]
["F","CN1901300000000","Black Hawk County, IA","IA"]
["F","CN1901500000000","Boone County, IA","IA"]
["F","CN1901700000000","Bremer County, IA","IA"]
["F","CN1901900000000","Buchanan County, IA","IA"]
["F","CN1902100000000","Buena Vista County, IA","IA"]
["F","CN1902300000000","Butler County, IA","IA"]
["F","CN1902500000000","Calhoun County, IA","IA"]
["F","CN1902700000000","Carroll County, IA","IA"]
["F","CN1902900000000","Cass County, IA","IA"]
["F","CN1903100000000","Cedar County, IA","IA"]
["F","CN1903300000000","Cerro Gordo County, IA","IA"]
["F","CN1903500000000","Cherokee County, IA","IA"]
["F","CN1903700000000","Chickasaw County, IA","IA"]
["F","CN1903900000000","Clarke County, IA","IA"]
["F","CN1904100000000","Clay County, IA","IA"]
["F","CN1904300000000","Clayton County, IA","IA"]
["F","CN1904500000000","Clinton County, IA","IA"]
["F","CN1904700000000","Crawford County, IA","IA"]
["F","CN1904900000000","Dallas County, IA","IA"]
["F","CN1905100000000","Davis County, IA","IA"]
["F","CN1905300000000","Decatur County, IA","IA"]
["F","CN1905500000000","Delaware County, IA","IA"]
["F","CN1905700000000","Des Moines County, IA","IA"]
["F","CN1905900000000","Dickinson County, IA","IA"]
["F","CN1906100000000","Dubuque County, IA","IA"]
["F","CN1906300000000","Emmet County, IA","IA"]
["F","CN1906500000000","Fayette County, IA","IA"]
["F","CN1906700000000","Floyd County, IA","IA"]
["F","CN1906900000000","Franklin County, IA","IA"]
["F","CN1907100000000","Fremont County, IA","IA"]
["F","CN1907300000000","Greene County, IA","IA"]
["F","CN1907500000000","Grundy County, IA","IA"]
["F","CN1907700000000","Guthrie County, IA","IA"]
["F","CN1907900000000","Hamilton County, IA","IA"]
["F","CN1908100000000","Hancock County, IA","IA"]
["F","CN1908300000000","Hardin County, IA","IA"]
["F","CN1908500000000","Harrison County, IA","IA"]
["F","CN1908700000000","Henry County, IA","IA"]
["F","CN1908900000000","Howard County, IA","IA"]
["F","CN1909100000000","Humboldt County, IA","IA"]
["F","CN1909300000000","Ida County, IA","IA"]
["F","CN1909500000000","Iowa County, IA","IA"]
["F","CN1909700000000","Jackson County, IA","IA"]
["F","CN1909900000000","Jasper County, IA","IA"]
["F","CN1910100000000","Jefferson County, IA","IA"]
["F","CN1910300000000","Johnson County, IA","IA"]
["F","CN1910500000000","Jones County, IA","IA"]
["F","CN1910700000000","Keokuk County, IA","IA"]
["F","CN1910900000000","Kossuth County, IA","IA"]
["F","CN1911100000000","Lee County, IA","IA"]
["F","CN1911300000000","Linn County, IA","IA"]
["F","CN1911500000000","Louisa County, IA","IA"]
["F","CN1911700000000","Lucas County, IA","IA"]
["F","CN1911900000000","Lyon County, IA","IA"]
["F","CN1912100000000","Madison County, IA","IA"]
["F","CN1912300000000","Mahaska County, IA","IA"]
["F","CN1912500000000","Marion County, IA","IA"]
["F","CN1912700000000","Marshall County, IA","IA"]
["F","CN1912900000000","Mills County, IA","IA"]
["F","CN1913100000000","Mitchell County, IA","IA"]
["F","CN1913300000000","Monona County, IA","IA"]
["F","CN1913500000000","Monroe County, IA","IA"]
["F","CN1913700000000","Montgomery County, IA","IA"]
["F","CN1913900000000","Muscatine County, IA","IA"]
["F","CN1914100000000","O'Brien County, IA","IA"]
["F","CN1914300000000","Osceola County, IA","IA"]
["F","CN1914500000000","Page County, IA","IA"]
["F","CN1914700000000","Palo Alto County, IA","IA"]
["F","CN1914900000000","Plymouth County, IA","IA"]
["F","CN1915100000000","Pocahontas County, IA","IA"]
["F","CN1915300000000","Polk County, IA","IA"]
["F","CN1915500000000","Pottawattamie County, IA","IA"]
["F","CN1915700000000","Poweshiek County, IA","IA"]
["F","CN1915900000000","Ringgold County, IA","IA"]
["F","CN1916100000000","Sac County, IA","IA"]
["F","CN1916300000000","Scott County, IA","IA"]
["F","CN1916500000000","Shelby County, IA","IA"]
["F","CN1916700000000","Sioux County, IA","IA"]
["F","CN1916900000000","Story County, IA","IA"]
["F","CN1917100000000","Tama County, IA","IA"]
["F","CN1917300000000","Taylor County, IA","IA"]
["F","CN1917500000000","Union County, IA","IA"]
["F","CN1917700000000","Van Buren County, IA","IA"]
["F","CN1917900000000","Wapello County, IA","IA"]
["F","CN1918100000000","Warren County, IA","IA"]
["F","CN1918300000000","Washington County, IA","IA"]
["F","CN1918500000000","Wayne County, IA","IA"]
["F","CN1918700000000","Webster County, IA","IA"]
["F","CN1918900000000","Winnebago County, IA","IA"]
["F","CN1919100000000","Winneshiek County, IA","IA"]
["F","CN1919300000000","Woodbury County, IA","IA"]
["F","CN1919500000000","Worth County, IA","IA"]
["F","CN1919700000000","Wright County, IA","IA"]
["F","CN2000100000000","Allen County, KS","KS"]
["F","CN2000300000000","Anderson County, KS","KS"]
["F","CN2000500000000","Atchison County, KS","KS"]
["F","CN2000700000000","Barber County, KS","KS"]
["F","CN2000900000000","Barton County, KS","KS"]
["F","CN2001100000000","Bourbon County, KS","KS"]
["F","CN2001300000000","Brown County, KS","KS"]
["F","CN2001500000000","Butler County, KS","KS"]
["F","CN2001700000000","Chase County, KS","KS"]
["F","CN2001900000000","Chautauqua County, KS","KS"]
["F","CN2002100000000","Cherokee County, KS","KS"]
["F","CN2002300000000","Cheyenne County, KS","KS"]
["F","CN2002500000000","Clark County, KS","KS"]
["F","CN2002700000000","Clay County, KS","KS"]
["F","CN2002900000000","Cloud County, KS","KS"]
["F","CN2003100000000","Coffey County, KS","KS"]
["F","CN2003300000000","Comanche County, KS","KS"]
["F","CN2003500000000","Cowley County, KS","KS"]
["F","CN2003700000000","Crawford County, KS","KS"]
["F","CN2003900000000","Decatur County, KS","KS"]
["F","CN2004100000000","Dickinson County, KS","KS"]
["F","CN2004300000000","Doniphan County, KS","KS"]
["F","CN2004500000000","Douglas County, KS","KS"]
["F","CN2004700000000","Edwards County, KS","KS"]
["F","CN2004900000000","Elk County, KS","KS"]
["F","CN2005100000000","Ellis County, KS","KS"]
["F","CN2005300000000","Ellsworth County, KS","KS"]
["F","CN2005500000000","Finney County, KS","KS"]
["F","CN2005700000000","Ford County, KS","KS"]
["F","CN2005900000000","Franklin County, KS","KS"]
["F","CN2006100000000","Geary County, KS","KS"]
["F","CN2006300000000","Gove County, KS","KS"]
["F","CN2006500000000","Graham County, KS","KS"]
["F","CN2006700000000","Grant County, KS","KS"]
["F","CN2006900000000","Gray County, KS","KS"]
["F","CN2007100000000","Greeley County, KS","KS"]
["F","CN2007300000000","Greenwood County, KS","KS"]
["F","CN2007500000000","Hamilton County, KS","KS"]
["F","CN2007700000000","Harper County, KS","KS"]
["F","CN2007900000000","Harvey County, KS","KS"]
["F","CN2008100000000","Haskell County, KS","KS"]
["F","CN2008300000000","Hodgeman County, KS","KS"]
["F","CN2008500000000","Jackson County, KS","KS"]
["F","CN2008700000000","Jefferson County, KS","KS"]
["F","CN2008900000000","Jewell County, KS","KS"]
["F","CN2009100000000","Johnson County, KS","KS"]
["F","CN2009300000000","Kearny County, KS","KS"]
["F","CN2009500000000","Kingman County, KS","KS"]
["F","CN2009700000000","Kiowa County, KS","KS"]
["F","CN2009900000000","Labette County, KS","KS"]
["F","CN2010100000000","Lane County, KS","KS"]
["F","CN2010300000000","Leavenworth County, KS","KS"]
["F","CN2010500000000","Lincoln County, KS","KS"]
["F","CN2010700000000","Linn County, KS","KS"]
["F","CN2010900000000","Logan County, KS","KS"]
["F","CN2011100000000","Lyon County, KS","KS"]
["F","CN2011300000000","McPherson County, KS","KS"]
["F","CN2011500000000","Marion County, KS","KS"]
["F","CN2011700000000","Marshall County, KS","KS"]
["F","CN2011900000000","Meade County, KS","KS"]
["F","CN2012100000000","Miami County, KS","KS"]
["F","CN2012300000000","Mitchell County, KS","KS"]
["F","CN2012500000000","Montgomery County, KS","KS"]
["F","CN2012700000000","Morris County, KS","KS"]
["F","CN2012900000000","Morton County, KS","KS"]
["F","CN2013100000000","Nemaha County, KS","KS"]
["F","CN2013300000000","Neosho County, KS","KS"]
["F","CN2013500000000","Ness County, KS","KS"]
["F","CN2013700000000","Norton County, KS","KS"]
["F","CN2013900000000","Osage County, KS","KS"]
["F","CN2014100000000","Osborne County, KS","KS"]
["F","CN2014300000000","Ottawa County, KS","KS"]
["F","CN2014500000000","Pawnee County, KS","KS"]
["F","CN2014700000000","Phillips County, KS","KS"]
["F","CN2014900000000","Pottawatomie County, KS","KS"]
["F","CN2015100000000","Pratt County, KS","KS"]
["F","CN2015300000000","Rawlins County, KS","KS"]
["F","CN2015500000000","Reno County, KS","KS"]
["F","CN2015700000000","Republic County, KS","KS"]
["F","CN2015900000000","Rice County, KS","KS"]
["F","CN2016100000000","Riley County, KS","KS"]
["F","CN2016300000000","Rooks County, KS","KS"]
["F","CN2016500000000","Rush County, KS","KS"]
["F","CN2016700000000","Russell County, KS","KS"]
["F","CN2016900000000","Saline County, KS","KS"]
["F","CN2017100000000","Scott County, KS","KS"]
["F","CN2017300000000","Sedgwick County, KS","KS"]
["F","CN2017500000000","Seward County, KS","KS"]
["F","CN2017700000000","Shawnee County, KS","KS"]
["F","CN2017900000000","Sheridan County, KS","KS"]
["F","CN2018100000000","Sherman County, KS","KS"]
["F","CN2018300000000","Smith County, KS","KS"]
["F","CN2018500000000","Stafford County, KS","KS"]
["F","CN2018700000000","Stanton County, KS","KS"]
["F","CN2018900000000","Stevens County, KS","KS"]
["F","CN2019100000000","Sumner County, KS","KS"]
["F","CN2019300000000","Thomas County, KS","KS"]
["F","CN2019500000000","Trego County, KS","KS"]
["F","CN2019700000000","Wabaunsee County, KS","KS"]
["F","CN2019900000000","Wallace County, KS","KS"]
["F","CN2020100000000","Washington County, KS","KS"]
["F","CN2020300000000","Wichita County, KS","KS"]
["F","CN2020500000000","Wilson County, KS","KS"]
["F","CN2020700000000","Woodson County, KS","KS"]
["F","CN2020900000000","Wyandotte County, KS","KS"]
["F","CN2100100000000","Adair County, KY","KY"]
["F","CN2100300000000","Allen County, KY","KY"]
["F","CN2100500000000","Anderson County, KY","KY"]
["F","CN2100700000000","Ballard County, KY","KY"]
["F","CN2100900000000","Barren County, KY","KY"]
["F","CN2101100000000","Bath County, KY","KY"]
["F","CN2101300000000","Bell County, KY","KY"]
["F","CN2101500000000","Boone County, KY","KY"]
["F","CN2101700000000","Bourbon County, KY","KY"]
["F","CN2101900000000","Boyd County, KY","KY"]
["F","CN2102100000000","Boyle County, KY","KY"]
["F","CN2102300000000","Bracken County, KY","KY"]
["F","CN2102500000000","Breathitt County, KY","KY"]
["F","CN2102700000000","Breckinridge County, KY","KY"]
["F","CN2102900000000","Bullitt County, KY","KY"]
["F","CN2103100000000","Butler County, KY","KY"]
["F","CN2103300000000","Caldwell County, KY","KY"]
["F","CN2103500000000","Calloway County, KY","KY"]
["F","CN2103700000000","Campbell County, KY","KY"]
["F","CN2103900000000","Carlisle County, KY","KY"]
["F","CN2104100000000","Carroll County, KY","KY"]
["F","CN2104300000000","Carter County, KY","KY"]
["F","CN2104500000000","Casey County, KY","KY"]
["F","CN2104700000000","Christian County, KY","KY"]
["F","CN2104900000000","Clark County, KY","KY"]
["F","CN2105100000000","Clay County, KY","KY"]
["F","CN2105300000000","Clinton County, KY","KY"]
["F","CN2105500000000","Crittenden County, KY","KY"]
["F","CN2105700000000","Cumberland County, KY","KY"]
["F","CN2105900000000","Daviess County, KY","KY"]
["F","CN2106100000000","Edmonson County, KY","KY"]
["F","CN2106300000000","Elliott County, KY","KY"]
["F","CN2106500000000","Estill County, KY","KY"]
["F","CN2106700000000","Fayette County, KY","KY"]
["F","CN2106900000000","Fleming County, KY","KY"]
["F","CN2107100000000","Floyd County, KY","KY"]
["F","CN2107300000000","Franklin County, KY","KY"]
["F","CN2107500000000","Fulton County, KY","KY"]
["F","CN2107700000000","Gallatin County, KY","KY"]
["F","CN2107900000000","Garrard County, KY","KY"]
["F","CN2108100000000","Grant County, KY","KY"]
["F","CN2108300000000","Graves County, KY","KY"]
["F","CN2108500000000","Grayson County, KY","KY"]
["F","CN2108700000000","Green County, KY","KY"]
["F","CN2108900000000","Greenup County, KY","KY"]
["F","CN2109100000000","Hancock County, KY","KY"]
["F","CN2109300000000","Hardin County, KY","KY"]
["F","CN2109500000000","Harlan County, KY","KY"]
["F","CN2109700000000","Harrison County, KY","KY"]
["F","CN2109900000000","Hart County, KY","KY"]
["F","CN2110100000000","Henderson County, KY","KY"]
["F","CN2110300000000","Henry County, KY","KY"]
["F","CN2110500000000","Hickman County, KY","KY"]
["F","CN2110700000000","Hopkins County, KY","KY"]
["F","CN2110900000000","Jackson County, KY","KY"]
["F","CN2111100000000","Jefferson County, KY","KY"]
["F","CN2111300000000","Jessamine County, KY","KY"]
["F","CN2111500000000","Johnson County, KY","KY"]
["F","CN2111700000000","Kenton County, KY","KY"]
["F","CN2111900000000","Knott County, KY","KY"]
["F","CN2112100000000","Knox County, KY","KY"]
["F","CN2112300000000","Larue County, KY","KY"]
["F","CN2112500000000","Laurel County, KY","KY"]
["F","CN2112700000000","Lawrence County, KY","KY"]
["F","CN2112900000000","Lee County, KY","KY"]
["F","CN2113100000000","Leslie County, KY","KY"]
["F","CN2113300000000","Letcher County, KY","KY"]
["F","CN2113500000000","Lewis County, KY","KY"]
["F","CN2113700000000","Lincoln County, KY","KY"]
["F","CN2113900000000","Livingston County, KY","KY"]
["F","CN2114100000000","Logan County, KY","KY"]
["F","CN2114300000000","Lyon County, KY","KY"]
["F","CN2114500000000","McCracken County, KY","KY"]
["F","CN2114700000000","McCreary County, KY","KY"]
["F","CN2114900000000","McLean County, KY","KY"]
["F","CN2115100000000","Madison County, KY","KY"]
["F","CN2115300000000","Magoffin County, KY","KY"]
["F","CN2115500000000","Marion County, KY","KY"]
["F","CN2115700000000","Marshall County, KY","KY"]
["F","CN2115900000000","Martin County, KY","KY"]
["F","CN2116100000000","Mason County, KY","KY"]
["F","CN2116300000000","Meade County, KY","KY"]
["F","CN2116500000000","Menifee County, KY","KY"]
["F","CN2116700000000","Mercer County, KY","KY"]
["F","CN2116900000000","Metcalfe County, KY","KY"]
["F","CN2117100000000","Monroe County, KY","KY"]
["F","CN2117300000000","Montgomery County, KY","KY"]
["F","CN2117500000000","Morgan County, KY","KY"]
["F","CN2117700000000","Muhlenberg County, KY","KY"]
["F","CN2117900000000","Nelson County, KY","KY"]
["F","CN2118100000000","Nicholas County, KY","KY"]
["F","CN2118300000000","Ohio County, KY","KY"]
["F","CN2118500000000","Oldham County, KY","KY"]
["F","CN2118700000000","Owen County, KY","KY"]
["F","CN2118900000000","Owsley County, KY","KY"]
["F","CN2119100000000","Pendleton County, KY","KY"]
["F","CN2119300000000","Perry County, KY","KY"]
["F","CN2119500000000","Pike County, KY","KY"]
["F","CN2119700000000","Powell County, KY","KY"]
["F","CN2119900000000","Pulaski County, KY","KY"]
["F","CN2120100000000","Robertson County, KY","KY"]
["F","CN2120300000000","Rockcastle County, KY","KY"]
["F","CN2120500000000","Rowan County, KY","KY"]
["F","CN2120700000000","Russell County, KY","KY"]
["F","CN2120900000000","Scott County, KY","KY"]
["F","CN2121100000000","Shelby County, KY","KY"]
["F","CN2121300000000","Simpson County, KY","KY"]
["F","CN2121500000000","Spencer County, KY","KY"]
["F","CN2121700000000","Taylor County, KY","KY"]
["F","CN2121900000000","Todd County, KY","KY"]
["F","CN2122100000000","Trigg County, KY","KY"]
["F","CN2122300000000","Trimble County, KY","KY"]
["F","CN2122500000000","Union County, KY","KY"]
["F","CN2122700000000","Warren County, KY","KY"]
["F","CN2122900000000","Washington County, KY","KY"]
["F","CN2123100000000","Wayne County, KY","KY"]
["F","CN2123300000000","Webster County, KY","KY"]
["F","CN2123500000000","Whitley County, KY","KY"]
["F","CN2123700000000","Wolfe County, KY","KY"]
["F","CN2123900000000","Woodford County, KY","KY"]
["F","CN2200100000000","Acadia Parish, LA","LA"]
["F","CN2200300000000","Allen Parish, LA","LA"]
["F","CN2200500000000","Ascension Parish, LA","LA"]
["F","CN2200700000000","Assumption Parish, LA","LA"]
["F","CN2200900000000","Avoyelles Parish, LA","LA"]
["F","CN2201100000000","Beauregard Parish, LA","LA"]
["F","CN2201300000000","Bienville Parish, LA","LA"]
["F","CN2201500000000","Bossier Parish, LA","LA"]
["F","CN2201700000000","Caddo Parish, LA","LA"]
["F","CN2201900000000","Calcasieu Parish, LA","LA"]
["F","CN2202100000000","Caldwell Parish, LA","LA"]
["F","CN2202300000000","Cameron Parish, LA","LA"]
["F","CN2202500000000","Catahoula Parish, LA","LA"]
["F","CN2202700000000","Claiborne Parish, LA","LA"]
["F","CN2202900000000","Concordia Parish, LA","LA"]
["F","CN2203100000000","De Soto Parish, LA","LA"]
["F","CN2203300000000","East Baton Rouge Parish, LA","LA"]
["F","CN2203500000000","East Carroll Parish, LA","LA"]
["F","CN2203700000000","East Feliciana Parish, LA","LA"]
["F","CN2203900000000","Evangeline Parish, LA","LA"]
["F","CN2204100000000","Franklin Parish, LA","LA"]
["F","CN2204300000000","Grant Parish, LA","LA"]
["F","CN2204500000000","Iberia Parish, LA","LA"]
["F","CN2204700000000","Iberville Parish, LA","LA"]
["F","CN2204900000000","Jackson Parish, LA","LA"]
["F","CN2205100000000","Jefferson Parish, LA","LA"]
["F","CN2205300000000","Jefferson Davis Parish, LA","LA"]
["F","CN2205500000000","Lafayette Parish, LA","LA"]
["F","CN2205700000000","Lafourche Parish, LA","LA"]
["F","CN2205900000000","LaSalle Parish, LA","LA"]
["F","CN2206100000000","Lincoln Parish, LA","LA"]
["F","CN2206300000000","Livingston Parish, LA","LA"]
["F","CN2206500000000","Madison Parish, LA","LA"]
["F","CN2206700000000","Morehouse Parish, LA","LA"]
["F","CN2206900000000","Natchitoches Parish, LA","LA"]
["F","CN2207100000000","Orleans Parish, LA","LA"]
["F","CN2207300000000","Ouachita Parish, LA","LA"]
["F","CN2207500000000","Plaquemines Parish, LA","LA"]
["F","CN2207700000000","Pointe Coupee Parish, LA","LA"]
["F","CN2207900000000","Rapides Parish, LA","LA"]
["F","CN2208100000000","Red River Parish, LA","LA"]
["F","CN2208300000000","Richland Parish, LA","LA"]
["F","CN2208500000000","Sabine Parish, LA","LA"]
["F","CN2208700000000","St. Bernard Parish, LA","LA"]
["F","CN2208900000000","St. Charles Parish, LA","LA"]
["F","CN2209100000000","St. Helena Parish, LA","LA"]
["F","CN2209300000000","St. James Parish, LA","LA"]
["F","CN2209500000000","St. John the Baptist Parish, LA","LA"]
["F","CN2209700000000","St. Landry Parish, LA","LA"]
["F","CN2209900000000","St. Martin Parish, LA","LA"]
["F","CN2210100000000","St. Mary Parish, LA","LA"]
["F","CN2210300000000","St. Tammany Parish, LA","LA"]
["F","CN2210500000000","Tangipahoa Parish, LA","LA"]
["F","CN2210700000000","Tensas Parish, LA","LA"]
["F","CN2210900000000","Terrebonne Parish, LA","LA"]
["F","CN2211100000000","Union Parish, LA","LA"]
["F","CN2211300000000","Vermilion Parish, LA","LA"]
["F","CN2211500000000","Vernon Parish, LA","LA"]
["F","CN2211700000000","Washington Parish, LA","LA"]
["F","CN2211900000000","Webster Parish, LA","LA"]
["F","CN2212100000000","West Baton Rouge Parish, LA","LA"]
["F","CN2212300000000","West Carroll Parish, LA","LA"]
["F","CN2212500000000","West Feliciana Parish, LA","LA"]
["F","CN2212700000000","Winn Parish, LA","LA"]
["F","CN2300100000000","Androscoggin County, ME","ME"]
["F","CN2300300000000","Aroostook County, ME","ME"]
["F","CN2300500000000","Cumberland County, ME","ME"]
["F","CN2300700000000","Franklin County, ME","ME"]
["F","CN2300900000000","Hancock County, ME","ME"]
["F","CN2301100000000","Kennebec County, ME","ME"]
["F","CN2301300000000","Knox County, ME","ME"]
["F","CN2301500000000","Lincoln County, ME","ME"]
["F","CN2301700000000","Oxford County, ME","ME"]
["F","CN2301900000000","Penobscot County, ME","ME"]
["F","CN2302100000000","Piscataquis County, ME","ME"]
["F","CN2302300000000","Sagadahoc County, ME","ME"]
["F","CN2302500000000","Somerset County, ME","ME"]
["F","CN2302700000000","Waldo County, ME","ME"]
["F","CN2302900000000","Washington County, ME","ME"]
["F","CN2303100000000","York County, ME","ME"]
["F","CN2400100000000","Allegany County, MD","MD"]
["F","CN2400300000000","Anne Arundel County, MD","MD"]
["F","CN2400500000000","Baltimore County, MD","MD"]
["F","CN2400900000000","Calvert County, MD","MD"]
["F","CN2401100000000","Caroline County, MD","MD"]
["F","CN2401300000000","Carroll County, MD","MD"]
["F","CN2401500000000","Cecil County, MD","MD"]
["F","CN2401700000000","Charles County, MD","MD"]
["F","CN2401900000000","Dorchester County, MD","MD"]
["F","CN2402100000000","Frederick County, MD","MD"]
["F","CN2402300000000","Garrett County, MD","MD"]
["F","CN2402500000000","Harford County, MD","MD"]
["F","CN2402700000000","Howard County, MD","MD"]
["F","CN2402900000000","Kent County, MD","MD"]
["F","CN2403100000000","Montgomery County, MD","MD"]
["F","CN2403300000000","Prince George's County, MD","MD"]
["F","CN2403500000000","Queen Anne's County, MD","MD"]
["F","CN2403700000000","St. Mary's County, MD","MD"]
["F","CN2403900000000","Somerset County, MD","MD"]
["F","CN2404100000000","Talbot County, MD","MD"]
["F","CN2404300000000","Washington County, MD","MD"]
["F","CN2404500000000","Wicomico County, MD","MD"]
["F","CN2404700000000","Worcester County, MD","MD"]
["F","CN2451000000000","Baltimore city, MD","MD"]
["F","CN2500100000000","Barnstable County, MA","MA"]
["F","CN2500300000000","Berkshire County, MA","MA"]
["F","CN2500500000000","Bristol County, MA","MA"]
["F","CN2500700000000","Dukes County, MA","MA"]
["F","CN2500900000000","Essex County, MA","MA"]
["F","CN2501100000000","Franklin County, MA","MA"]
["F","CN2501300000000","Hampden County, MA","MA"]
["F","CN2501500000000","Hampshire County, MA","MA"]
["F","CN2501700000000","Middlesex County, MA","MA"]
["F","CN2501900000000","Nantucket County/town, MA","MA"]
["F","CN2502100000000","Norfolk County, MA","MA"]
["F","CN2502300000000","Plymouth County, MA","MA"]
["F","CN2502500000000","Suffolk County, MA","MA"]
["F","CN2502700000000","Worcester County, MA","MA"]
["F","CN2600100000000","Alcona County, MI","MI"]
["F","CN2600300000000","Alger County, MI","MI"]
["F","CN2600500000000","Allegan County, MI","MI"]
["F","CN2600700000000","Alpena County, MI","MI"]
["F","CN2600900000000","Antrim County, MI","MI"]
["F","CN2601100000000","Arenac County, MI","MI"]
["F","CN2601300000000","Baraga County, MI","MI"]
["F","CN2601500000000","Barry County, MI","MI"]
["F","CN2601700000000","Bay County, MI","MI"]
["F","CN2601900000000","Benzie County, MI","MI"]
["F","CN2602100000000","Berrien County, MI","MI"]
["F","CN2602300000000","Branch County, MI","MI"]
["F","CN2602500000000","Calhoun County, MI","MI"]
["F","CN2602700000000","Cass County, MI","MI"]
["F","CN2602900000000","Charlevoix County, MI","MI"]
["F","CN2603100000000","Cheboygan County, MI","MI"]
["F","CN2603300000000","Chippewa County, MI","MI"]
["F","CN2603500000000","Clare County, MI","MI"]
["F","CN2603700000000","Clinton County, MI","MI"]
["F","CN2603900000000","Crawford County, MI","MI"]
["F","CN2604100000000","Delta County, MI","MI"]
["F","CN2604300000000","Dickinson County, MI","MI"]
["F","CN2604500000000","Eaton County, MI","MI"]
["F","CN2604700000000","Emmet County, MI","MI"]
["F","CN2604900000000","Genesee County, MI","MI"]
["F","CN2605100000000","Gladwin County, MI","MI"]
["F","CN2605300000000","Gogebic County, MI","MI"]
["F","CN2605500000000","Grand Traverse County, MI","MI"]
["F","CN2605700000000","Gratiot County, MI","MI"]
["F","CN2605900000000","Hillsdale County, MI","MI"]
["F","CN2606100000000","Houghton County, MI","MI"]
["F","CN2606300000000","Huron County, MI","MI"]
["F","CN2606500000000","Ingham County, MI","MI"]
["F","CN2606700000000","Ionia County, MI","MI"]
["F","CN2606900000000","Iosco County, MI","MI"]
["F","CN2607100000000","Iron County, MI","MI"]
["F","CN2607300000000","Isabella County, MI","MI"]
["F","CN2607500000000","Jackson County, MI","MI"]
["F","CN2607700000000","Kalamazoo County, MI","MI"]
["F","CN2607900000000","Kalkaska County, MI","MI"]
["F","CN2608100000000","Kent County, MI","MI"]
["F","CN2608300000000","Keweenaw County, MI","MI"]
["F","CN2608500000000","Lake County, MI","MI"]
["F","CN2608700000000","Lapeer County, MI","MI"]
["F","CN2608900000000","Leelanau County, MI","MI"]
["F","CN2609100000000","Lenawee County, MI","MI"]
["F","CN2609300000000","Livingston County, MI","MI"]
["F","CN2609500000000","Luce County, MI","MI"]
["F","CN2609700000000","Mackinac County, MI","MI"]
["F","CN2609900000000","Macomb County, MI","MI"]
["F","CN2610100000000","Manistee County, MI","MI"]
["F","CN2610300000000","Marquette County, MI","MI"]
["F","CN2610500000000","Mason County, MI","MI"]
["F","CN2610700000000","Mecosta County, MI","MI"]
["F","CN2610900000000","Menominee County, MI","MI"]
["F","CN2611100000000","Midland County, MI","MI"]
["F","CN2611300000000","Missaukee County, MI","MI"]
["F","CN2611500000000","Monroe County, MI","MI"]
["F","CN2611700000000","Montcalm County, MI","MI"]
["F","CN2611900000000","Montmorency County, MI","MI"]
["F","CN2612100000000","Muskegon County, MI","MI"]
["F","CN2612300000000","Newaygo County, MI","MI"]
["F","CN2612500000000","Oakland County, MI","MI"]
["F","CN2612700000000","Oceana County, MI","MI"]
["F","CN2612900000000","Ogemaw County, MI","MI"]
["F","CN2613100000000","Ontonagon County, MI","MI"]
["F","CN2613300000000","Osceola County, MI","MI"]
["F","CN2613500000000","Oscoda County, MI","MI"]
["F","CN2613700000000","Otsego County, MI","MI"]
["F","CN2613900000000","Ottawa County, MI","MI"]
["F","CN2614100000000","Presque Isle County, MI","MI"]
["F","CN2614300000000","Roscommon County, MI","MI"]
["F","CN2614500000000","Saginaw County, MI","MI"]
["F","CN2614700000000","St. Clair County, MI","MI"]
["F","CN2614900000000","St. Joseph County, MI","MI"]
["F","CN2615100000000","Sanilac County, MI","MI"]
["F","CN2615300000000","Schoolcraft County, MI","MI"]
["F","CN2615500000000","Shiawassee County, MI","MI"]
["F","CN2615700000000","Tuscola County, MI","MI"]
["F","CN2615900000000","Van Buren County, MI","MI"]
["F","CN2616100000000","Washtenaw County, MI","MI"]
["F","CN2616300000000","Wayne County, MI","MI"]
["F","CN2616500000000","Wexford County, MI","MI"]
["F","CN2700100000000","Aitkin County, MN","MN"]
["F","CN2700300000000","Anoka County, MN","MN"]
["F","CN2700500000000","Becker County, MN","MN"]
["F","CN2700700000000","Beltrami County, MN","MN"]
["F","CN2700900000000","Benton County, MN","MN"]
["F","CN2701100000000","Big Stone County, MN","MN"]
["F","CN2701300000000","Blue Earth County, MN","MN"]
["F","CN2701500000000","Brown County, MN","MN"]
["F","CN2701700000000","Carlton County, MN","MN"]
["F","CN2701900000000","Carver County, MN","MN"]
["F","CN2702100000000","Cass County, MN","MN"]
["F","CN2702300000000","Chippewa County, MN","MN"]
["F","CN2702500000000","Chisago County, MN","MN"]
["F","CN2702700000000","Clay County, MN","MN"]
["F","CN2702900000000","Clearwater County, MN","MN"]
["F","CN2703100000000","Cook County, MN","MN"]
["F","CN2703300000000","Cottonwood County, MN","MN"]
["F","CN2703500000000","Crow Wing County, MN","MN"]
["F","CN2703700000000","Dakota County, MN","MN"]
["F","CN2703900000000","Dodge County, MN","MN"]
["F","CN2704100000000","Douglas County, MN","MN"]
["F","CN2704300000000","Faribault County, MN","MN"]
["F","CN2704500000000","Fillmore County, MN","MN"]
["F","CN2704700000000","Freeborn County, MN","MN"]
["F","CN2704900000000","Goodhue County, MN","MN"]
["F","CN2705100000000","Grant County, MN","MN"]
["F","CN2705300000000","Hennepin County, MN","MN"]
["F","CN2705500000000","Houston County, MN","MN"]
["F","CN2705700000000","Hubbard County, MN","MN"]
["F","CN2705900000000","Isanti County, MN","MN"]
["F","CN2706100000000","Itasca County, MN","MN"]
["F","CN2706300000000","Jackson County, MN","MN"]
["F","CN2706500000000","Kanabec County, MN","MN"]
["F","CN2706700000000","Kandiyohi County, MN","MN"]
["F","CN2706900000000","Kittson County, MN","MN"]
["F","CN2707100000000","Koochiching County, MN","MN"]
["F","CN2707300000000","Lac qui Parle County, MN","MN"]
["F","CN2707500000000","Lake County, MN","MN"]
["F","CN2707700000000","Lake of the Woods County, MN","MN"]
["F","CN2707900000000","Le Sueur County, MN","MN"]
["F","CN2708100000000","Lincoln County, MN","MN"]
["F","CN2708300000000","Lyon County, MN","MN"]
["F","CN2708500000000","McLeod County, MN","MN"]
["F","CN2708700000000","Mahnomen County, MN","MN"]
["F","CN2708900000000","Marshall County, MN","MN"]
["F","CN2709100000000","Martin County, MN","MN"]
["F","CN2709300000000","Meeker County, MN","MN"]
["F","CN2709500000000","Mille Lacs County, MN","MN"]
["F","CN2709700000000","Morrison County, MN","MN"]
["F","CN2709900000000","Mower County, MN","MN"]
["F","CN2710100000000","Murray County, MN","MN"]
["F","CN2710300000000","Nicollet County, MN","MN"]
["F","CN2710500000000","Nobles County, MN","MN"]
["F","CN2710700000000","Norman County, MN","MN"]
["F","CN2710900000000","Olmsted County, MN","MN"]
["F","CN2711100000000","Otter Tail County, MN","MN"]
["F","CN2711300000000","Pennington County, MN","MN"]
["F","CN2711500000000","Pine County, MN","MN"]
["F","CN2711700000000","Pipestone County, MN","MN"]
["F","CN2711900000000","Polk County, MN","MN"]
["F","CN2712100000000","Pope County, MN","MN"]
["F","CN2712300000000","Ramsey County, MN","MN"]
["F","CN2712500000000","Red Lake County, MN","MN"]
["F","CN2712700000000","Redwood County, MN","MN"]
["F","CN2712900000000","Renville County, MN","MN"]
["F","CN2713100000000","Rice County, MN","MN"]
["F","CN2713300000000","Rock County, MN","MN"]
["F","CN2713500000000","Roseau County, MN","MN"]
["F","CN2713700000000","St. Louis County, MN","MN"]
["F","CN2713900000000","Scott County, MN","MN"]
["F","CN2714100000000","Sherburne County, MN","MN"]
["F","CN2714300000000","Sibley County, MN","MN"]
["F","CN2714500000000","Stearns County, MN","MN"]
["F","CN2714700000000","Steele County, MN","MN"]
["F","CN2714900000000","Stevens County, MN","MN"]
["F","CN2715100000000","Swift County, MN","MN"]
["F","CN2715300000000","Todd County, MN","MN"]
["F","CN2715500000000","Traverse County, MN","MN"]
["F","CN2715700000000","Wabasha County, MN","MN"]
["F","CN2715900000000","Wadena County, MN","MN"]
["F","CN2716100000000","Waseca County, MN","MN"]
["F","CN2716300000000","Washington County, MN","MN"]
["F","CN2716500000000","Watonwan County, MN","MN"]
["F","CN2716700000000","Wilkin County, MN","MN"]
["F","CN2716900000000","Winona County, MN","MN"]
["F","CN2717100000000","Wright County, MN","MN"]
["F","CN2717300000000","Yellow Medicine County, MN","MN"]
["F","CN2800100000000","Adams County, MS","MS"]
["F","CN2800300000000","Alcorn County, MS","MS"]
["F","CN2800500000000","Amite County, MS","MS"]
["F","CN2800700000000","Attala County, MS","MS"]
["F","CN2800900000000","Benton County, MS","MS"]
["F","CN2801100000000","Bolivar County, MS","MS"]
["F","CN2801300000000","Calhoun County, MS","MS"]
["F","CN2801500000000","Carroll County, MS","MS"]
["F","CN2801700000000","Chickasaw County, MS","MS"]
["F","CN2801900000000","Choctaw County, MS","MS"]
["F","CN2802100000000","Claiborne County, MS","MS"]
["F","CN2802300000000","Clarke County, MS","MS"]
["F","CN2802500000000","Clay County, MS","MS"]
["F","CN2802700000000","Coahoma County, MS","MS"]
["F","CN2802900000000","Copiah County, MS","MS"]
["F","CN2803100000000","Covington County, MS","MS"]
["F","CN2803300000000","DeSoto County, MS","MS"]
["F","CN2803500000000","Forrest County, MS","MS"]
["F","CN2803700000000","Franklin County, MS","MS"]
["F","CN2803900000000","George County, MS","MS"]
["F","CN2804100000000","Greene County, MS","MS"]
["F","CN2804300000000","Grenada County, MS","MS"]
["F","CN2804500000000","Hancock County, MS","MS"]
["F","CN2804700000000","Harrison County, MS","MS"]
["F","CN2804900000000","Hinds County, MS","MS"]
["F","CN2805100000000","Holmes County, MS","MS"]
["F","CN2805300000000","Humphreys County, MS","MS"]
["F","CN2805500000000","Issaquena County, MS","MS"]
["F","CN2805700000000","Itawamba County, MS","MS"]
["F","CN2805900000000","Jackson County, MS","MS"]
["F","CN2806100000000","Jasper County, MS","MS"]
["F","CN2806300000000","Jefferson County, MS","MS"]
["F","CN2806500000000","Jefferson Davis County, MS","MS"]
["F","CN2806700000000","Jones County, MS","MS"]
["F","CN2806900000000","Kemper County, MS","MS"]
["F","CN2807100000000","Lafayette County, MS","MS"]
["F","CN2807300000000","Lamar County, MS","MS"]
["F","CN2807500000000","Lauderdale County, MS","MS"]
["F","CN2807700000000","Lawrence County, MS","MS"]
["F","CN2807900000000","Leake County, MS","MS"]
["F","CN2808100000000","Lee County, MS","MS"]
["F","CN2808300000000","Leflore County, MS","MS"]
["F","CN2808500000000","Lincoln County, MS","MS"]
["F","CN2808700000000","Lowndes County, MS","MS"]
["F","CN2808900000000","Madison County, MS","MS"]
["F","CN2809100000000","Marion County, MS","MS"]
["F","CN2809300000000","Marshall County, MS","MS"]
["F","CN2809500000000","Monroe County, MS","MS"]
["F","CN2809700000000","Montgomery County, MS","MS"]
["F","CN2809900000000","Neshoba County, MS","MS"]
["F","CN2810100000000","Newton County, MS","MS"]
["F","CN2810300000000","Noxubee County, MS","MS"]
["F","CN2810500000000","Oktibbeha County, MS","MS"]
["F","CN2810700000000","Panola County, MS","MS"]
["F","CN2810900000000","Pearl River County, MS","MS"]
["F","CN2811100000000","Perry County, MS","MS"]
["F","CN2811300000000","Pike County, MS","MS"]
["F","CN2811500000000","Pontotoc County, MS","MS"]
["F","CN2811700000000","Prentiss County, MS","MS"]
["F","CN2811900000000","Quitman County, MS","MS"]
["F","CN2812100000000","Rankin County, MS","MS"]
["F","CN2812300000000","Scott County, MS","MS"]
["F","CN2812500000000","Sharkey County, MS","MS"]
["F","CN2812700000000","Simpson County, MS","MS"]
["F","CN2812900000000","Smith County, MS","MS"]
["F","CN2813100000000","Stone County, MS","MS"]
["F","CN2813300000000","Sunflower County, MS","MS"]
["F","CN2813500000000","Tallahatchie County, MS","MS"]
["F","CN2813700000000","Tate County, MS","MS"]
["F","CN2813900000000","Tippah County, MS","MS"]
["F","CN2814100000000","Tishomingo County, MS","MS"]
["F","CN2814300000000","Tunica County, MS","MS"]
["F","CN2814500000000","Union County, MS","MS"]
["F","CN2814700000000","Walthall County, MS","MS"]
["F","CN2814900000000","Warren County, MS","MS"]
["F","CN2815100000000","Washington County, MS","MS"]
["F","CN2815300000000","Wayne County, MS","MS"]
["F","CN2815500000000","Webster County, MS","MS"]
["F","CN2815700000000","Wilkinson County, MS","MS"]
["F","CN2815900000000","Winston County, MS","MS"]
["F","CN2816100000000","Yalobusha County, MS","MS"]
["F","CN2816300000000","Yazoo County, MS","MS"]
["F","CN2900100000000","Adair County, MO","MO"]
["F","CN2900300000000","Andrew County, MO","MO"]
["F","CN2900500000000","Atchison County, MO","MO"]
["F","CN2900700000000","Audrain County, MO","MO"]
["F","CN2900900000000","Barry County, MO","MO"]
["F","CN2901100000000","Barton County, MO","MO"]
["F","CN2901300000000","Bates County, MO","MO"]
["F","CN2901500000000","Benton County, MO","MO"]
["F","CN2901700000000","Bollinger County, MO","MO"]
["F","CN2901900000000","Boone County, MO","MO"]
["F","CN2902100000000","Buchanan County, MO","MO"]
["F","CN2902300000000","Butler County, MO","MO"]
["F","CN2902500000000","Caldwell County, MO","MO"]
["F","CN2902700000000","Callaway County, MO","MO"]
["F","CN2902900000000","Camden County, MO","MO"]
["F","CN2903100000000","Cape Girardeau County, MO","MO"]
["F","CN2903300000000","Carroll County, MO","MO"]
["F","CN2903500000000","Carter County, MO","MO"]
["F","CN2903700000000","Cass County, MO","MO"]
["F","CN2903900000000","Cedar County, MO","MO"]
["F","CN2904100000000","Chariton County, MO","MO"]
["F","CN2904300000000","Christian County, MO","MO"]
["F","CN2904500000000","Clark County, MO","MO"]
["F","CN2904700000000","Clay County, MO","MO"]
["F","CN2904900000000","Clinton County, MO","MO"]
["F","CN2905100000000","Cole County, MO","MO"]
["F","CN2905300000000","Cooper County, MO","MO"]
["F","CN2905500000000","Crawford County, MO","MO"]
["F","CN2905700000000","Dade County, MO","MO"]
["F","CN2905900000000","Dallas County, MO","MO"]
["F","CN2906100000000","Daviess County, MO","MO"]
["F","CN2906300000000","DeKalb County, MO","MO"]
["F","CN2906500000000","Dent County, MO","MO"]
["F","CN2906700000000","Douglas County, MO","MO"]
["F","CN2906900000000","Dunklin County, MO","MO"]
["F","CN2907100000000","Franklin County, MO","MO"]
["F","CN2907300000000","Gasconade County, MO","MO"]
["F","CN2907500000000","Gentry County, MO","MO"]
["F","CN2907700000000","Greene County, MO","MO"]
["F","CN2907900000000","Grundy County, MO","MO"]
["F","CN2908100000000","Harrison County, MO","MO"]
["F","CN2908300000000","Henry County, MO","MO"]
["F","CN2908500000000","Hickory County, MO","MO"]
["F","CN2908700000000","Holt County, MO","MO"]
["F","CN2908900000000","Howard County, MO","MO"]
["F","CN2909100000000","Howell County, MO","MO"]
["F","CN2909300000000","Iron County, MO","MO"]
["F","CN2909500000000","Jackson County, MO","MO"]
["F","CN2909700000000","Jasper County, MO","MO"]
["F","CN2909900000000","Jefferson County, MO","MO"]
["F","CN2910100000000","Johnson County, MO","MO"]
["F","CN2910300000000","Knox County, MO","MO"]
["F","CN2910500000000","Laclede County, MO","MO"]
["F","CN2910700000000","Lafayette County, MO","MO"]
["F","CN2910900000000","Lawrence County, MO","MO"]
["F","CN2911100000000","Lewis County, MO","MO"]
["F","CN2911300000000","Lincoln County, MO","MO"]
["F","CN2911500000000","Linn County, MO","MO"]
["F","CN2911700000000","Livingston County, MO","MO"]
["F","CN2911900000000","McDonald County, MO","MO"]
["F","CN2912100000000","Macon County, MO","MO"]
["F","CN2912300000000","Madison County, MO","MO"]
["F","CN2912500000000","Maries County, MO","MO"]
["F","CN2912700000000","Marion County, MO","MO"]
["F","CN2912900000000","Mercer County, MO","MO"]
["F","CN2913100000000","Miller County, MO","MO"]
["F","CN2913300000000","Mississippi County, MO","MO"]
["F","CN2913500000000","Moniteau County, MO","MO"]
["F","CN2913700000000","Monroe County, MO","MO"]
["F","CN2913900000000","Montgomery County, MO","MO"]
["F","CN2914100000000","Morgan County, MO","MO"]
["F","CN2914300000000","New Madrid County, MO","MO"]
["F","CN2914500000000","Newton County, MO","MO"]
["F","CN2914700000000","Nodaway County, MO","MO"]
["F","CN2914900000000","Oregon County, MO","MO"]
["F","CN2915100000000","Osage County, MO","MO"]
["F","CN2915300000000","Ozark County, MO","MO"]
["F","CN2915500000000","Pemiscot County, MO","MO"]
["F","CN2915700000000","Perry County, MO","MO"]
["F","CN2915900000000","Pettis County, MO","MO"]
["F","CN2916100000000","Phelps County, MO","MO"]
["F","CN2916300000000","Pike County, MO","MO"]
["F","CN2916500000000","Platte County, MO","MO"]
["F","CN2916700000000","Polk County, MO","MO"]
["F","CN2916900000000","Pulaski County, MO","MO"]
["F","CN2917100000000","Putnam County, MO","MO"]
["F","CN2917300000000","Ralls County, MO","MO"]
["F","CN2917500000000","Randolph County, MO","MO"]
["F","CN2917700000000","Ray County, MO","MO"]
["F","CN2917900000000","Reynolds County, MO","MO"]
["F","CN2918100000000","Ripley County, MO","MO"]
["F","CN2918300000000","St. Charles County, MO","MO"]
["F","CN2918500000000","St. Clair County, MO","MO"]
["F","CN2918600000000","Ste. Genevieve County, MO","MO"]
["F","CN2918700000000","St. Francois County, MO","MO"]
["F","CN2918900000000","St. Louis County, MO","MO"]
["F","CN2919500000000","Saline County, MO","MO"]
["F","CN2919700000000","Schuyler County, MO","MO"]
["F","CN2919900000000","Scotland County, MO","MO"]
["F","CN2920100000000","Scott County, MO","MO"]
["F","CN2920300000000","Shannon County, MO","MO"]
["F","CN2920500000000","Shelby County, MO","MO"]
["F","CN2920700000000","Stoddard County, MO","MO"]
["F","CN2920900000000","Stone County, MO","MO"]
["F","CN2921100000000","Sullivan County, MO","MO"]
["F","CN2921300000000","Taney County, MO","MO"]
["F","CN2921500000000","Texas County, MO","MO"]
["F","CN2921700000000","Vernon County, MO","MO"]
["F","CN2921900000000","Warren County, MO","MO"]
["F","CN2922100000000","Washington County, MO","MO"]
["F","CN2922300000000","Wayne County, MO","MO"]
["F","CN2922500000000","Webster County, MO","MO"]
["F","CN2922700000000","Worth County, MO","MO"]
["F","CN2922900000000","Wright County, MO","MO"]
["F","CN2951000000000","St. Louis city, MO","MO"]
["F","CN3000100000000","Beaverhead County, MT","MT"]
["F","CN3000300000000","Big Horn County, MT","MT"]
["F","CN3000500000000","Blaine County, MT","MT"]
["F","CN3000700000000","Broadwater County, MT","MT"]
["F","CN3000900000000","Carbon County, MT","MT"]
["F","CN3001100000000","Carter County, MT","MT"]
["F","CN3001300000000","Cascade County, MT","MT"]
["F","CN3001500000000","Chouteau County, MT","MT"]
["F","CN3001700000000","Custer County, MT","MT"]
["F","CN3001900000000","Daniels County, MT","MT"]
["F","CN3002100000000","Dawson County, MT","MT"]
["F","CN3002300000000","Deer Lodge County, MT","MT"]
["F","CN3002500000000","Fallon County, MT","MT"]
["F","CN3002700000000","Fergus County, MT","MT"]
["F","CN3002900000000","Flathead County, MT","MT"]
["F","CN3003100000000","Gallatin County, MT","MT"]
["F","CN3003300000000","Garfield County, MT","MT"]
["F","CN3003500000000","Glacier County, MT","MT"]
["F","CN3003700000000","Golden Valley County, MT","MT"]
["F","CN3003900000000","Granite County, MT","MT"]
["F","CN3004100000000","Hill County, MT","MT"]
["F","CN3004300000000","Jefferson County, MT","MT"]
["F","CN3004500000000","Judith Basin County, MT","MT"]
["F","CN3004700000000","Lake County, MT","MT"]
["F","CN3004900000000","Lewis and Clark County, MT","MT"]
["F","CN3005100000000","Liberty County, MT","MT"]
["F","CN3005300000000","Lincoln County, MT","MT"]
["F","CN3005500000000","McCone County, MT","MT"]
["F","CN3005700000000","Madison County, MT","MT"]
["F","CN3005900000000","Meagher County, MT","MT"]
["F","CN3006100000000","Mineral County, MT","MT"]
["F","CN3006300000000","Missoula County, MT","MT"]
["F","CN3006500000000","Musselshell County, MT","MT"]
["F","CN3006700000000","Park County, MT","MT"]
["F","CN3006900000000","Petroleum County, MT","MT"]
["F","CN3007100000000","Phillips County, MT","MT"]
["F","CN3007300000000","Pondera County, MT","MT"]
["F","CN3007500000000","Powder River County, MT","MT"]
["F","CN3007700000000","Powell County, MT","MT"]
["F","CN3007900000000","Prairie County, MT","MT"]
["F","CN3008100000000","Ravalli County, MT","MT"]
["F","CN3008300000000","Richland County, MT","MT"]
["F","CN3008500000000","Roosevelt County, MT","MT"]
["F","CN3008700000000","Rosebud County, MT","MT"]
["F","CN3008900000000","Sanders County, MT","MT"]
["F","CN3009100000000","Sheridan County, MT","MT"]
["F","CN3009300000000","Silver Bow County, MT","MT"]
["F","CN3009500000000","Stillwater County, MT","MT"]
["F","CN3009700000000","Sweet Grass County, MT","MT"]
["F","CN3009900000000","Teton County, MT","MT"]
["F","CN3010100000000","Toole County, MT","MT"]
["F","CN3010300000000","Treasure County, MT","MT"]
["F","CN3010500000000","Valley County, MT","MT"]
["F","CN3010700000000","Wheatland County, MT","MT"]
["F","CN3010900000000","Wibaux County, MT","MT"]
["F","CN3011100000000","Yellowstone County, MT","MT"]
["F","CN3100100000000","Adams County, NE","NE"]
["F","CN3100300000000","Antelope County, NE","NE"]
["F","CN3100500000000","Arthur County, NE","NE"]
["F","CN3100700000000","Banner County, NE","NE"]
["F","CN3100900000000","Blaine County, NE","NE"]
["F","CN3101100000000","Boone County, NE","NE"]
["F","CN3101300000000","Box Butte County, NE","NE"]
["F","CN3101500000000","Boyd County, NE","NE"]
["F","CN3101700000000","Brown County, NE","NE"]
["F","CN3101900000000","Buffalo County, NE","NE"]
["F","CN3102100000000","Burt County, NE","NE"]
["F","CN3102300000000","Butler County, NE","NE"]
["F","CN3102500000000","Cass County, NE","NE"]
["F","CN3102700000000","Cedar County, NE","NE"]
["F","CN3102900000000","Chase County, NE","NE"]
["F","CN3103100000000","Cherry County, NE","NE"]
["F","CN3103300000000","Cheyenne County, NE","NE"]
["F","CN3103500000000","Clay County, NE","NE"]
["F","CN3103700000000","Colfax County, NE","NE"]
["F","CN3103900000000","Cuming County, NE","NE"]
["F","CN3104100000000","Custer County, NE","NE"]
["F","CN3104300000000","Dakota County, NE","NE"]
["F","CN3104500000000","Dawes County, NE","NE"]
["F","CN3104700000000","Dawson County, NE","NE"]
["F","CN3104900000000","Deuel County, NE","NE"]
["F","CN3105100000000","Dixon County, NE","NE"]
["F","CN3105300000000","Dodge County, NE","NE"]
["F","CN3105500000000","Douglas County, NE","NE"]
["F","CN3105700000000","Dundy County, NE","NE"]
["F","CN3105900000000","Fillmore County, NE","NE"]
["F","CN3106100000000","Franklin County, NE","NE"]
["F","CN3106300000000","Frontier County, NE","NE"]
["F","CN3106500000000","Furnas County, NE","NE"]
["F","CN3106700000000","Gage County, NE","NE"]
["F","CN3106900000000","Garden County, NE","NE"]
["F","CN3107100000000","Garfield County, NE","NE"]
["F","CN3107300000000","Gosper County, NE","NE"]
["F","CN3107500000000","Grant County, NE","NE"]
["F","CN3107700000000","Greeley County, NE","NE"]
["F","CN3107900000000","Hall County, NE","NE"]
["F","CN3108100000000","Hamilton County, NE","NE"]
["F","CN3108300000000","Harlan County, NE","NE"]
["F","CN3108500000000","Hayes County, NE","NE"]
["F","CN3108700000000","Hitchcock County, NE","NE"]
["F","CN3108900000000","Holt County, NE","NE"]
["F","CN3109100000000","Hooker County, NE","NE"]
["F","CN3109300000000","Howard County, NE","NE"]
["F","CN3109500000000","Jefferson County, NE","NE"]
["F","CN3109700000000","Johnson County, NE","NE"]
["F","CN3109900000000","Kearney County, NE","NE"]
["F","CN3110100000000","Keith County, NE","NE"]
["F","CN3110300000000","Keya Paha County, NE","NE"]
["F","CN3110500000000","Kimball County, NE","NE"]
["F","CN3110700000000","Knox County, NE","NE"]
["F","CN3110900000000","Lancaster County, NE","NE"]
["F","CN3111100000000","Lincoln County, NE","NE"]
["F","CN3111300000000","Logan County, NE","NE"]
["F","CN3111500000000","Loup County, NE","NE"]
["F","CN3111700000000","McPherson County, NE","NE"]
["F","CN3111900000000","Madison County, NE","NE"]
["F","CN3112100000000","Merrick County, NE","NE"]
["F","CN3112300000000","Morrill County, NE","NE"]
["F","CN3112500000000","Nance County, NE","NE"]
["F","CN3112700000000","Nemaha County, NE","NE"]
["F","CN3112900000000","Nuckolls County, NE","NE"]
["F","CN3113100000000","Otoe County, NE","NE"]
["F","CN3113300000000","Pawnee County, NE","NE"]
["F","CN3113500000000","Perkins County, NE","NE"]
["F","CN3113700000000","Phelps County, NE","NE"]
["F","CN3113900000000","Pierce County, NE","NE"]
["F","CN3114100000000","Platte County, NE","NE"]
["F","CN3114300000000","Polk County, NE","NE"]
["F","CN3114500000000","Red Willow County, NE","NE"]
["F","CN3114700000000","Richardson County, NE","NE"]
["F","CN3114900000000","Rock County, NE","NE"]
["F","CN3115100000000","Saline County, NE","NE"]
["F","CN3115300000000","Sarpy County, NE","NE"]
["F","CN3115500000000","Saunders County, NE","NE"]
["F","CN3115700000000","Scotts Bluff County, NE","NE"]
["F","CN3115900000000","Seward County, NE","NE"]
["F","CN3116100000000","Sheridan County, NE","NE"]
["F","CN3116300000000","Sherman County, NE","NE"]
["F","CN3116500000000","Sioux County, NE","NE"]
["F","CN3116700000000","Stanton County, NE","NE"]
["F","CN3116900000000","Thayer County, NE","NE"]
["F","CN3117100000000","Thomas County, NE","NE"]
["F","CN3117300000000","Thurston County, NE","NE"]
["F","CN3117500000000","Valley County, NE","NE"]
["F","CN3117700000000","Washington County, NE","NE"]
["F","CN3117900000000","Wayne County, NE","NE"]
["F","CN3118100000000","Webster County, NE","NE"]
["F","CN3118300000000","Wheeler County, NE","NE"]
["F","CN3118500000000","York County, NE","NE"]
["F","CN3200100000000","Churchill County, NV","NV"]
["F","CN3200300000000","Clark County, NV","NV"]
["F","CN3200500000000","Douglas County, NV","NV"]
["F","CN3200700000000","Elko County, NV","NV"]
["F","CN3200900000000","Esmeralda County, NV","NV"]
["F","CN3201100000000","Eureka County, NV","NV"]
["F","CN3201300000000","Humboldt County, NV","NV"]
["F","CN3201500000000","Lander County, NV","NV"]
["F","CN3201700000000","Lincoln County, NV","NV"]
["F","CN3201900000000","Lyon County, NV","NV"]
["F","CN3202100000000","Mineral County, NV","NV"]
["F","CN3202300000000","Nye County, NV","NV"]
["F","CN3202700000000","Pershing County, NV","NV"]
["F","CN3202900000000","Storey County, NV","NV"]
["F","CN3203100000000","Washoe County, NV","NV"]
["F","CN3203300000000","White Pine County, NV","NV"]
["F","CN3251000000000","Carson City, NV","NV"]
["F","CN3300100000000","Belknap County, NH","NH"]
["F","CN3300300000000","Carroll County, NH","NH"]
["F","CN3300500000000","Cheshire County, NH","NH"]
["F","CN3300700000000","Coos County, NH","NH"]
["F","CN3300900000000","Grafton County, NH","NH"]
["F","CN3301100000000","Hillsborough County, NH","NH"]
["F","CN3301300000000","Merrimack County, NH","NH"]
["F","CN3301500000000","Rockingham County, NH","NH"]
["F","CN3301700000000","Strafford County, NH","NH"]
["F","CN3301900000000","Sullivan County, NH","NH"]
["F","CN3400100000000","Atlantic County, NJ","NJ"]
["F","CN3400300000000","Bergen County, NJ","NJ"]
["F","CN3400500000000","Burlington County, NJ","NJ"]
["F","CN3400700000000","Camden County, NJ","NJ"]
["F","CN3400900000000","Cape May County, NJ","NJ"]
["F","CN3401100000000","Cumberland County, NJ","NJ"]
["F","CN3401300000000","Essex County, NJ","NJ"]
["F","CN3401500000000","Gloucester County, NJ","NJ"]
["F","CN3401700000000","Hudson County, NJ","NJ"]
["F","CN3401900000000","Hunterdon County, NJ","NJ"]
["F","CN3402100000000","Mercer County, NJ","NJ"]
["F","CN3402300000000","Middlesex County, NJ","NJ"]
["F","CN3402500000000","Monmouth County, NJ","NJ"]
["F","CN3402700000000","Morris County, NJ","NJ"]
["F","CN3402900000000","Ocean County, NJ","NJ"]
["F","CN3403100000000","Passaic County, NJ","NJ"]
["F","CN3403300000000","Salem County, NJ","NJ"]
["F","CN3403500000000","Somerset County, NJ","NJ"]
["F","CN3403700000000","Sussex County, NJ","NJ"]
["F","CN3403900000000","Union County, NJ","NJ"]
["F","CN3404100000000","Warren County, NJ","NJ"]
["F","CN3500100000000","Bernalillo County, NM","NM"]
["F","CN3500300000000","Catron County, NM","NM"]
["F","CN3500500000000","Chaves County, NM","NM"]
["F","CN3500600000000","Cibola County, NM","NM"]
["F","CN3500700000000","Colfax County, NM","NM"]
["F","CN3500900000000","Curry County, NM","NM"]
["F","CN3501100000000","De Baca County, NM","NM"]
["F","CN3501300000000","Dona Ana County, NM","NM"]
["F","CN3501500000000","Eddy County, NM","NM"]
["F","CN3501700000000","Grant County, NM","NM"]
["F","CN3501900000000","Guadalupe County, NM","NM"]
["F","CN3502100000000","Harding County, NM","NM"]
["F","CN3502300000000","Hidalgo County, NM","NM"]
["F","CN3502500000000","Lea County, NM","NM"]
["F","CN3502700000000","Lincoln County, NM","NM"]
["F","CN3502800000000","Los Alamos County, NM","NM"]
["F","CN3502900000000","Luna County, NM","NM"]
["F","CN3503100000000","McKinley County, NM","NM"]
["F","CN3503300000000","Mora County, NM","NM"]
["F","CN3503500000000","Otero County, NM","NM"]
["F","CN3503700000000","Quay County, NM","NM"]
["F","CN3503900000000","Rio Arriba County, NM","NM"]
["F","CN3504100000000","Roosevelt County, NM","NM"]
["F","CN3504300000000","Sandoval County, NM","NM"]
["F","CN3504500000000","San Juan County, NM","NM"]
["F","CN3504700000000","San Miguel County, NM","NM"]
["F","CN3504900000000","Santa Fe County, NM","NM"]
["F","CN3505100000000","Sierra County, NM","NM"]
["F","CN3505300000000","Socorro County, NM","NM"]
["F","CN3505500000000","Taos County, NM","NM"]
["F","CN3505700000000","Torrance County, NM","NM"]
["F","CN3505900000000","Union County, NM","NM"]
["F","CN3506100000000","Valencia County, NM","NM"]
["F","CN3600100000000","Albany County, NY","NY"]
["F","CN3600300000000","Allegany County, NY","NY"]
["F","CN3600500000000","Bronx County, NY","NY"]
["F","CN3600700000000","Broome County, NY","NY"]
["F","CN3600900000000","Cattaraugus County, NY","NY"]
["F","CN3601100000000","Cayuga County, NY","NY"]
["F","CN3601300000000","Chautauqua County, NY","NY"]
["F","CN3601500000000","Chemung County, NY","NY"]
["F","CN3601700000000","Chenango County, NY","NY"]
["F","CN3601900000000","Clinton County, NY","NY"]
["F","CN3602100000000","Columbia County, NY","NY"]
["F","CN3602300000000","Cortland County, NY","NY"]
["F","CN3602500000000","Delaware County, NY","NY"]
["F","CN3602700000000","Dutchess County, NY","NY"]
["F","CN3602900000000","Erie County, NY","NY"]
["F","CN3603100000000","Essex County, NY","NY"]
["F","CN3603300000000","Franklin County, NY","NY"]
["F","CN3603500000000","Fulton County, NY","NY"]
["F","CN3603700000000","Genesee County, NY","NY"]
["F","CN3603900000000","Greene County, NY","NY"]
["F","CN3604100000000","Hamilton County, NY","NY"]
["F","CN3604300000000","Herkimer County, NY","NY"]
["F","CN3604500000000","Jefferson County, NY","NY"]
["F","CN3604700000000","Kings County, NY","NY"]
["F","CN3604900000000","Lewis County, NY","NY"]
["F","CN3605100000000","Livingston County, NY","NY"]
["F","CN3605300000000","Madison County, NY","NY"]
["F","CN3605500000000","Monroe County, NY","NY"]
["F","CN3605700000000","Montgomery County, NY","NY"]
["F","CN3605900000000","Nassau County, NY","NY"]
["F","CN3606100000000","New York County, NY","NY"]
["F","CN3606300000000","Niagara County, NY","NY"]
["F","CN3606500000000","Oneida County, NY","NY"]
["F","CN3606700000000","Onondaga County, NY","NY"]
["F","CN3606900000000","Ontario County, NY","NY"]
["F","CN3607100000000","Orange County, NY","NY"]
["F","CN3607300000000","Orleans County, NY","NY"]
["F","CN3607500000000","Oswego County, NY","NY"]
["F","CN3607700000000","Otsego County, NY","NY"]
["F","CN3607900000000","Putnam County, NY","NY"]
["F","CN3608100000000","Queens County, NY","NY"]
["F","CN3608300000000","Rensselaer County, NY","NY"]
["F","CN3608500000000","Richmond County, NY","NY"]
["F","CN3608700000000","Rockland County, NY","NY"]
["F","CN3608900000000","St. Lawrence County, NY","NY"]
["F","CN3609100000000","Saratoga County, NY","NY"]
["F","CN3609300000000","Schenectady County, NY","NY"]
["F","CN3609500000000","Schoharie County, NY","NY"]
["F","CN3609700000000","Schuyler County, NY","NY"]
["F","CN3609900000000","Seneca County, NY","NY"]
["F","CN3610100000000","Steuben County, NY","NY"]
["F","CN3610300000000","Suffolk County, NY","NY"]
["F","CN3610500000000","Sullivan County, NY","NY"]
["F","CN3610700000000","Tioga County, NY","NY"]
["F","CN3610900000000","Tompkins County, NY","NY"]
["F","CN3611100000000","Ulster County, NY","NY"]
["F","CN3611300000000","Warren County, NY","NY"]
["F","CN3611500000000","Washington County, NY","NY"]
["F","CN3611700000000","Wayne County, NY","NY"]
["F","CN3611900000000","Westchester County, NY","NY"]
["F","CN3612100000000","Wyoming County, NY","NY"]
["F","CN3612300000000","Yates County, NY","NY"]
["F","CN3700100000000","Alamance County, NC","NC"]
["F","CN3700300000000","Alexander County, NC","NC"]
["F","CN3700500000000","Alleghany County, NC","NC"]
["F","CN3700700000000","Anson County, NC","NC"]
["F","CN3700900000000","Ashe County, NC","NC"]
["F","CN3701100000000","Avery County, NC","NC"]
["F","CN3701300000000","Beaufort County, NC","NC"]
["F","CN3701500000000","Bertie County, NC","NC"]
["F","CN3701700000000","Bladen County, NC","NC"]
["F","CN3701900000000","Brunswick County, NC","NC"]
["F","CN3702100000000","Buncombe County, NC","NC"]
["F","CN3702300000000","Burke County, NC","NC"]
["F","CN3702500000000","Cabarrus County, NC","NC"]
["F","CN3702700000000","Caldwell County, NC","NC"]
["F","CN3702900000000","Camden County, NC","NC"]
["F","CN3703100000000","Carteret County, NC","NC"]
["F","CN3703300000000","Caswell County, NC","NC"]
["F","CN3703500000000","Catawba County, NC","NC"]
["F","CN3703700000000","Chatham County, NC","NC"]
["F","CN3703900000000","Cherokee County, NC","NC"]
["F","CN3704100000000","Chowan County, NC","NC"]
["F","CN3704300000000","Clay County, NC","NC"]
["F","CN3704500000000","Cleveland County, NC","NC"]
["F","CN3704700000000","Columbus County, NC","NC"]
["F","CN3704900000000","Craven County, NC","NC"]
["F","CN3705100000000","Cumberland County, NC","NC"]
["F","CN3705300000000","Currituck County, NC","NC"]
["F","CN3705500000000","Dare County, NC","NC"]
["F","CN3705700000000","Davidson County, NC","NC"]
["F","CN3705900000000","Davie County, NC","NC"]
["F","CN3706100000000","Duplin County, NC","NC"]
["F","CN3706300000000","Durham County, NC","NC"]
["F","CN3706500000000","Edgecombe County, NC","NC"]
["F","CN3706700000000","Forsyth County, NC","NC"]
["F","CN3706900000000","Franklin County, NC","NC"]
["F","CN3707100000000","Gaston County, NC","NC"]
["F","CN3707300000000","Gates County, NC","NC"]
["F","CN3707500000000","Graham County, NC","NC"]
["F","CN3707700000000","Granville County, NC","NC"]
["F","CN3707900000000","Greene County, NC","NC"]
["F","CN3708100000000","Guilford County, NC","NC"]
["F","CN3708300000000","Halifax County, NC","NC"]
["F","CN3708500000000","Harnett County, NC","NC"]
["F","CN3708700000000","Haywood County, NC","NC"]
["F","CN3708900000000","Henderson County, NC","NC"]
["F","CN3709100000000","Hertford County, NC","NC"]
["F","CN3709300000000","Hoke County, NC","NC"]
["F","CN3709500000000","Hyde County, NC","NC"]
["F","CN3709700000000","Iredell County, NC","NC"]
["F","CN3709900000000","Jackson County, NC","NC"]
["F","CN3710100000000","Johnston County, NC","NC"]
["F","CN3710300000000","Jones County, NC","NC"]
["F","CN3710500000000","Lee County, NC","NC"]
["F","CN3710700000000","Lenoir County, NC","NC"]
["F","CN3710900000000","Lincoln County, NC","NC"]
["F","CN3711100000000","McDowell County, NC","NC"]
["F","CN3711300000000","Macon County, NC","NC"]
["F","CN3711500000000","Madison County, NC","NC"]
["F","CN3711700000000","Martin County, NC","NC"]
["F","CN3711900000000","Mecklenburg County, NC","NC"]
["F","CN3712100000000","Mitchell County, NC","NC"]
["F","CN3712300000000","Montgomery County, NC","NC"]
["F","CN3712500000000","Moore County, NC","NC"]
["F","CN3712700000000","Nash County, NC","NC"]
["F","CN3712900000000","New Hanover County, NC","NC"]
["F","CN3713100000000","Northampton County, NC","NC"]
["F","CN3713300000000","Onslow County, NC","NC"]
["F","CN3713500000000","Orange County, NC","NC"]
["F","CN3713700000000","Pamlico County, NC","NC"]
["F","CN3713900000000","Pasquotank County, NC","NC"]
["F","CN3714100000000","Pender County, NC","NC"]
["F","CN3714300000000","Perquimans County, NC","NC"]
["F","CN3714500000000","Person County, NC","NC"]
["F","CN3714700000000","Pitt County, NC","NC"]
["F","CN3714900000000","Polk County, NC","NC"]
["F","CN3715100000000","Randolph County, NC","NC"]
["F","CN3715300000000","Richmond County, NC","NC"]
["F","CN3715500000000","Robeson County, NC","NC"]
["F","CN3715700000000","Rockingham County, NC","NC"]
["F","CN3715900000000","Rowan County, NC","NC"]
["F","CN3716100000000","Rutherford County, NC","NC"]
["F","CN3716300000000","Sampson County, NC","NC"]
["F","CN3716500000000","Scotland County, NC","NC"]
["F","CN3716700000000","Stanly County, NC","NC"]
["F","CN3716900000000","Stokes County, NC","NC"]
["F","CN3717100000000","Surry County, NC","NC"]
["F","CN3717300000000","Swain County, NC","NC"]
["F","CN3717500000000","Transylvania County, NC","NC"]
["F","CN3717700000000","Tyrrell County, NC","NC"]
["F","CN3717900000000","Union County, NC","NC"]
["F","CN3718100000000","Vance County, NC","NC"]
["F","CN3718300000000","Wake County, NC","NC"]
["F","CN3718500000000","Warren County, NC","NC"]
["F","CN3718700000000","Washington County, NC","NC"]
["F","CN3718900000000","Watauga County, NC","NC"]
["F","CN3719100000000","Wayne County, NC","NC"]
["F","CN3719300000000","Wilkes County, NC","NC"]
["F","CN3719500000000","Wilson County, NC","NC"]
["F","CN3719700000000","Yadkin County, NC","NC"]
["F","CN3719900000000","Yancey County, NC","NC"]
["F","CN3800100000000","Adams County, ND","ND"]
["F","CN3800300000000","Barnes County, ND","ND"]
["F","CN3800500000000","Benson County, ND","ND"]
["F","CN3800700000000","Billings County, ND","ND"]
["F","CN3800900000000","Bottineau County, ND","ND"]
["F","CN3801100000000","Bowman County, ND","ND"]
["F","CN3801300000000","Burke County, ND","ND"]
["F","CN3801500000000","Burleigh County, ND","ND"]
["F","CN3801700000000","Cass County, ND","ND"]
["F","CN3801900000000","Cavalier County, ND","ND"]
["F","CN3802100000000","Dickey County, ND","ND"]
["F","CN3802300000000","Divide County, ND","ND"]
["F","CN3802500000000","Dunn County, ND","ND"]
["F","CN3802700000000","Eddy County, ND","ND"]
["F","CN3802900000000","Emmons County, ND","ND"]
["F","CN3803100000000","Foster County, ND","ND"]
["F","CN3803300000000","Golden Valley County, ND","ND"]
["F","CN3803500000000","Grand Forks County, ND","ND"]
["F","CN3803700000000","Grant County, ND","ND"]
["F","CN3803900000000","Griggs County, ND","ND"]
["F","CN3804100000000","Hettinger County, ND","ND"]
["F","CN3804300000000","Kidder County, ND","ND"]
["F","CN3804500000000","LaMoure County, ND","ND"]
["F","CN3804700000000","Logan County, ND","ND"]
["F","CN3804900000000","McHenry County, ND","ND"]
["F","CN3805100000000","McIntosh County, ND","ND"]
["F","CN3805300000000","McKenzie County, ND","ND"]
["F","CN3805500000000","McLean County, ND","ND"]
["F","CN3805700000000","Mercer County, ND","ND"]
["F","CN3805900000000","Morton County, ND","ND"]
["F","CN3806100000000","Mountrail County, ND","ND"]
["F","CN3806300000000","Nelson County, ND","ND"]
["F","CN3806500000000","Oliver County, ND","ND"]
["F","CN3806700000000","Pembina County, ND","ND"]
["F","CN3806900000000","Pierce County, ND","ND"]
["F","CN3807100000000","Ramsey County, ND","ND"]
["F","CN3807300000000","Ransom County, ND","ND"]
["F","CN3807500000000","Renville County, ND","ND"]
["F","CN3807700000000","Richland County, ND","ND"]
["F","CN3807900000000","Rolette County, ND","ND"]
["F","CN3808100000000","Sargent County, ND","ND"]
["F","CN3808300000000","Sheridan County, ND","ND"]
["F","CN3808500000000","Sioux County, ND","ND"]
["F","CN3808700000000","Slope County, ND","ND"]
["F","CN3808900000000","Stark County, ND","ND"]
["F","CN3809100000000","Steele County, ND","ND"]
["F","CN3809300000000","Stutsman County, ND","ND"]
["F","CN3809500000000","Towner County, ND","ND"]
["F","CN3809700000000","Traill County, ND","ND"]
["F","CN3809900000000","Walsh County, ND","ND"]
["F","CN3810100000000","Ward County, ND","ND"]
["F","CN3810300000000","Wells County, ND","ND"]
["F","CN3810500000000","Williams County, ND","ND"]
["F","CN3900100000000","Adams County, OH","OH"]
["F","CN3900300000000","Allen County, OH","OH"]
["F","CN3900500000000","Ashland County, OH","OH"]
["F","CN3900700000000","Ashtabula County, OH","OH"]
["F","CN3900900000000","Athens County, OH","OH"]
["F","CN3901100000000","Auglaize County, OH","OH"]
["F","CN3901300000000","Belmont County, OH","OH"]
["F","CN3901500000000","Brown County, OH","OH"]
["F","CN3901700000000","Butler County, OH","OH"]
["F","CN3901900000000","Carroll County, OH","OH"]
["F","CN3902100000000","Champaign County, OH","OH"]
["F","CN3902300000000","Clark County, OH","OH"]
["F","CN3902500000000","Clermont County, OH","OH"]
["F","CN3902700000000","Clinton County, OH","OH"]
["F","CN3902900000000","Columbiana County, OH","OH"]
["F","CN3903100000000","Coshocton County, OH","OH"]
["F","CN3903300000000","Crawford County, OH","OH"]
["F","CN3903500000000","Cuyahoga County, OH","OH"]
["F","CN3903700000000","Darke County, OH","OH"]
["F","CN3903900000000","Defiance County, OH","OH"]
["F","CN3904100000000","Delaware County, OH","OH"]
["F","CN3904300000000","Erie County, OH","OH"]
["F","CN3904500000000","Fairfield County, OH","OH"]
["F","CN3904700000000","Fayette County, OH","OH"]
["F","CN3904900000000","Franklin County, OH","OH"]
["F","CN3905100000000","Fulton County, OH","OH"]
["F","CN3905300000000","Gallia County, OH","OH"]
["F","CN3905500000000","Geauga County, OH","OH"]
["F","CN3905700000000","Greene County, OH","OH"]
["F","CN3905900000000","Guernsey County, OH","OH"]
["F","CN3906100000000","Hamilton County, OH","OH"]
["F","CN3906300000000","Hancock County, OH","OH"]
["F","CN3906500000000","Hardin County, OH","OH"]
["F","CN3906700000000","Harrison County, OH","OH"]
["F","CN3906900000000","Henry County, OH","OH"]
["F","CN3907100000000","Highland County, OH","OH"]
["F","CN3907300000000","Hocking County, OH","OH"]
["F","CN3907500000000","Holmes County, OH","OH"]
["F","CN3907700000000","Huron County, OH","OH"]
["F","CN3907900000000","Jackson County, OH","OH"]
["F","CN3908100000000","Jefferson County, OH","OH"]
["F","CN3908300000000","Knox County, OH","OH"]
["F","CN3908500000000","Lake County, OH","OH"]
["F","CN3908700000000","Lawrence County, OH","OH"]
["F","CN3908900000000","Licking County, OH","OH"]
["F","CN3909100000000","Logan County, OH","OH"]
["F","CN3909300000000","Lorain County, OH","OH"]
["F","CN3909500000000","Lucas County, OH","OH"]
["F","CN3909700000000","Madison County, OH","OH"]
["F","CN3909900000000","Mahoning County, OH","OH"]
["F","CN3910100000000","Marion County, OH","OH"]
["F","CN3910300000000","Medina County, OH","OH"]
["F","CN3910500000000","Meigs County, OH","OH"]
["F","CN3910700000000","Mercer County, OH","OH"]
["F","CN3910900000000","Miami County, OH","OH"]
["F","CN3911100000000","Monroe County, OH","OH"]
["F","CN3911300000000","Montgomery County, OH","OH"]
["F","CN3911500000000","Morgan County, OH","OH"]
["F","CN3911700000000","Morrow County, OH","OH"]
["F","CN3911900000000","Muskingum County, OH","OH"]
["F","CN3912100000000","Noble County, OH","OH"]
["F","CN3912300000000","Ottawa County, OH","OH"]
["F","CN3912500000000","Paulding County, OH","OH"]
["F","CN3912700000000","Perry County, OH","OH"]
["F","CN3912900000000","Pickaway County, OH","OH"]
["F","CN3913100000000","Pike County, OH","OH"]
["F","CN3913300000000","Portage County, OH","OH"]
["F","CN3913500000000","Preble County, OH","OH"]
["F","CN3913700000000","Putnam County, OH","OH"]
["F","CN3913900000000","Richland County, OH","OH"]
["F","CN3914100000000","Ross County, OH","OH"]
["F","CN3914300000000","Sandusky County, OH","OH"]
["F","CN3914500000000","Scioto County, OH","OH"]
["F","CN3914700000000","Seneca County, OH","OH"]
["F","CN3914900000000","Shelby County, OH","OH"]
["F","CN3915100000000","Stark County, OH","OH"]
["F","CN3915300000000","Summit County, OH","OH"]
["F","CN3915500000000","Trumbull County, OH","OH"]
["F","CN3915700000000","Tuscarawas County, OH","OH"]
["F","CN3915900000000","Union County, OH","OH"]
["F","CN3916100000000","Van Wert County, OH","OH"]
["F","CN3916300000000","Vinton County, OH","OH"]
["F","CN3916500000000","Warren County, OH","OH"]
["F","CN3916700000000","Washington County, OH","OH"]
["F","CN3916900000000","Wayne County, OH","OH"]
["F","CN3917100000000","Williams County, OH","OH"]
["F","CN3917300000000","Wood County, OH","OH"]
["F","CN3917500000000","Wyandot County, OH","OH"]
["F","CN4000100000000","Adair County, OK","OK"]
["F","CN4000300000000","Alfalfa County, OK","OK"]
["F","CN4000500000000","Atoka County, OK","OK"]
["F","CN4000700000000","Beaver County, OK","OK"]
["F","CN4000900000000","Beckham County, OK","OK"]
["F","CN4001100000000","Blaine County, OK","OK"]
["F","CN4001300000000","Bryan County, OK","OK"]
["F","CN4001500000000","Caddo County, OK","OK"]
["F","CN4001700000000","Canadian County, OK","OK"]
["F","CN4001900000000","Carter County, OK","OK"]
["F","CN4002100000000","Cherokee County, OK","OK"]
["F","CN4002300000000","Choctaw County, OK","OK"]
["F","CN4002500000000","Cimarron County, OK","OK"]
["F","CN4002700000000","Cleveland County, OK","OK"]
["F","CN4002900000000","Coal County, OK","OK"]
["F","CN4003100000000","Comanche County, OK","OK"]
["F","CN4003300000000","Cotton County, OK","OK"]
["F","CN4003500000000","Craig County, OK","OK"]
["F","CN4003700000000","Creek County, OK","OK"]
["F","CN4003900000000","Custer County, OK","OK"]
["F","CN4004100000000","Delaware County, OK","OK"]
["F","CN4004300000000","Dewey County, OK","OK"]
["F","CN4004500000000","Ellis County, OK","OK"]
["F","CN4004700000000","Garfield County, OK","OK"]
["F","CN4004900000000","Garvin County, OK","OK"]
["F","CN4005100000000","Grady County, OK","OK"]
["F","CN4005300000000","Grant County, OK","OK"]
["F","CN4005500000000","Greer County, OK","OK"]
["F","CN4005700000000","Harmon County, OK","OK"]
["F","CN4005900000000","Harper County, OK","OK"]
["F","CN4006100000000","Haskell County, OK","OK"]
["F","CN4006300000000","Hughes County, OK","OK"]
["F","CN4006500000000","Jackson County, OK","OK"]
["F","CN4006700000000","Jefferson County, OK","OK"]
["F","CN4006900000000","Johnston County, OK","OK"]
["F","CN4007100000000","Kay County, OK","OK"]
["F","CN4007300000000","Kingfisher County, OK","OK"]
["F","CN4007500000000","Kiowa County, OK","OK"]
["F","CN4007700000000","Latimer County, OK","OK"]
["F","CN4007900000000","Le Flore County, OK","OK"]
["F","CN4008100000000","Lincoln County, OK","OK"]
["F","CN4008300000000","Logan County, OK","OK"]
["F","CN4008500000000","Love County, OK","OK"]
["F","CN4008700000000","McClain County, OK","OK"]
["F","CN4008900000000","McCurtain County, OK","OK"]
["F","CN4009100000000","McIntosh County, OK","OK"]
["F","CN4009300000000","Major County, OK","OK"]
["F","CN4009500000000","Marshall County, OK","OK"]
["F","CN4009700000000","Mayes County, OK","OK"]
["F","CN4009900000000","Murray County, OK","OK"]
["F","CN4010100000000","Muskogee County, OK","OK"]
["F","CN4010300000000","Noble County, OK","OK"]
["F","CN4010500000000","Nowata County, OK","OK"]
["F","CN4010700000000","Okfuskee County, OK","OK"]
["F","CN4010900000000","Oklahoma County, OK","OK"]
["F","CN4011100000000","Okmulgee County, OK","OK"]
["F","CN4011300000000","Osage County, OK","OK"]
["F","CN4011500000000","Ottawa County, OK","OK"]
["F","CN4011700000000","Pawnee County, OK","OK"]
["F","CN4011900000000","Payne County, OK","OK"]
["F","CN4012100000000","Pittsburg County, OK","OK"]
["F","CN4012300000000","Pontotoc County, OK","OK"]
["F","CN4012500000000","Pottawatomie County, OK","OK"]
["F","CN4012700000000","Pushmataha County, OK","OK"]
["F","CN4012900000000","Roger Mills County, OK","OK"]
["F","CN4013100000000","Rogers County, OK","OK"]
["F","CN4013300000000","Seminole County, OK","OK"]
["F","CN4013500000000","Sequoyah County, OK","OK"]
["F","CN4013700000000","Stephens County, OK","OK"]
["F","CN4013900000000","Texas County, OK","OK"]
["F","CN4014100000000","Tillman County, OK","OK"]
["F","CN4014300000000","Tulsa County, OK","OK"]
["F","CN4014500000000","Wagoner County, OK","OK"]
["F","CN4014700000000","Washington County, OK","OK"]
["F","CN4014900000000","Washita County, OK","OK"]
["F","CN4015100000000","Woods County, OK","OK"]
["F","CN4015300000000","Woodward County, OK","OK"]
["F","CN4100100000000","Baker County, OR","OR"]
["F","CN4100300000000","Benton County, OR","OR"]
["F","CN4100500000000","Clackamas County, OR","OR"]
["F","CN4100700000000","Clatsop County, OR","OR"]
["F","CN4100900000000","Columbia County, OR","OR"]
["F","CN4101100000000","Coos County, OR","OR"]
["F","CN4101300000000","Crook County, OR","OR"]
["F","CN4101500000000","Curry County, OR","OR"]
["F","CN4101700000000","Deschutes County, OR","OR"]
["F","CN4101900000000","Douglas County, OR","OR"]
["F","CN4102100000000","Gilliam County, OR","OR"]
["F","CN4102300000000","Grant County, OR","OR"]
["F","CN4102500000000","Harney County, OR","OR"]
["F","CN4102700000000","Hood River County, OR","OR"]
["F","CN4102900000000","Jackson County, OR","OR"]
["F","CN4103100000000","Jefferson County, OR","OR"]
["F","CN4103300000000","Josephine County, OR","OR"]
["F","CN4103500000000","Klamath County, OR","OR"]
["F","CN4103700000000","Lake County, OR","OR"]
["F","CN4103900000000","Lane County, OR","OR"]
["F","CN4104100000000","Lincoln County, OR","OR"]
["F","CN4104300000000","Linn County, OR","OR"]
["F","CN4104500000000","Malheur County, OR","OR"]
["F","CN4104700000000","Marion County, OR","OR"]
["F","CN4104900000000","Morrow County, OR","OR"]
["F","CN4105100000000","Multnomah County, OR","OR"]
["F","CN4105300000000","Polk County, OR","OR"]
["F","CN4105500000000","Sherman County, OR","OR"]
["F","CN4105700000000","Tillamook County, OR","OR"]
["F","CN4105900000000","Umatilla County, OR","OR"]
["F","CN4106100000000","Union County, OR","OR"]
["F","CN4106300000000","Wallowa County, OR","OR"]
["F","CN4106500000000","Wasco County, OR","OR"]
["F","CN4106700000000","Washington County, OR","OR"]
["F","CN4106900000000","Wheeler County, OR","OR"]
["F","CN4107100000000","Yamhill County, OR","OR"]
["F","CN4200100000000","Adams County, PA","PA"]
["F","CN4200300000000","Allegheny County, PA","PA"]
["F","CN4200500000000","Armstrong County, PA","PA"]
["F","CN4200700000000","Beaver County, PA","PA"]
["F","CN4200900000000","Bedford County, PA","PA"]
["F","CN4201100000000","Berks County, PA","PA"]
["F","CN4201300000000","Blair County, PA","PA"]
["F","CN4201500000000","Bradford County, PA","PA"]
["F","CN4201700000000","Bucks County, PA","PA"]
["F","CN4201900000000","Butler County, PA","PA"]
["F","CN4202100000000","Cambria County, PA","PA"]
["F","CN4202300000000","Cameron County, PA","PA"]
["F","CN4202500000000","Carbon County, PA","PA"]
["F","CN4202700000000","Centre County, PA","PA"]
["F","CN4202900000000","Chester County, PA","PA"]
["F","CN4203100000000","Clarion County, PA","PA"]
["F","CN4203300000000","Clearfield County, PA","PA"]
["F","CN4203500000000","Clinton County, PA","PA"]
["F","CN4203700000000","Columbia County, PA","PA"]
["F","CN4203900000000","Crawford County, PA","PA"]
["F","CN4204100000000","Cumberland County, PA","PA"]
["F","CN4204300000000","Dauphin County, PA","PA"]
["F","CN4204500000000","Delaware County, PA","PA"]
["F","CN4204700000000","Elk County, PA","PA"]
["F","CN4204900000000","Erie County, PA","PA"]
["F","CN4205100000000","Fayette County, PA","PA"]
["F","CN4205300000000","Forest County, PA","PA"]
["F","CN4205500000000","Franklin County, PA","PA"]
["F","CN4205700000000","Fulton County, PA","PA"]
["F","CN4205900000000","Greene County, PA","PA"]
["F","CN4206100000000","Huntingdon County, PA","PA"]
["F","CN4206300000000","Indiana County, PA","PA"]
["F","CN4206500000000","Jefferson County, PA","PA"]
["F","CN4206700000000","Juniata County, PA","PA"]
["F","CN4206900000000","Lackawanna County, PA","PA"]
["F","CN4207100000000","Lancaster County, PA","PA"]
["F","CN4207300000000","Lawrence County, PA","PA"]
["F","CN4207500000000","Lebanon County, PA","PA"]
["F","CN4207700000000","Lehigh County, PA","PA"]
["F","CN4207900000000","Luzerne County, PA","PA"]
["F","CN4208100000000","Lycoming County, PA","PA"]
["F","CN4208300000000","McKean County, PA","PA"]
["F","CN4208500000000","Mercer County, PA","PA"]
["F","CN4208700000000","Mifflin County, PA","PA"]
["F","CN4208900000000","Monroe County, PA","PA"]
["F","CN4209100000000","Montgomery County, PA","PA"]
["F","CN4209300000000","Montour County, PA","PA"]
["F","CN4209500000000","Northampton County, PA","PA"]
["F","CN4209700000000","Northumberland County, PA","PA"]
["F","CN4209900000000","Perry County, PA","PA"]
["F","CN4210100000000","Philadelphia County/city, PA","PA"]
["F","CN4210300000000","Pike County, PA","PA"]
["F","CN4210500000000","Potter County, PA","PA"]
["F","CN4210700000000","Schuylkill County, PA","PA"]
["F","CN4210900000000","Snyder County, PA","PA"]
["F","CN4211100000000","Somerset County, PA","PA"]
["F","CN4211300000000","Sullivan County, PA","PA"]
["F","CN4211500000000","Susquehanna County, PA","PA"]
["F","CN4211700000000","Tioga County, PA","PA"]
["F","CN4211900000000","Union County, PA","PA"]
["F","CN4212100000000","Venango County, PA","PA"]
["F","CN4212300000000","Warren County, PA","PA"]
["F","CN4212500000000","Washington County, PA","PA"]
["F","CN4212700000000","Wayne County, PA","PA"]
["F","CN4212900000000","Westmoreland County, PA","PA"]
["F","CN4213100000000","Wyoming County, PA","PA"]
["F","CN4213300000000","York County, PA","PA"]
["F","CN4400100000000","Bristol County, RI","RI"]
["F","CN4400300000000","Kent County, RI","RI"]
["F","CN4400500000000","Newport County, RI","RI"]
["F","CN4400700000000","Providence County, RI","RI"]
["F","CN4400900000000","Washington County, RI","RI"]
["F","CN4500100000000","Abbeville County, SC","SC"]
["F","CN4500300000000","Aiken County, SC","SC"]
["F","CN4500500000000","Allendale County, SC","SC"]
["F","CN4500700000000","Anderson County, SC","SC"]
["F","CN4500900000000","Bamberg County, SC","SC"]
["F","CN4501100000000","Barnwell County, SC","SC"]
["F","CN4501300000000","Beaufort County, SC","SC"]
["F","CN4501500000000","Berkeley County, SC","SC"]
["F","CN4501700000000","Calhoun County, SC","SC"]
["F","CN4501900000000","Charleston County, SC","SC"]
["F","CN4502100000000","Cherokee County, SC","SC"]
["F","CN4502300000000","Chester County, SC","SC"]
["F","CN4502500000000","Chesterfield County, SC","SC"]
["F","CN4502700000000","Clarendon County, SC","SC"]
["F","CN4502900000000","Colleton County, SC","SC"]
["F","CN4503100000000","Darlington County, SC","SC"]
["F","CN4503300000000","Dillon County, SC","SC"]
["F","CN4503500000000","Dorchester County, SC","SC"]
["F","CN4503700000000","Edgefield County, SC","SC"]
["F","CN4503900000000","Fairfield County, SC","SC"]
["F","CN4504100000000","Florence County, SC","SC"]
["F","CN4504300000000","Georgetown County, SC","SC"]
["F","CN4504500000000","Greenville County, SC","SC"]
["F","CN4504700000000","Greenwood County, SC","SC"]
["F","CN4504900000000","Hampton County, SC","SC"]
["F","CN4505100000000","Horry County, SC","SC"]
["F","CN4505300000000","Jasper County, SC","SC"]
["F","CN4505500000000","Kershaw County, SC","SC"]
["F","CN4505700000000","Lancaster County, SC","SC"]
["F","CN4505900000000","Laurens County, SC","SC"]
["F","CN4506100000000","Lee County, SC","SC"]
["F","CN4506300000000","Lexington County, SC","SC"]
["F","CN4506500000000","McCormick County, SC","SC"]
["F","CN4506700000000","Marion County, SC","SC"]
["F","CN4506900000000","Marlboro County, SC","SC"]
["F","CN4507100000000","Newberry County, SC","SC"]
["F","CN4507300000000","Oconee County, SC","SC"]
["F","CN4507500000000","Orangeburg County, SC","SC"]
["F","CN4507700000000","Pickens County, SC","SC"]
["F","CN4507900000000","Richland County, SC","SC"]
["F","CN4508100000000","Saluda County, SC","SC"]
["F","CN4508300000000","Spartanburg County, SC","SC"]
["F","CN4508500000000","Sumter County, SC","SC"]
["F","CN4508700000000","Union County, SC","SC"]
["F","CN4508900000000","Williamsburg County, SC","SC"]
["F","CN4509100000000","York County, SC","SC"]
["F","CN4600300000000","Aurora County, SD","SD"]
["F","CN4600500000000","Beadle County, SD","SD"]
["F","CN4600700000000","Bennett County, SD","SD"]
["F","CN4600900000000","Bon Homme County, SD","SD"]
["F","CN4601100000000","Brookings County, SD","SD"]
["F","CN4601300000000","Brown County, SD","SD"]
["F","CN4601500000000","Brule County, SD","SD"]
["F","CN4601700000000","Buffalo County, SD","SD"]
["F","CN4601900000000","Butte County, SD","SD"]
["F","CN4602100000000","Campbell County, SD","SD"]
["F","CN4602300000000","Charles Mix County, SD","SD"]
["F","CN4602500000000","Clark County, SD","SD"]
["F","CN4602700000000","Clay County, SD","SD"]
["F","CN4602900000000","Codington County, SD","SD"]
["F","CN4603100000000","Corson County, SD","SD"]
["F","CN4603300000000","Custer County, SD","SD"]
["F","CN4603500000000","Davison County, SD","SD"]
["F","CN4603700000000","Day County, SD","SD"]
["F","CN4603900000000","Deuel County, SD","SD"]
["F","CN4604100000000","Dewey County, SD","SD"]
["F","CN4604300000000","Douglas County, SD","SD"]
["F","CN4604500000000","Edmunds County, SD","SD"]
["F","CN4604700000000","Fall River County, SD","SD"]
["F","CN4604900000000","Faulk County, SD","SD"]
["F","CN4605100000000","Grant County, SD","SD"]
["F","CN4605300000000","Gregory County, SD","SD"]
["F","CN4605500000000","Haakon County, SD","SD"]
["F","CN4605700000000","Hamlin County, SD","SD"]
["F","CN4605900000000","Hand County, SD","SD"]
["F","CN4606100000000","Hanson County, SD","SD"]
["F","CN4606300000000","Harding County, SD","SD"]
["F","CN4606500000000","Hughes County, SD","SD"]
["F","CN4606700000000","Hutchinson County, SD","SD"]
["F","CN4606900000000","Hyde County, SD","SD"]
["F","CN4607100000000","Jackson County, SD","SD"]
["F","CN4607300000000","Jerauld County, SD","SD"]
["F","CN4607500000000","Jones County, SD","SD"]
["F","CN4607700000000","Kingsbury County, SD","SD"]
["F","CN4607900000000","Lake County, SD","SD"]
["F","CN4608100000000","Lawrence County, SD","SD"]
["F","CN4608300000000","Lincoln County, SD","SD"]
["F","CN4608500000000","Lyman County, SD","SD"]
["F","CN4608700000000","McCook County, SD","SD"]
["F","CN4608900000000","McPherson County, SD","SD"]
["F","CN4609100000000","Marshall County, SD","SD"]
["F","CN4609300000000","Meade County, SD","SD"]
["F","CN4609500000000","Mellette County, SD","SD"]
["F","CN4609700000000","Miner County, SD","SD"]
["F","CN4609900000000","Minnehaha County, SD","SD"]
["F","CN4610100000000","Moody County, SD","SD"]
["F","CN4610200000000","Oglala Lakota County, SD","SD"]
["F","CN4610300000000","Pennington County, SD","SD"]
["F","CN4610500000000","Perkins County, SD","SD"]
["F","CN4610700000000","Potter County, SD","SD"]
["F","CN4610900000000","Roberts County, SD","SD"]
["F","CN4611100000000","Sanborn County, SD","SD"]
["F","CN4611500000000","Spink County, SD","SD"]
["F","CN4611700000000","Stanley County, SD","SD"]
["F","CN4611900000000","Sully County, SD","SD"]
["F","CN4612100000000","Todd County, SD","SD"]
["F","CN4612300000000","Tripp County, SD","SD"]
["F","CN4612500000000","Turner County, SD","SD"]
["F","CN4612700000000","Union County, SD","SD"]
["F","CN4612900000000","Walworth County, SD","SD"]
["F","CN4613500000000","Yankton County, SD","SD"]
["F","CN4613700000000","Ziebach County, SD","SD"]
["F","CN4700100000000","Anderson County, TN","TN"]
["F","CN4700300000000","Bedford County, TN","TN"]
["F","CN4700500000000","Benton County, TN","TN"]
["F","CN4700700000000","Bledsoe County, TN","TN"]
["F","CN4700900000000","Blount County, TN","TN"]
["F","CN4701100000000","Bradley County, TN","TN"]
["F","CN4701300000000","Campbell County, TN","TN"]
["F","CN4701500000000","Cannon County, TN","TN"]
["F","CN4701700000000","Carroll County, TN","TN"]
["F","CN4701900000000","Carter County, TN","TN"]
["F","CN4702100000000","Cheatham County, TN","TN"]
["F","CN4702300000000","Chester County, TN","TN"]
["F","CN4702500000000","Claiborne County, TN","TN"]
["F","CN4702700000000","Clay County, TN","TN"]
["F","CN4702900000000","Cocke County, TN","TN"]
["F","CN4703100000000","Coffee County, TN","TN"]
["F","CN4703300000000","Crockett County, TN","TN"]
["F","CN4703500000000","Cumberland County, TN","TN"]
["F","CN4703700000000","Davidson County, TN","TN"]
["F","CN4703900000000","Decatur County, TN","TN"]
["F","CN4704100000000","DeKalb County, TN","TN"]
["F","CN4704300000000","Dickson County, TN","TN"]
["F","CN4704500000000","Dyer County, TN","TN"]
["F","CN4704700000000","Fayette County, TN","TN"]
["F","CN4704900000000","Fentress County, TN","TN"]
["F","CN4705100000000","Franklin County, TN","TN"]
["F","CN4705300000000","Gibson County, TN","TN"]
["F","CN4705500000000","Giles County, TN","TN"]
["F","CN4705700000000","Grainger County, TN","TN"]
["F","CN4705900000000","Greene County, TN","TN"]
["F","CN4706100000000","Grundy County, TN","TN"]
["F","CN4706300000000","Hamblen County, TN","TN"]
["F","CN4706500000000","Hamilton County, TN","TN"]
["F","CN4706700000000","Hancock County, TN","TN"]
["F","CN4706900000000","Hardeman County, TN","TN"]
["F","CN4707100000000","Hardin County, TN","TN"]
["F","CN4707300000000","Hawkins County, TN","TN"]
["F","CN4707500000000","Haywood County, TN","TN"]
["F","CN4707700000000","Henderson County, TN","TN"]
["F","CN4707900000000","Henry County, TN","TN"]
["F","CN4708100000000","Hickman County, TN","TN"]
["F","CN4708300000000","Houston County, TN","TN"]
["F","CN4708500000000","Humphreys County, TN","TN"]
["F","CN4708700000000","Jackson County, TN","TN"]
["F","CN4708900000000","Jefferson County, TN","TN"]
["F","CN4709100000000","Johnson County, TN","TN"]
["F","CN4709300000000","Knox County, TN","TN"]
["F","CN4709500000000","Lake County, TN","TN"]
["F","CN4709700000000","Lauderdale County, TN","TN"]
["F","CN4709900000000","Lawrence County, TN","TN"]
["F","CN4710100000000","Lewis County, TN","TN"]
["F","CN4710300000000","Lincoln County, TN","TN"]
["F","CN4710500000000","Loudon County, TN","TN"]
["F","CN4710700000000","McMinn County, TN","TN"]
["F","CN4710900000000","McNairy County, TN","TN"]
["F","CN4711100000000","Macon County, TN","TN"]
["F","CN4711300000000","Madison County, TN","TN"]
["F","CN4711500000000","Marion County, TN","TN"]
["F","CN4711700000000","Marshall County, TN","TN"]
["F","CN4711900000000","Maury County, TN","TN"]
["F","CN4712100000000","Meigs County, TN","TN"]
["F","CN4712300000000","Monroe County, TN","TN"]
["F","CN4712500000000","Montgomery County, TN","TN"]
["F","CN4712700000000","Moore County, TN","TN"]
["F","CN4712900000000","Morgan County, TN","TN"]
["F","CN4713100000000","Obion County, TN","TN"]
["F","CN4713300000000","Overton County, TN","TN"]
["F","CN4713500000000","Perry County, TN","TN"]
["F","CN4713700000000","Pickett County, TN","TN"]
["F","CN4713900000000","Polk County, TN","TN"]
["F","CN4714100000000","Putnam County, TN","TN"]
["F","CN4714300000000","Rhea County, TN","TN"]
["F","CN4714500000000","Roane County, TN","TN"]
["F","CN4714700000000","Robertson County, TN","TN"]
["F","CN4714900000000","Rutherford County, TN","TN"]
["F","CN4715100000000","Scott County, TN","TN"]
["F","CN4715300000000","Sequatchie County, TN","TN"]
["F","CN4715500000000","Sevier County, TN","TN"]
["F","CN4715700000000","Shelby County, TN","TN"]
["F","CN4715900000000","Smith County, TN","TN"]
["F","CN4716100000000","Stewart County, TN","TN"]
["F","CN4716300000000","Sullivan County, TN","TN"]
["F","CN4716500000000","Sumner County, TN","TN"]
["F","CN4716700000000","Tipton County, TN","TN"]
["F","CN4716900000000","Trousdale County, TN","TN"]
["F","CN4717100000000","Unicoi County, TN","TN"]
["F","CN4717300000000","Union County, TN","TN"]
["F","CN4717500000000","Van Buren County, TN","TN"]
["F","CN4717700000000","Warren County, TN","TN"]
["F","CN4717900000000","Washington County, TN","TN"]
["F","CN4718100000000","Wayne County, TN","TN"]
["F","CN4718300000000","Weakley County, TN","TN"]
["F","CN4718500000000","White County, TN","TN"]
["F","CN4718700000000","Williamson County, TN","TN"]
["F","CN4718900000000","Wilson County, TN","TN"]
["F","CN4800100000000","Anderson County, TX","TX"]
["F","CN4800300000000","Andrews County, TX","TX"]
["F","CN4800500000000","Angelina County, TX","TX"]
["F","CN4800700000000","Aransas County, TX","TX"]
["F","CN4800900000000","Archer County, TX","TX"]
["F","CN4801100000000","Armstrong County, TX","TX"]
["F","CN4801300000000","Atascosa County, TX","TX"]
["F","CN4801500000000","Austin County, TX","TX"]
["F","CN4801700000000","Bailey County, TX","TX"]
["F","CN4801900000000","Bandera County, TX","TX"]
["F","CN4802100000000","Bastrop County, TX","TX"]
["F","CN4802300000000","Baylor County, TX","TX"]
["F","CN4802500000000","Bee County, TX","TX"]
["F","CN4802700000000","Bell County, TX","TX"]
["F","CN4802900000000","Bexar County, TX","TX"]
["F","CN4803100000000","Blanco County, TX","TX"]
["F","CN4803300000000","Borden County, TX","TX"]
["F","CN4803500000000","Bosque County, TX","TX"]
["F","CN4803700000000","Bowie County, TX","TX"]
["F","CN4803900000000","Brazoria County, TX","TX"]
["F","CN4804100000000","Brazos County, TX","TX"]
["F","CN4804300000000","Brewster County, TX","TX"]
["F","CN4804500000000","Briscoe County, TX","TX"]
["F","CN4804700000000","Brooks County, TX","TX"]
["F","CN4804900000000","Brown County, TX","TX"]
["F","CN4805100000000","Burleson County, TX","TX"]
["F","CN4805300000000","Burnet County, TX","TX"]
["F","CN4805500000000","Caldwell County, TX","TX"]
["F","CN4805700000000","Calhoun County, TX","TX"]
["F","CN4805900000000","Callahan County, TX","TX"]
["F","CN4806100000000","Cameron County, TX","TX"]
["F","CN4806300000000","Camp County, TX","TX"]
["F","CN4806500000000","Carson County, TX","TX"]
["F","CN4806700000000","Cass County, TX","TX"]
["F","CN4806900000000","Castro County, TX","TX"]
["F","CN4807100000000","Chambers County, TX","TX"]
["F","CN4807300000000","Cherokee County, TX","TX"]
["F","CN4807500000000","Childress County, TX","TX"]
["F","CN4807700000000","Clay County, TX","TX"]
["F","CN4807900000000","Cochran County, TX","TX"]
["F","CN4808100000000","Coke County, TX","TX"]
["F","CN4808300000000","Coleman County, TX","TX"]
["F","CN4808500000000","Collin County, TX","TX"]
["F","CN4808700000000","Collingsworth County, TX","TX"]
["F","CN4808900000000","Colorado County, TX","TX"]
["F","CN4809100000000","Comal County, TX","TX"]
["F","CN4809300000000","Comanche County, TX","TX"]
["F","CN4809500000000","Concho County, TX","TX"]
["F","CN4809700000000","Cooke County, TX","TX"]
["F","CN4809900000000","Coryell County, TX","TX"]
["F","CN4810100000000","Cottle County, TX","TX"]
["F","CN4810300000000","Crane County, TX","TX"]
["F","CN4810500000000","Crockett County, TX","TX"]
["F","CN4810700000000","Crosby County, TX","TX"]
["F","CN4810900000000","Culberson County, TX","TX"]
["F","CN4811100000000","Dallam County, TX","TX"]
["F","CN4811300000000","Dallas County, TX","TX"]
["F","CN4811500000000","Dawson County, TX","TX"]
["F","CN4811700000000","Deaf Smith County, TX","TX"]
["F","CN4811900000000","Delta County, TX","TX"]
["F","CN4812100000000","Denton County, TX","TX"]
["F","CN4812300000000","DeWitt County, TX","TX"]
["F","CN4812500000000","Dickens County, TX","TX"]
["F","CN4812700000000","Dimmit County, TX","TX"]
["F","CN4812900000000","Donley County, TX","TX"]
["F","CN4813100000000","Duval County, TX","TX"]
["F","CN4813300000000","Eastland County, TX","TX"]
["F","CN4813500000000","Ector County, TX","TX"]
["F","CN4813700000000","Edwards County, TX","TX"]
["F","CN4813900000000","Ellis County, TX","TX"]
["F","CN4814100000000","El Paso County, TX","TX"]
["F","CN4814300000000","Erath County, TX","TX"]
["F","CN4814500000000","Falls County, TX","TX"]
["F","CN4814700000000","Fannin County, TX","TX"]
["F","CN4814900000000","Fayette County, TX","TX"]
["F","CN4815100000000","Fisher County, TX","TX"]
["F","CN4815300000000","Floyd County, TX","TX"]
["F","CN4815500000000","Foard County, TX","TX"]
["F","CN4815700000000","Fort Bend County, TX","TX"]
["F","CN4815900000000","Franklin County, TX","TX"]
["F","CN4816100000000","Freestone County, TX","TX"]
["F","CN4816300000000","Frio County, TX","TX"]
["F","CN4816500000000","Gaines County, TX","TX"]
["F","CN4816700000000","Galveston County, TX","TX"]
["F","CN4816900000000","Garza County, TX","TX"]
["F","CN4817100000000","Gillespie County, TX","TX"]
["F","CN4817300000000","Glasscock County, TX","TX"]
["F","CN4817500000000","Goliad County, TX","TX"]
["F","CN4817700000000","Gonzales County, TX","TX"]
["F","CN4817900000000","Gray County, TX","TX"]
["F","CN4818100000000","Grayson County, TX","TX"]
["F","CN4818300000000","Gregg County, TX","TX"]
["F","CN4818500000000","Grimes County, TX","TX"]
["F","CN4818700000000","Guadalupe County, TX","TX"]
["F","CN4818900000000","Hale County, TX","TX"]
["F","CN4819100000000","Hall County, TX","TX"]
["F","CN4819300000000","Hamilton County, TX","TX"]
["F","CN4819500000000","Hansford County, TX","TX"]
["F","CN4819700000000","Hardeman County, TX","TX"]
["F","CN4819900000000","Hardin County, TX","TX"]
["F","CN4820100000000","Harris County, TX","TX"]
["F","CN4820300000000","Harrison County, TX","TX"]
["F","CN4820500000000","Hartley County, TX","TX"]
["F","CN4820700000000","Haskell County, TX","TX"]
["F","CN4820900000000","Hays County, TX","TX"]
["F","CN4821100000000","Hemphill County, TX","TX"]
["F","CN4821300000000","Henderson County, TX","TX"]
["F","CN4821500000000","Hidalgo County, TX","TX"]
["F","CN4821700000000","Hill County, TX","TX"]
["F","CN4821900000000","Hockley County, TX","TX"]
["F","CN4822100000000","Hood County, TX","TX"]
["F","CN4822300000000","Hopkins County, TX","TX"]
["F","CN4822500000000","Houston County, TX","TX"]
["F","CN4822700000000","Howard County, TX","TX"]
["F","CN4822900000000","Hudspeth County, TX","TX"]
["F","CN4823100000000","Hunt County, TX","TX"]
["F","CN4823300000000","Hutchinson County, TX","TX"]
["F","CN4823500000000","Irion County, TX","TX"]
["F","CN4823700000000","Jack County, TX","TX"]
["F","CN4823900000000","Jackson County, TX","TX"]
["F","CN4824100000000","Jasper County, TX","TX"]
["F","CN4824300000000","Jeff Davis County, TX","TX"]
["F","CN4824500000000","Jefferson County, TX","TX"]
["F","CN4824700000000","Jim Hogg County, TX","TX"]
["F","CN4824900000000","Jim Wells County, TX","TX"]
["F","CN4825100000000","Johnson County, TX","TX"]
["F","CN4825300000000","Jones County, TX","TX"]
["F","CN4825500000000","Karnes County, TX","TX"]
["F","CN4825700000000","Kaufman County, TX","TX"]
["F","CN4825900000000","Kendall County, TX","TX"]
["F","CN4826100000000","Kenedy County, TX","TX"]
["F","CN4826300000000","Kent County, TX","TX"]
["F","CN4826500000000","Kerr County, TX","TX"]
["F","CN4826700000000","Kimble County, TX","TX"]
["F","CN4826900000000","King County, TX","TX"]
["F","CN4827100000000","Kinney County, TX","TX"]
["F","CN4827300000000","Kleberg County, TX","TX"]
["F","CN4827500000000","Knox County, TX","TX"]
["F","CN4827700000000","Lamar County, TX","TX"]
["F","CN4827900000000","Lamb County, TX","TX"]
["F","CN4828100000000","Lampasas County, TX","TX"]
["F","CN4828300000000","La Salle County, TX","TX"]
["F","CN4828500000000","Lavaca County, TX","TX"]
["F","CN4828700000000","Lee County, TX","TX"]
["F","CN4828900000000","Leon County, TX","TX"]
["F","CN4829100000000","Liberty County, TX","TX"]
["F","CN4829300000000","Limestone County, TX","TX"]
["F","CN4829500000000","Lipscomb County, TX","TX"]
["F","CN4829700000000","Live Oak County, TX","TX"]
["F","CN4829900000000","Llano County, TX","TX"]
["F","CN4830100000000","Loving County, TX","TX"]
["F","CN4830300000000","Lubbock County, TX","TX"]
["F","CN4830500000000","Lynn County, TX","TX"]
["F","CN4830700000000","McCulloch County, TX","TX"]
["F","CN4830900000000","McLennan County, TX","TX"]
["F","CN4831100000000","McMullen County, TX","TX"]
["F","CN4831300000000","Madison County, TX","TX"]
["F","CN4831500000000","Marion County, TX","TX"]
["F","CN4831700000000","Martin County, TX","TX"]
["F","CN4831900000000","Mason County, TX","TX"]
["F","CN4832100000000","Matagorda County, TX","TX"]
["F","CN4832300000000","Maverick County, TX","TX"]
["F","CN4832500000000","Medina County, TX","TX"]
["F","CN4832700000000","Menard County, TX","TX"]
["F","CN4832900000000","Midland County, TX","TX"]
["F","CN4833100000000","Milam County, TX","TX"]
["F","CN4833300000000","Mills County, TX","TX"]
["F","CN4833500000000","Mitchell County, TX","TX"]
["F","CN4833700000000","Montague County, TX","TX"]
["F","CN4833900000000","Montgomery County, TX","TX"]
["F","CN4834100000000","Moore County, TX","TX"]
["F","CN4834300000000","Morris County, TX","TX"]
["F","CN4834500000000","Motley County, TX","TX"]
["F","CN4834700000000","Nacogdoches County, TX","TX"]
["F","CN4834900000000","Navarro County, TX","TX"]
["F","CN4835100000000","Newton County, TX","TX"]
["F","CN4835300000000","Nolan County, TX","TX"]
["F","CN4835500000000","Nueces County, TX","TX"]
["F","CN4835700000000","Ochiltree County, TX","TX"]
["F","CN4835900000000","Oldham County, TX","TX"]
["F","CN4836100000000","Orange County, TX","TX"]
["F","CN4836300000000","Palo Pinto County, TX","TX"]
["F","CN4836500000000","Panola County, TX","TX"]
["F","CN4836700000000","Parker County, TX","TX"]
["F","CN4836900000000","Parmer County, TX","TX"]
["F","CN4837100000000","Pecos County, TX","TX"]
["F","CN4837300000000","Polk County, TX","TX"]
["F","CN4837500000000","Potter County, TX","TX"]
["F","CN4837700000000","Presidio County, TX","TX"]
["F","CN4837900000000","Rains County, TX","TX"]
["F","CN4838100000000","Randall County, TX","TX"]
["F","CN4838300000000","Reagan County, TX","TX"]
["F","CN4838500000000","Real County, TX","TX"]
["F","CN4838700000000","Red River County, TX","TX"]
["F","CN4838900000000","Reeves County, TX","TX"]
["F","CN4839100000000","Refugio County, TX","TX"]
["F","CN4839300000000","Roberts County, TX","TX"]
["F","CN4839500000000","Robertson County, TX","TX"]
["F","CN4839700000000","Rockwall County, TX","TX"]
["F","CN4839900000000","Runnels County, TX","TX"]
["F","CN4840100000000","Rusk County, TX","TX"]
["F","CN4840300000000","Sabine County, TX","TX"]
["F","CN4840500000000","San Augustine County, TX","TX"]
["F","CN4840700000000","San Jacinto County, TX","TX"]
["F","CN4840900000000","San Patricio County, TX","TX"]
["F","CN4841100000000","San Saba County, TX","TX"]
["F","CN4841300000000","Schleicher County, TX","TX"]
["F","CN4841500000000","Scurry County, TX","TX"]
["F","CN4841700000000","Shackelford County, TX","TX"]
["F","CN4841900000000","Shelby County, TX","TX"]
["F","CN4842100000000","Sherman County, TX","TX"]
["F","CN4842300000000","Smith County, TX","TX"]
["F","CN4842500000000","Somervell County, TX","TX"]
["F","CN4842700000000","Starr County, TX","TX"]
["F","CN4842900000000","Stephens County, TX","TX"]
["F","CN4843100000000","Sterling County, TX","TX"]
["F","CN4843300000000","Stonewall County, TX","TX"]
["F","CN4843500000000","Sutton County, TX","TX"]
["F","CN4843700000000","Swisher County, TX","TX"]
["F","CN4843900000000","Tarrant County, TX","TX"]
["F","CN4844100000000","Taylor County, TX","TX"]
["F","CN4844300000000","Terrell County, TX","TX"]
["F","CN4844500000000","Terry County, TX","TX"]
["F","CN4844700000000","Throckmorton County, TX","TX"]
["F","CN4844900000000","Titus County, TX","TX"]
["F","CN4845100000000","Tom Green County, TX","TX"]
["F","CN4845300000000","Travis County, TX","TX"]
["F","CN4845500000000","Trinity County, TX","TX"]
["F","CN4845700000000","Tyler County, TX","TX"]
["F","CN4845900000000","Upshur County, TX","TX"]
["F","CN4846100000000","Upton County, TX","TX"]
["F","CN4846300000000","Uvalde County, TX","TX"]
["F","CN4846500000000","Val Verde County, TX","TX"]
["F","CN4846700000000","Van Zandt County, TX","TX"]
["F","CN4846900000000","Victoria County, TX","TX"]
["F","CN4847100000000","Walker County, TX","TX"]
["F","CN4847300000000","Waller County, TX","TX"]
["F","CN4847500000000","Ward County, TX","TX"]
["F","CN4847700000000","Washington County, TX","TX"]
["F","CN4847900000000","Webb County, TX","TX"]
["F","CN4848100000000","Wharton County, TX","TX"]
["F","CN4848300000000","Wheeler County, TX","TX"]
["F","CN4848500000000","Wichita County, TX","TX"]
["F","CN4848700000000","Wilbarger County, TX","TX"]
["F","CN4848900000000","Willacy County, TX","TX"]
["F","CN4849100000000","Williamson County, TX","TX"]
["F","CN4849300000000","Wilson County, TX","TX"]
["F","CN4849500000000","Winkler County, TX","TX"]
["F","CN4849700000000","Wise County, TX","TX"]
["F","CN4849900000000","Wood County, TX","TX"]
["F","CN4850100000000","Yoakum County, TX","TX"]
["F","CN4850300000000","Young County, TX","TX"]
["F","CN4850500000000","Zapata County, TX","TX"]
["F","CN4850700000000","Zavala County, TX","TX"]
["F","CN4900100000000","Beaver County, UT","UT"]
["F","CN4900300000000","Box Elder County, UT","UT"]
["F","CN4900500000000","Cache County, UT","UT"]
["F","CN4900700000000","Carbon County, UT","UT"]
["F","CN4900900000000","Daggett County, UT","UT"]
["F","CN4901100000000","Davis County, UT","UT"]
["F","CN4901300000000","Duchesne County, UT","UT"]
["F","CN4901500000000","Emery County, UT","UT"]
["F","CN4901700000000","Garfield County, UT","UT"]
["F","CN4901900000000","Grand County, UT","UT"]
["F","CN4902100000000","Iron County, UT","UT"]
["F","CN4902300000000","Juab County, UT","UT"]
["F","CN4902500000000","Kane County, UT","UT"]
["F","CN4902700000000","Millard County, UT","UT"]
["F","CN4902900000000","Morgan County, UT","UT"]
["F","CN4903100000000","Piute County, UT","UT"]
["F","CN4903300000000","Rich County, UT","UT"]
["F","CN4903500000000","Salt Lake County, UT","UT"]
["F","CN4903700000000","San Juan County, UT","UT"]
["F","CN4903900000000","Sanpete County, UT","UT"]
["F","CN4904100000000","Sevier County, UT","UT"]
["F","CN4904300000000","Summit County, UT","UT"]
["F","CN4904500000000","Tooele County, UT","UT"]
["F","CN4904700000000","Uintah County, UT","UT"]
["F","CN4904900000000","Utah County, UT","UT"]
["F","CN4905100000000","Wasatch County, UT","UT"]
["F","CN4905300000000","Washington County, UT","UT"]
["F","CN4905500000000","Wayne County, UT","UT"]
["F","CN4905700000000","Weber County, UT","UT"]
["F","CN5000100000000","Addison County, VT","VT"]
["F","CN5000300000000","Bennington County, VT","VT"]
["F","CN5000500000000","Caledonia County, VT","VT"]
["F","CN5000700000000","Chittenden County, VT","VT"]
["F","CN5000900000000","Essex County, VT","VT"]
["F","CN5001100000000","Franklin County, VT","VT"]
["F","CN5001300000000","Grand Isle County, VT","VT"]
["F","CN5001500000000","Lamoille County, VT","VT"]
["F","CN5001700000000","Orange County, VT","VT"]
["F","CN5001900000000","Orleans County, VT","VT"]
["F","CN5002100000000","Rutland County, VT","VT"]
["F","CN5002300000000","Washington County, VT","VT"]
["F","CN5002500000000","Windham County, VT","VT"]
["F","CN5002700000000","Windsor County, VT","VT"]
["F","CN5100100000000","Accomack County, VA","VA"]
["F","CN5100300000000","Albemarle County, VA","VA"]
["F","CN5100500000000","Alleghany County, VA","VA"]
["F","CN5100700000000","Amelia County, VA","VA"]
["F","CN5100900000000","Amherst County, VA","VA"]
["F","CN5101100000000","Appomattox County, VA","VA"]
["F","CN5101300000000","Arlington County, VA","VA"]
["F","CN5101500000000","Augusta County, VA","VA"]
["F","CN5101700000000","Bath County, VA","VA"]
["F","CN5101900000000","Bedford County, VA","VA"]
["F","CN5102100000000","Bland County, VA","VA"]
["F","CN5102300000000","Botetourt County, VA","VA"]
["F","CN5102500000000","Brunswick County, VA","VA"]
["F","CN5102700000000","Buchanan County, VA","VA"]
["F","CN5102900000000","Buckingham County, VA","VA"]
["F","CN5103100000000","Campbell County, VA","VA"]
["F","CN5103300000000","Caroline County, VA","VA"]
["F","CN5103500000000","Carroll County, VA","VA"]
["F","CN5103600000000","Charles City County, VA","VA"]
["F","CN5103700000000","Charlotte County, VA","VA"]
["F","CN5104100000000","Chesterfield County, VA","VA"]
["F","CN5104300000000","Clarke County, VA","VA"]
["F","CN5104500000000","Craig County, VA","VA"]
["F","CN5104700000000","Culpeper County, VA","VA"]
["F","CN5104900000000","Cumberland County, VA","VA"]
["F","CN5105100000000","Dickenson County, VA","VA"]
["F","CN5105300000000","Dinwiddie County, VA","VA"]
["F","CN5105700000000","Essex County, VA","VA"]
["F","CN5105900000000","Fairfax County, VA","VA"]
["F","CN5106100000000","Fauquier County, VA","VA"]
["F","CN5106300000000","Floyd County, VA","VA"]
["F","CN5106500000000","Fluvanna County, VA","VA"]
["F","CN5106700000000","Franklin County, VA","VA"]
["F","CN5106900000000","Frederick County, VA","VA"]
["F","CN5107100000000","Giles County, VA","VA"]
["F","CN5107300000000","Gloucester County, VA","VA"]
["F","CN5107500000000","Goochland County, VA","VA"]
["F","CN5107700000000","Grayson County, VA","VA"]
["F","CN5107900000000","Greene County, VA","VA"]
["F","CN5108100000000","Greensville County, VA","VA"]
["F","CN5108300000000","Halifax County, VA","VA"]
["F","CN5108500000000","Hanover County, VA","VA"]
["F","CN5108700000000","Henrico County, VA","VA"]
["F","CN5108900000000","Henry County, VA","VA"]
["F","CN5109100000000","Highland County, VA","VA"]
["F","CN5109300000000","Isle of Wight County, VA","VA"]
["F","CN5109500000000","James City County, VA","VA"]
["F","CN5109700000000","King and Queen County, VA","VA"]
["F","CN5109900000000","King George County, VA","VA"]
["F","CN5110100000000","King William County, VA","VA"]
["F","CN5110300000000","Lancaster County, VA","VA"]
["F","CN5110500000000","Lee County, VA","VA"]
["F","CN5110700000000","Loudoun County, VA","VA"]
["F","CN5110900000000","Louisa County, VA","VA"]
["F","CN5111100000000","Lunenburg County, VA","VA"]
["F","CN5111300000000","Madison County, VA","VA"]
["F","CN5111500000000","Mathews County, VA","VA"]
["F","CN5111700000000","Mecklenburg County, VA","VA"]
["F","CN5111900000000","Middlesex County, VA","VA"]
["F","CN5112100000000","Montgomery County, VA","VA"]
["F","CN5112500000000","Nelson County, VA","VA"]
["F","CN5112700000000","New Kent County, VA","VA"]
["F","CN5113100000000","Northampton County, VA","VA"]
["F","CN5113300000000","Northumberland County, VA","VA"]
["F","CN5113500000000","Nottoway County, VA","VA"]
["F","CN5113700000000","Orange County, VA","VA"]
["F","CN5113900000000","Page County, VA","VA"]
["F","CN5114100000000","Patrick County, VA","VA"]
["F","CN5114300000000","Pittsylvania County, VA","VA"]
["F","CN5114500000000","Powhatan County, VA","VA"]
["F","CN5114700000000","Prince Edward County, VA","VA"]
["F","CN5114900000000","Prince George County, VA","VA"]
["F","CN5115300000000","Prince William County, VA","VA"]
["F","CN5115500000000","Pulaski County, VA","VA"]
["F","CN5115700000000","Rappahannock County, VA","VA"]
["F","CN5115900000000","Richmond County, VA","VA"]
["F","CN5116100000000","Roanoke County, VA","VA"]
["F","CN5116300000000","Rockbridge County, VA","VA"]
["F","CN5116500000000","Rockingham County, VA","VA"]
["F","CN5116700000000","Russell County, VA","VA"]
["F","CN5116900000000","Scott County, VA","VA"]
["F","CN5117100000000","Shenandoah County, VA","VA"]
["F","CN5117300000000","Smyth County, VA","VA"]
["F","CN5117500000000","Southampton County, VA","VA"]
["F","CN5117700000000","Spotsylvania County, VA","VA"]
["F","CN5117900000000","Stafford County, VA","VA"]
["F","CN5118100000000","Surry County, VA","VA"]
["F","CN5118300000000","Sussex County, VA","VA"]
["F","CN5118500000000","Tazewell County, VA","VA"]
["F","CN5118700000000","Warren County, VA","VA"]
["F","CN5119100000000","Washington County, VA","VA"]
["F","CN5119300000000","Westmoreland County, VA","VA"]
["F","CN5119500000000","Wise County, VA","VA"]
["F","CN5119700000000","Wythe County, VA","VA"]
["F","CN5119900000000","York County, VA","VA"]
["F","CN5151000000000","Alexandria city, VA","VA"]
["F","CN5152000000000","Bristol city, VA","VA"]
["F","CN5153000000000","Buena Vista city, VA","VA"]
["F","CN5154000000000","Charlottesville city, VA","VA"]
["F","CN5155000000000","Chesapeake city, VA","VA"]
["F","CN5157000000000","Colonial Heights city, VA","VA"]
["F","CN5158000000000","Covington city, VA","VA"]
["F","CN5159000000000","Danville city, VA","VA"]
["F","CN5159500000000","Emporia city, VA","VA"]
["F","CN5160000000000","Fairfax city, VA","VA"]
["F","CN5161000000000","Falls Church city, VA","VA"]
["F","CN5162000000000","Franklin city, VA","VA"]
["F","CN5163000000000","Fredericksburg city, VA","VA"]
["F","CN5164000000000","Galax city, VA","VA"]
["F","CN5165000000000","Hampton city, VA","VA"]
["F","CN5166000000000","Harrisonburg city, VA","VA"]
["F","CN5167000000000","Hopewell city, VA","VA"]
["F","CN5167800000000","Lexington city, VA","VA"]
["F","CN5168000000000","Lynchburg city, VA","VA"]
["F","CN5168300000000","Manassas city, VA","VA"]
["F","CN5168500000000","Manassas Park city, VA","VA"]
["F","CN5169000000000","Martinsville city, VA","VA"]
["F","CN5170000000000","Newport News city, VA","VA"]
["F","CN5171000000000","Norfolk city, VA","VA"]
["F","CN5172000000000","Norton city, VA","VA"]
["F","CN5173000000000","Petersburg city, VA","VA"]
["F","CN5173500000000","Poquoson city, VA","VA"]
["F","CN5174000000000","Portsmouth city, VA","VA"]
["F","CN5175000000000","Radford city, VA","VA"]
["F","CN5176000000000","Richmond city, VA","VA"]
["F","CN5177000000000","Roanoke city, VA","VA"]
["F","CN5177500000000","Salem city, VA","VA"]
["F","CN5179000000000","Staunton city, VA","VA"]
["F","CN5180000000000","Suffolk city, VA","VA"]
["F","CN5181000000000","Virginia Beach city, VA","VA"]
["F","CN5182000000000","Waynesboro city, VA","VA"]
["F","CN5183000000000","Williamsburg city, VA","VA"]
["F","CN5184000000000","Winchester city, VA","VA"]
["F","CN5300100000000","Adams County, WA","WA"]
["F","CN5300300000000","Asotin County, WA","WA"]
["F","CN5300500000000","Benton County, WA","WA"]
["F","CN5300700000000","Chelan County, WA","WA"]
["F","CN5300900000000","Clallam County, WA","WA"]
["F","CN5301100000000","Clark County, WA","WA"]
["F","CN5301300000000","Columbia County, WA","WA"]
["F","CN5301500000000","Cowlitz County, WA","WA"]
["F","CN5301700000000","Douglas County, WA","WA"]
["F","CN5301900000000","Ferry County, WA","WA"]
["F","CN5302100000000","Franklin County, WA","WA"]
["F","CN5302300000000","Garfield County, WA","WA"]
["F","CN5302500000000","Grant County, WA","WA"]
["F","CN5302700000000","Grays Harbor County, WA","WA"]
["F","CN5302900000000","Island County, WA","WA"]
["F","CN5303100000000","Jefferson County, WA","WA"]
["F","CN5303300000000","King County, WA","WA"]
["F","CN5303500000000","Kitsap County, WA","WA"]
["F","CN5303700000000","Kittitas County, WA","WA"]
["F","CN5303900000000","Klickitat County, WA","WA"]
["F","CN5304100000000","Lewis County, WA","WA"]
["F","CN5304300000000","Lincoln County, WA","WA"]
["F","CN5304500000000","Mason County, WA","WA"]
["F","CN5304700000000","Okanogan County, WA","WA"]
["F","CN5304900000000","Pacific County, WA","WA"]
["F","CN5305100000000","Pend Oreille County, WA","WA"]
["F","CN5305300000000","Pierce County, WA","WA"]
["F","CN5305500000000","San Juan County, WA","WA"]
["F","CN5305700000000","Skagit County, WA","WA"]
["F","CN5305900000000","Skamania County, WA","WA"]
["F","CN5306100000000","Snohomish County, WA","WA"]
["F","CN5306300000000","Spokane County, WA","WA"]
["F","CN5306500000000","Stevens County, WA","WA"]
["F","CN5306700000000","Thurston County, WA","WA"]
["F","CN5306900000000","Wahkiakum County, WA","WA"]
["F","CN5307100000000","Walla Walla County, WA","WA"]
["F","CN5307300000000","Whatcom County, WA","WA"]
["F","CN5307500000000","Whitman County, WA","WA"]
["F","CN5307700000000","Yakima County, WA","WA"]
["F","CN5400100000000","Barbour County, WV","WV"]
["F","CN5400300000000","Berkeley County, WV","WV"]
["F","CN5400500000000","Boone County, WV","WV"]
["F","CN5400700000000","Braxton County, WV","WV"]
["F","CN5400900000000","Brooke County, WV","WV"]
["F","CN5401100000000","Cabell County, WV","WV"]
["F","CN5401300000000","Calhoun County, WV","WV"]
["F","CN5401500000000","Clay County, WV","WV"]
["F","CN5401700000000","Doddridge County, WV","WV"]
["F","CN5401900000000","Fayette County, WV","WV"]
["F","CN5402100000000","Gilmer County, WV","WV"]
["F","CN5402300000000","Grant County, WV","WV"]
["F","CN5402500000000","Greenbrier County, WV","WV"]
["F","CN5402700000000","Hampshire County, WV","WV"]
["F","CN5402900000000","Hancock County, WV","WV"]
["F","CN5403100000000","Hardy County, WV","WV"]
["F","CN5403300000000","Harrison County, WV","WV"]
["F","CN5403500000000","Jackson County, WV","WV"]
["F","CN5403700000000","Jefferson County, WV","WV"]
["F","CN5403900000000","Kanawha County, WV","WV"]
["F","CN5404100000000","Lewis County, WV","WV"]
["F","CN5404300000000","Lincoln County, WV","WV"]
["F","CN5404500000000","Logan County, WV","WV"]
["F","CN5404700000000","McDowell County, WV","WV"]
["F","CN5404900000000","Marion County, WV","WV"]
["F","CN5405100000000","Marshall County, WV","WV"]
["F","CN5405300000000","Mason County, WV","WV"]
["F","CN5405500000000","Mercer County, WV","WV"]
["F","CN5405700000000","Mineral County, WV","WV"]
["F","CN5405900000000","Mingo County, WV","WV"]
["F","CN5406100000000","Monongalia County, WV","WV"]
["F","CN5406300000000","Monroe County, WV","WV"]
["F","CN5406500000000","Morgan County, WV","WV"]
["F","CN5406700000000","Nicholas County, WV","WV"]
["F","CN5406900000000","Ohio County, WV","WV"]
["F","CN5407100000000","Pendleton County, WV","WV"]
["F","CN5407300000000","Pleasants County, WV","WV"]
["F","CN5407500000000","Pocahontas County, WV","WV"]
["F","CN5407700000000","Preston County, WV","WV"]
["F","CN5407900000000","Putnam County, WV","WV"]
["F","CN5408100000000","Raleigh County, WV","WV"]
["F","CN5408300000000","Randolph County, WV","WV"]
["F","CN5408500000000","Ritchie County, WV","WV"]
["F","CN5408700000000","Roane County, WV","WV"]
["F","CN5408900000000","Summers County, WV","WV"]
["F","CN5409100000000","Taylor County, WV","WV"]
["F","CN5409300000000","Tucker County, WV","WV"]
["F","CN5409500000000","Tyler County, WV","WV"]
["F","CN5409700000000","Upshur County, WV","WV"]
["F","CN5409900000000","Wayne County, WV","WV"]
["F","CN5410100000000","Webster County, WV","WV"]
["F","CN5410300000000","Wetzel County, WV","WV"]
["F","CN5410500000000","Wirt County, WV","WV"]
["F","CN5410700000000","Wood County, WV","WV"]
["F","CN5410900000000","Wyoming County, WV","WV"]
["F","CN5500100000000","Adams County, WI","WI"]
["F","CN5500300000000","Ashland County, WI","WI"]
["F","CN5500500000000","Barron County, WI","WI"]
["F","CN5500700000000","Bayfield County, WI","WI"]
["F","CN5500900000000","Brown County, WI","WI"]
["F","CN5501100000000","Buffalo County, WI","WI"]
["F","CN5501300000000","Burnett County, WI","WI"]
["F","CN5501500000000","Calumet County, WI","WI"]
["F","CN5501700000000","Chippewa County, WI","WI"]
["F","CN5501900000000","Clark County, WI","WI"]
["F","CN5502100000000","Columbia County, WI","WI"]
["F","CN5502300000000","Crawford County, WI","WI"]
["F","CN5502500000000","Dane County, WI","WI"]
["F","CN5502700000000","Dodge County, WI","WI"]
["F","CN5502900000000","Door County, WI","WI"]
["F","CN5503100000000","Douglas County, WI","WI"]
["F","CN5503300000000","Dunn County, WI","WI"]
["F","CN5503500000000","Eau Claire County, WI","WI"]
["F","CN5503700000000","Florence County, WI","WI"]
["F","CN5503900000000","Fond du Lac County, WI","WI"]
["F","CN5504100000000","Forest County, WI","WI"]
["F","CN5504300000000","Grant County, WI","WI"]
["F","CN5504500000000","Green County, WI","WI"]
["F","CN5504700000000","Green Lake County, WI","WI"]
["F","CN5504900000000","Iowa County, WI","WI"]
["F","CN5505100000000","Iron County, WI","WI"]
["F","CN5505300000000","Jackson County, WI","WI"]
["F","CN5505500000000","Jefferson County, WI","WI"]
["F","CN5505700000000","Juneau County, WI","WI"]
["F","CN5505900000000","Kenosha County, WI","WI"]
["F","CN5506100000000","Kewaunee County, WI","WI"]
["F","CN5506300000000","La Crosse County, WI","WI"]
["F","CN5506500000000","Lafayette County, WI","WI"]
["F","CN5506700000000","Langlade County, WI","WI"]
["F","CN5506900000000","Lincoln County, WI","WI"]
["F","CN5507100000000","Manitowoc County, WI","WI"]
["F","CN5507300000000","Marathon County, WI","WI"]
["F","CN5507500000000","Marinette County, WI","WI"]
["F","CN5507700000000","Marquette County, WI","WI"]
["F","CN5507800000000","Menominee County, WI","WI"]
["F","CN5507900000000","Milwaukee County, WI","WI"]
["F","CN5508100000000","Monroe County, WI","WI"]
["F","CN5508300000000","Oconto County, WI","WI"]
["F","CN5508500000000","Oneida County, WI","WI"]
["F","CN5508700000000","Outagamie County, WI","WI"]
["F","CN5508900000000","Ozaukee County, WI","WI"]
["F","CN5509100000000","Pepin County, WI","WI"]
["F","CN5509300000000","Pierce County, WI","WI"]
["F","CN5509500000000","Polk County, WI","WI"]
["F","CN5509700000000","Portage County, WI","WI"]
["F","CN5509900000000","Price County, WI","WI"]
["F","CN5510100000000","Racine County, WI","WI"]
["F","CN5510300000000","Richland County, WI","WI"]
["F","CN5510500000000","Rock County, WI","WI"]
["F","CN5510700000000","Rusk County, WI","WI"]
["F","CN5510900000000","St. Croix County, WI","WI"]
["F","CN5511100000000","Sauk County, WI","WI"]
["F","CN5511300000000","Sawyer County, WI","WI"]
["F","CN5511500000000","Shawano County, WI","WI"]
["F","CN5511700000000","Sheboygan County, WI","WI"]
["F","CN5511900000000","Taylor County, WI","WI"]
["F","CN5512100000000","Trempealeau County, WI","WI"]
["F","CN5512300000000","Vernon County, WI","WI"]
["F","CN5512500000000","Vilas County, WI","WI"]
["F","CN5512700000000","Walworth County, WI","WI"]
["F","CN5512900000000","Washburn County, WI","WI"]
["F","CN5513100000000","Washington County, WI","WI"]
["F","CN5513300000000","Waukesha County, WI","WI"]
["F","CN5513500000000","Waupaca County, WI","WI"]
["F","CN5513700000000","Waushara County, WI","WI"]
["F","CN5513900000000","Winnebago County, WI","WI"]
["F","CN5514100000000","Wood County, WI","WI"]
["F","CN5600100000000","Albany County, WY","WY"]
["F","CN5600300000000","Big Horn County, WY","WY"]
["F","CN5600500000000","Campbell County, WY","WY"]
["F","CN5600700000000","Carbon County, WY","WY"]
["F","CN5600900000000","Converse County, WY","WY"]
["F","CN5601100000000","Crook County, WY","WY"]
["F","CN5601300000000","Fremont County, WY","WY"]
["F","CN5601500000000","Goshen County, WY","WY"]
["F","CN5601700000000","Hot Springs County, WY","WY"]
["F","CN5601900000000","Johnson County, WY","WY"]
["F","CN5602100000000","Laramie County, WY","WY"]
["F","CN5602300000000","Lincoln County, WY","WY"]
["F","CN5602500000000","Natrona County, WY","WY"]
["F","CN5602700000000","Niobrara County, WY","WY"]
["F","CN5602900000000","Park County, WY","WY"]
["F","CN5603100000000","Platte County, WY","WY"]
["F","CN5603300000000","Sheridan County, WY","WY"]
["F","CN5603500000000","Sublette County, WY","WY"]
["F","CN5603700000000","Sweetwater County, WY","WY"]
["F","CN5603900000000","Teton County, WY","WY"]
["F","CN5604100000000","Uinta County, WY","WY"]
["F","CN5604300000000","Washakie County, WY","WY"]
["F","CN5604500000000","Weston County, WY","WY"]
["F","CN7200100000000","Adjuntas Municipio, PR","PR"]
["F","CN7200300000000","Aguada Municipio, PR","PR"]
["F","CN7200500000000","Aguadilla Municipio, PR","PR"]
["F","CN7200700000000","Aguas Buenas Municipio, PR","PR"]
["F","CN7200900000000","Aibonito Municipio, PR","PR"]
["F","CN7201100000000","Anasco Municipio, PR","PR"]
["F","CN7201300000000","Arecibo Municipio, PR","PR"]
["F","CN7201500000000","Arroyo Municipio, PR","PR"]
["F","CN7201700000000","Barceloneta Municipio, PR","PR"]
["F","CN7201900000000","Barranquitas Municipio, PR","PR"]
["F","CN7202100000000","Bayamon Municipio, PR","PR"]
["F","CN7202300000000","Cabo Rojo Municipio, PR","PR"]
["F","CN7202500000000","Caguas Municipio, PR","PR"]
["F","CN7202700000000","Camuy Municipio, PR","PR"]
["F","CN7202900000000","Canovanas Municipio, PR","PR"]
["F","CN7203100000000","Carolina Municipio, PR","PR"]
["F","CN7203300000000","Catano Municipio, PR","PR"]
["F","CN7203500000000","Cayey Municipio, PR","PR"]
["F","CN7203700000000","Ceiba Municipio, PR","PR"]
["F","CN7203900000000","Ciales Municipio, PR","PR"]
["F","CN7204100000000","Cidra Municipio, PR","PR"]
["F","CN7204300000000","Coamo Municipio, PR","PR"]
["F","CN7204500000000","Comerio Municipio, PR","PR"]
["F","CN7204700000000","Corozal Municipio, PR","PR"]
["F","CN7204900000000","Culebra Municipio, PR","PR"]
["F","CN7205100000000","Dorado Municipio, PR","PR"]
["F","CN7205300000000","Fajardo Municipio, PR","PR"]
["F","CN7205400000000","Florida Municipio, PR","PR"]
["F","CN7205500000000","Guanica Municipio, PR","PR"]
["F","CN7205700000000","Guayama Municipio, PR","PR"]
["F","CN7205900000000","Guayanilla Municipio, PR","PR"]
["F","CN7206100000000","Guaynabo Municipio, PR","PR"]
["F","CN7206300000000","Gurabo Municipio, PR","PR"]
["F","CN7206500000000","Hatillo Municipio, PR","PR"]
["F","CN7206700000000","Hormigueros Municipio, PR","PR"]
["F","CN7206900000000","Humacao Municipio, PR","PR"]
["F","CN7207100000000","Isabela Municipio, PR","PR"]
["F","CN7207300000000","Jayuya Municipio, PR","PR"]
["F","CN7207500000000","Juana Diaz Municipio, PR","PR"]
["F","CN7207700000000","Juncos Municipio, PR","PR"]
["F","CN7207900000000","Lajas Municipio, PR","PR"]
["F","CN7208100000000","Lares Municipio, PR","PR"]
["F","CN7208300000000","Las Marias Municipio, PR","PR"]
["F","CN7208500000000","Las Piedras Municipio, PR","PR"]
["F","CN7208700000000","Loiza Municipio, PR","PR"]
["F","CN7208900000000","Luquillo Municipio, PR","PR"]
["F","CN7209100000000","Manati Municipio, PR","PR"]
["F","CN7209300000000","Maricao Municipio, PR","PR"]
["F","CN7209500000000","Maunabo Municipio, PR","PR"]
["F","CN7209700000000","Mayaguez Municipio, PR","PR"]
["F","CN7209900000000","Moca Municipio, PR","PR"]
["F","CN7210100000000","Morovis Municipio, PR","PR"]
["F","CN7210300000000","Naguabo Municipio, PR","PR"]
["F","CN7210500000000","Naranjito Municipio, PR","PR"]
["F","CN7210700000000","Orocovis Municipio, PR","PR"]
["F","CN7210900000000","Patillas Municipio, PR","PR"]
["F","CN7211100000000","Penuelas Municipio, PR","PR"]
["F","CN7211300000000","Ponce Municipio, PR","PR"]
["F","CN7211500000000","Quebradillas Municipio, PR","PR"]
["F","CN7211700000000","Rincon Municipio, PR","PR"]
["F","CN7211900000000","Rio Grande Municipio, PR","PR"]
["F","CN7212100000000","Sabana Grande Municipio, PR","PR"]
["F","CN7212300000000","Salinas Municipio, PR","PR"]
["F","CN7212500000000","San German Municipio, PR","PR"]
["F","CN7212700000000","San Juan Municipio, PR","PR"]
["F","CN7212900000000","San Lorenzo Municipio, PR","PR"]
["F","CN7213100000000","San Sebastian Municipio, PR","PR"]
["F","CN7213300000000","Santa Isabel Municipio, PR","PR"]
["F","CN7213500000000","Toa Alta Municipio, PR","PR"]
["F","CN7213700000000","Toa Baja Municipio, PR","PR"]
["F","CN7213900000000","Trujillo Alto Municipio, PR","PR"]
["F","CN7214100000000","Utuado Municipio, PR","PR"]
["F","CN7214300000000","Vega Alta Municipio, PR","PR"]
["F","CN7214500000000","Vega Baja Municipio, PR","PR"]
["F","CN7214700000000","Vieques Municipio, PR","PR"]
["F","CN7214900000000","Villalba Municipio, PR","PR"]
["F","CN7215100000000","Yabucoa Municipio, PR","PR"]
["F","CN7215300000000","Yauco Municipio, PR","PR"]
["G","CS0907310000000","Branford town, CT","CT"]
["G","CS0914160000000","Cheshire town, CT","CT"]
["G","CS0922630000000","East Hartford town, CT","CT"]
["G","CS0922910000000","East Haven town, CT","CT"]
["G","CS0925990000000","Enfield town, CT","CT"]
["G","CS0926620000000","Fairfield town, CT","CT"]
["G","CS0927600000000","Farmington town, CT","CT"]
["G","CS0931240000000","Glastonbury town, CT","CT"]
["G","CS0933620000000","Greenwich town, CT","CT"]
["G","CS0934250000000","Groton town, CT","CT"]
["G","CS0935650000000","Hamden town, CT","CT"]
["G","CS0944700000000","Manchester town, CT","CT"]
["G","CS0944910000000","Mansfield town, CT","CT"]
["G","CS0952140000000","Newington town, CT","CT"]
["G","CS0952630000000","New Milford town, CT","CT"]
["G","CS0952980000000","Newtown town, CT","CT"]
["G","CS0963970000000","Ridgefield town, CT","CT"]
["G","CS0970550000000","Southington town, CT","CT"]
["G","CS0971390000000","South Windsor town, CT","CT"]
["G","CS0974190000000","Stratford town, CT","CT"]
["G","CS0977200000000","Trumbull town, CT","CT"]
["G","CS0978250000000","Vernon town, CT","CT"]
["G","CS0978740000000","Wallingford town, CT","CT"]
["G","CS0982590000000","West Hartford town, CT","CT"]
["G","CS0983500000000","Westport town, CT","CT"]
["G","CS0984900000000","Wethersfield town, CT","CT"]
["G","CS0987000000000","Windsor town, CT","CT"]
["G","CS2501465000000","Andover town, MA","MA"]
["G","CS2501605000000","Arlington town, MA","MA"]
["G","CS2505070000000","Belmont town, MA","MA"]
["G","CS2505805000000","Billerica town, MA","MA"]
["G","CS2509175000000","Brookline town, MA","MA"]
["G","CS2509840000000","Burlington town, MA","MA"]
["G","CS2513135000000","Chelmsford town, MA","MA"]
["G","CS2516250000000","Danvers town, MA","MA"]
["G","CS2516425000000","Dartmouth town, MA","MA"]
["G","CS2516495000000","Dedham town, MA","MA"]
["G","CS2517475000000","Dracut town, MA","MA"]
["G","CS2520100000000","Easton town, MA","MA"]
["G","CS2523105000000","Falmouth town, MA","MA"]
["G","CS2535215000000","Lexington town, MA","MA"]
["G","CS2538855000000","Marshfield town, MA","MA"]
["G","CS2541165000000","Milford town, MA","MA"]
["G","CS2541690000000","Milton town, MA","MA"]
["G","CS2543895000000","Natick town, MA","MA"]
["G","CS2544105000000","Needham town, MA","MA"]
["G","CS2546365000000","North Andover town, MA","MA"]
["G","CS2550250000000","Norwood town, MA","MA"]
["G","CS2554310000000","Plymouth town, MA","MA"]
["G","CS2556130000000","Reading town, MA","MA"]
["G","CS2560015000000","Saugus town, MA","MA"]
["G","CS2561800000000","Shrewsbury town, MA","MA"]
["G","CS2567945000000","Stoughton town, MA","MA"]
["G","CS2569415000000","Tewksbury town, MA","MA"]
["G","CS2572215000000","Wakefield town, MA","MA"]
["G","CS2572495000000","Walpole town, MA","MA"]
["G","CS2574175000000","Wellesley town, MA","MA"]
["G","CS2582525000000","Yarmouth town, MA","MA"]
["G","CS2601360000000","Allendale charter township, MI","MI"]
["G","CS2606740000000","Bedford township (Monroe County), MI","MI"]
["G","CS2608760000000","Blackman charter township, MI","MI"]
["G","CS2609110000000","Bloomfield charter township (Oakland County), MI","MI"]
["G","CS2611220000000","Brownstown charter township, MI","MI"]
["G","CS2612240000000","Byron township, MI","MI"]
["G","CS2613120000000","Canton charter township, MI","MI"]
["G","CS2615340000000","Chesterfield township, MI","MI"]
["G","CS2616520000000","Clinton charter township (Macomb County), MI","MI"]
["G","CS2617640000000","Commerce charter township, MI","MI"]
["G","CS2621420000000","Delhi charter township, MI","MI"]
["G","CS2621520000000","Delta charter township, MI","MI"]
["G","CS2629020000000","Flint charter township, MI","MI"]
["G","CS2631240000000","Gaines charter township, MI","MI"]
["G","CS2631880000000","Georgetown charter township, MI","MI"]
["G","CS2633300000000","Grand Blanc charter township, MI","MI"]
["G","CS2636820000000","Harrison charter township, MI","MI"]
["G","CS2638660000000","Holland charter township (Ottawa County), MI","MI"]
["G","CS2640400000000","Independence charter township, MI","MI"]
["G","CS2650480000000","Macomb township, MI","MI"]
["G","CS2653140000000","Meridian charter township, MI","MI"]
["G","CS2655980000000","Mount Morris township, MI","MI"]
["G","CS2659000000000","Northville township, MI","MI"]
["G","CS2661100000000","Orion charter township, MI","MI"]
["G","CS2664560000000","Pittsfield charter township, MI","MI"]
["G","CS2664660000000","Plainfield charter township (Kent County), MI","MI"]
["G","CS2665080000000","Plymouth charter township, MI","MI"]
["G","CS2667625000000","Redford charter township, MI","MI"]
["G","CS2670540000000","Saginaw charter township, MI","MI"]
["G","CS2672820000000","Shelby charter township (Macomb County), MI","MI"]
["G","CS2681660000000","Van Buren charter township, MI","MI"]
["G","CS2684120000000","Washington charter township (Macomb County), MI","MI"]
["G","CS2684240000000","Waterford charter township, MI","MI"]
["G","CS2685480000000","West Bloomfield charter township, MI","MI"]
["G","CS2686860000000","White Lake charter township, MI","MI"]
["G","CS2689160000000","Ypsilanti charter township, MI","MI"]
["G","CS3317940000000","Derry town, NH","NH"]
["G","CS3337940000000","Hudson town, NH","NH"]
["G","CS3343220000000","Londonderry town, NH","NH"]
["G","CS3347540000000","Merrimack town, NH","NH"]
["G","CS3366660000000","Salem town, NH","NH"]
["G","CS3404695000000","Belleville township, NJ","NJ"]
["G","CS3405305000000","Berkeley township, NJ","NJ"]
["G","CS3405560000000","Bernards township, NJ","NJ"]
["G","CS3406260000000","Bloomfield township, NJ","NJ"]
["G","CS3407420000000","Brick township, NJ","NJ"]
["G","CS3407720000000","Bridgewater township, NJ","NJ"]
["G","CS3412280000000","Cherry Hill township, NJ","NJ"]
["G","CS3413045000000","City of Orange township, NJ","NJ"]
["G","CS3417710000000","Deptford township, NJ","NJ"]
["G","CS3419000000000","East Brunswick township, NJ","NJ"]
["G","CS3419780000000","East Windsor township, NJ","NJ"]
["G","CS3420230000000","Edison township, NJ","NJ"]
["G","CS3420290000000","Egg Harbor township, NJ","NJ"]
["G","CS3422110000000","Evesham township, NJ","NJ"]
["G","CS3422185000000","Ewing township, NJ","NJ"]
["G","CS3424900000000","Franklin township (Somerset County), NJ","NJ"]
["G","CS3425230000000","Freehold township, NJ","NJ"]
["G","CS3425560000000","Galloway township, NJ","NJ"]
["G","CS3426760000000","Gloucester township, NJ","NJ"]
["G","CS3429280000000","Hamilton township (Atlantic County), NJ","NJ"]
["G","CS3429310000000","Hamilton township (Mercer County), NJ","NJ"]
["G","CS3431890000000","Hillsborough township, NJ","NJ"]
["G","CS3433300000000","Howell township, NJ","NJ"]
["G","CS3434450000000","Irvington township, NJ","NJ"]
["G","CS3434680000000","Jackson township, NJ","NJ"]
["G","CS3437380000000","Lacey township, NJ","NJ"]
["G","CS3438550000000","Lakewood township, NJ","NJ"]
["G","CS3439510000000","Lawrence township (Mercer County), NJ","NJ"]
["G","CS3440890000000","Livingston township, NJ","NJ"]
["G","CS3442750000000","Mahwah township, NJ","NJ"]
["G","CS3442990000000","Manalapan township, NJ","NJ"]
["G","CS3443140000000","Manchester township, NJ","NJ"]
["G","CS3443800000000","Maplewood township, NJ","NJ"]
["G","CS3444070000000","Marlboro township, NJ","NJ"]
["G","CS3445990000000","Middletown township, NJ","NJ"]
["G","CS3447250000000","Monroe township (Gloucester County), NJ","NJ"]
["G","CS3447280000000","Monroe township (Middlesex County), NJ","NJ"]
["G","CS3447500000000","Montclair township, NJ","NJ"]
["G","CS3449020000000","Mount Laurel township, NJ","NJ"]
["G","CS3449080000000","Mount Olive township, NJ","NJ"]
["G","CS3449890000000","Neptune township, NJ","NJ"]
["G","CS3452470000000","North Bergen township, NJ","NJ"]
["G","CS3452560000000","North Brunswick township, NJ","NJ"]
["G","CS3453680000000","Nutley township, NJ","NJ"]
["G","CS3454270000000","Ocean township (Monmouth County), NJ","NJ"]
["G","CS3454705000000","Old Bridge township, NJ","NJ"]
["G","CS3456460000000","Parsippany-Troy Hills township, NJ","NJ"]
["G","CS3457510000000","Pemberton township, NJ","NJ"]
["G","CS3457660000000","Pennsauken township, NJ","NJ"]
["G","CS3459010000000","Piscataway township, NJ","NJ"]
["G","CS3461890000000","Randolph township, NJ","NJ"]
["G","CS3464080000000","Rockaway township, NJ","NJ"]
["G","CS3468790000000","South Brunswick township, NJ","NJ"]
["G","CS3470320000000","Stafford township, NJ","NJ"]
["G","CS3472360000000","Teaneck township, NJ","NJ"]
["G","CS3473125000000","Toms River township, NJ","NJ"]
["G","CS3474480000000","Union township (Union County), NJ","NJ"]
["G","CS3475740000000","Vernon township, NJ","NJ"]
["G","CS3476220000000","Voorhees township, NJ","NJ"]
["G","CS3476460000000","Wall township, NJ","NJ"]
["G","CS3477180000000","Washington township (Gloucester County), NJ","NJ"]
["G","CS3477840000000","Wayne township, NJ","NJ"]
["G","CS3479460000000","West Milford township, NJ","NJ"]
["G","CS3479800000000","West Orange township, NJ","NJ"]
["G","CS3480240000000","West Windsor township, NJ","NJ"]
["G","CS3481440000000","Willingboro township, NJ","NJ"]
["G","CS3481740000000","Winslow township, NJ","NJ"]
["G","CS3482000000000","Woodbridge township, NJ","NJ"]
["G","CS3602000000000","Amherst town, NY","NY"]
["G","CS3604000000000","Babylon town, NY","NY"]
["G","CS3606354000000","Bethlehem town, NY","NY"]
["G","CS3608246000000","Brighton town (Monroe County), NY","NY"]
["G","CS3610000000000","Brookhaven town, NY","NY"]
["G","CS3611913000000","Camillus town, NY","NY"]
["G","CS3612529000000","Carmel town, NY","NY"]
["G","CS3615011000000","Cheektowaga town, NY","NY"]
["G","CS3615462000000","Chili town, NY","NY"]
["G","CS3615704000000","Cicero town, NY","NY"]
["G","CS3615825000000","Clarence town, NY","NY"]
["G","CS3615968000000","Clarkstown town, NY","NY"]
["G","CS3616067000000","Clay town, NY","NY"]
["G","CS3616353000000","Clifton Park town, NY","NY"]
["G","CS3617343000000","Colonie town, NY","NY"]
["G","CS3618410000000","Cortlandt town, NY","NY"]
["G","CS3620478000000","De Witt town, NY","NY"]
["G","CS3621820000000","Eastchester town, NY","NY"]
["G","CS3621996000000","East Fishkill town, NY","NY"]
["G","CS3622194000000","East Hampton town, NY","NY"]
["G","CS3628442000000","Gates town, NY","NY"]
["G","CS3629366000000","Glenville town, NY","NY"]
["G","CS3630290000000","Greece town, NY","NY"]
["G","CS3630367000000","Greenburgh town, NY","NY"]
["G","CS3631104000000","Guilderland town, NY","NY"]
["G","CS3631489000000","Halfmoon town, NY","NY"]
["G","CS3631654000000","Hamburg town, NY","NY"]
["G","CS3632765000000","Haverstraw town, NY","NY"]
["G","CS3634000000000","Hempstead town, NY","NY"]
["G","CS3634099000000","Henrietta town, NY","NY"]
["G","CS3637000000000","Huntington town, NY","NY"]
["G","CS3637726000000","Irondequoit town, NY","NY"]
["G","CS3638000000000","Islip town, NY","NY"]
["G","CS3641146000000","Lancaster town, NY","NY"]
["G","CS3642015000000","Le Ray town, NY","NY"]
["G","CS3644842000000","Mamaroneck town, NY","NY"]
["G","CS3645029000000","Manlius town, NY","NY"]
["G","CS3647999000000","Monroe town, NY","NY"]
["G","CS3649011000000","Mount Pleasant town, NY","NY"]
["G","CS3650045000000","Newburgh town, NY","NY"]
["G","CS3650848000000","New Windsor town, NY","NY"]
["G","CS3653000000000","North Hempstead town, NY","NY"]
["G","CS3655211000000","Orangetown town, NY","NY"]
["G","CS3655277000000","Orchard Park town, NY","NY"]
["G","CS3655541000000","Ossining town, NY","NY"]
["G","CS3656000000000","Oyster Bay town, NY","NY"]
["G","CS3657144000000","Penfield town, NY","NY"]
["G","CS3657221000000","Perinton town, NY","NY"]
["G","CS3658365000000","Pittsford town, NY","NY"]
["G","CS3659652000000","Poughkeepsie town, NY","NY"]
["G","CS3660356000000","Queensbury town, NY","NY"]
["G","CS3660510000000","Ramapo town, NY","NY"]
["G","CS3661984000000","Riverhead town, NY","NY"]
["G","CS3663935000000","Rotterdam town, NY","NY"]
["G","CS3664320000000","Rye town, NY","NY"]
["G","CS3664815000000","Salina town, NY","NY"]
["G","CS3668000000000","Smithtown town, NY","NY"]
["G","CS3668473000000","Southampton town, NY","NY"]
["G","CS3675000000000","Tonawanda town, NY","NY"]
["G","CS3676056000000","Union town, NY","NY"]
["G","CS3677255000000","Vestal town, NY","NY"]
["G","CS3677992000000","Wallkill town, NY","NY"]
["G","CS3678157000000","Wappinger town, NY","NY"]
["G","CS3678366000000","Warwick town, NY","NY"]
["G","CS3678971000000","Webster town, NY","NY"]
["G","CS3680918000000","West Seneca town, NY","NY"]
["G","CS3684077000000","Yorktown town, NY","NY"]
["G","CS4200156000000","Abington township, PA","PA"]
["G","CS4205616000000","Bensalem township, PA","PA"]
["G","CS4206096000000","Bethlehem township, PA","PA"]
["G","CS4208768000000","Bristol township, PA","PA"]
["G","CS4212968000000","Cheltenham township, PA","PA"]
["G","CS4216920000000","Cranberry township (Butler County), PA","PA"]
["G","CS4218936000000","Derry township (Dauphin County), PA","PA"]
["G","CS4221232000000","East Hempfield township, PA","PA"]
["G","CS4224384000000","Exeter township (Berks County), PA","PA"]
["G","CS4225112000000","Falls township (Bucks County), PA","PA"]
["G","CS4232296000000","Hampden township, PA","PA"]
["G","CS4233144000000","Haverford township, PA","PA"]
["G","CS4233792000000","Hempfield township (Westmoreland County), PA","PA"]
["G","CS4235808000000","Horsham township, PA","PA"]
["G","CS4244952000000","Lower Macungie township, PA","PA"]
["G","CS4244968000000","Lower Makefield township, PA","PA"]
["G","CS4244976000000","Lower Merion township, PA","PA"]
["G","CS4245056000000","Lower Paxton township, PA","PA"]
["G","CS4245080000000","Lower Providence township, PA","PA"]
["G","CS4245900000000","McCandless township, PA","PA"]
["G","CS4246896000000","Manheim township (Lancaster County), PA","PA"]
["G","CS4249120000000","Middletown township (Bucks County), PA","PA"]
["G","CS4249548000000","Millcreek township (Erie County), PA","PA"]
["G","CS4250640000000","Montgomery township (Montgomery County), PA","PA"]
["G","CS4250784000000","Moon township, PA","PA"]
["G","CS4251696000000","Mount Lebanon township, PA","PA"]
["G","CS4254688000000","Northampton township (Bucks County), PA","PA"]
["G","CS4255128000000","North Huntingdon township, PA","PA"]
["G","CS4259032000000","Penn Hills township, PA","PA"]
["G","CS4263264000000","Radnor township, PA","PA"]
["G","CS4264800000000","Ridley township, PA","PA"]
["G","CS4266264000000","Ross township (Allegheny County), PA","PA"]
["G","CS4269584000000","Shaler township, PA","PA"]
["G","CS4272824000000","Spring township (Berks County), PA","PA"]
["G","CS4272992000000","Springettsbury township, PA","PA"]
["G","CS4273032000000","Springfield township (Delaware County), PA","PA"]
["G","CS4275528000000","Susquehanna township (Dauphin County), PA","PA"]
["G","CS4275672000000","Swatara township (Dauphin County), PA","PA"]
["G","CS4277344000000","Tredyffrin township, PA","PA"]
["G","CS4279000000000","Upper Darby township, PA","PA"]
["G","CS4279008000000","Upper Dublin township, PA","PA"]
["G","CS4279104000000","Upper Macungie township, PA","PA"]
["G","CS4279136000000","Upper Merion township, PA","PA"]
["G","CS4279176000000","Upper Moreland township, PA","PA"]
["G","CS4280952000000","Warminster township, PA","PA"]
["G","CS4281048000000","Warrington township (Bucks County), PA","PA"]
["G","CS4284528000000","Whitehall township, PA","PA"]
["G","CS4287056000000","York township, PA","PA"]
["G","CS4418640000000","Coventry town, RI","RI"]
["G","CS4420080000000","Cumberland town, RI","RI"]
["G","CS4437720000000","Johnston town, RI","RI"]
["G","CS4451580000000","North Kingstown town, RI","RI"]
["G","CS4451760000000","North Providence town, RI","RI"]
["G","CS4467460000000","South Kingstown town, RI","RI"]
["G","CS4478440000000","West Warwick town, RI","RI"]
["G","CT0100820000000","Alabaster city, AL","AL"]
["G","CT0101852000000","Anniston city, AL","AL"]
["G","CT0102956000000","Athens city, AL","AL"]
["G","CT0103076000000","Auburn city, AL","AL"]
["G","CT0105980000000","Bessemer city, AL","AL"]
["G","CT0107000000000","Birmingham city, AL","AL"]
["G","CT0119648000000","Daphne city, AL","AL"]
["G","CT0120104000000","Decatur city, AL","AL"]
["G","CT0121184000000","Dothan city, AL","AL"]
["G","CT0124184000000","Enterprise city, AL","AL"]
["G","CT0126896000000","Florence city, AL","AL"]
["G","CT0128696000000","Gadsden city, AL","AL"]
["G","CT0135800000000","Homewood city, AL","AL"]
["G","CT0135896000000","Hoover city, AL","AL"]
["G","CT0137000000000","Huntsville city, AL","AL"]
["G","CT0145784000000","Madison city, AL","AL"]
["G","CT0150000000000","Mobile city, AL","AL"]
["G","CT0151000000000","Montgomery city, AL","AL"]
["G","CT0155200000000","Northport city, AL","AL"]
["G","CT0157048000000","Opelika city, AL","AL"]
["G","CT0159472000000","Phenix City city, AL","AL"]
["G","CT0162328000000","Prattville city, AL","AL"]
["G","CT0162496000000","Prichard city, AL","AL"]
["G","CT0169120000000","Selma city, AL","AL"]
["G","CT0176944000000","Trussville city, AL","AL"]
["G","CT0177256000000","Tuscaloosa city, AL","AL"]
["G","CT0178552000000","Vestavia Hills city, AL","AL"]
["G","CT0203000000000","Anchorage Borough/municipality, AK","AK"]
["G","CT0224230000000","Fairbanks city, AK","AK"]
["G","CT0236400000000","Juneau Borough/city, AK","AK"]
["G","CT0270540000000","Sitka Borough/city, AK","AK"]
["G","CT0286380000000","Wrangell Borough/city, AK","AK"]
["G","CT0402830000000","Apache Junction city, AZ","AZ"]
["G","CT0404720000000","Avondale city, AZ","AZ"]
["G","CT0407940000000","Buckeye city, AZ","AZ"]
["G","CT0408220000000","Bullhead City city, AZ","AZ"]
["G","CT0410530000000","Casa Grande city, AZ","AZ"]
["G","CT0412000000000","Chandler city, AZ","AZ"]
["G","CT0422220000000","El Mirage city, AZ","AZ"]
["G","CT0423620000000","Flagstaff city, AZ","AZ"]
["G","CT0423760000000","Florence town, AZ","AZ"]
["G","CT0425300000000","Fountain Hills town, AZ","AZ"]
["G","CT0427400000000","Gilbert town, AZ","AZ"]
["G","CT0427820000000","Glendale city, AZ","AZ"]
["G","CT0428380000000","Goodyear city, AZ","AZ"]
["G","CT0437620000000","Kingman city, AZ","AZ"]
["G","CT0439370000000","Lake Havasu City city, AZ","AZ"]
["G","CT0444270000000","Marana town, AZ","AZ"]
["G","CT0444410000000","Maricopa city, AZ","AZ"]
["G","CT0446000000000","Mesa city, AZ","AZ"]
["G","CT0451600000000","Oro Valley town, AZ","AZ"]
["G","CT0454050000000","Peoria city, AZ","AZ"]
["G","CT0455000000000","Phoenix city, AZ","AZ"]
["G","CT0457380000000","Prescott city, AZ","AZ"]
["G","CT0457450000000","Prescott Valley town, AZ","AZ"]
["G","CT0458150000000","Queen Creek town, AZ","AZ"]
["G","CT0462140000000","Sahuarita town, AZ","AZ"]
["G","CT0463470000000","San Luis city, AZ","AZ"]
["G","CT0465000000000","Scottsdale city, AZ","AZ"]
["G","CT0466820000000","Sierra Vista city, AZ","AZ"]
["G","CT0471510000000","Surprise city, AZ","AZ"]
["G","CT0473000000000","Tempe city, AZ","AZ"]
["G","CT0477000000000","Tucson city, AZ","AZ"]
["G","CT0485540000000","Yuma city, AZ","AZ"]
["G","CT0504840000000","Bella Vista city, AR","AR"]
["G","CT0505290000000","Benton city, AR","AR"]
["G","CT0505320000000","Bentonville city, AR","AR"]
["G","CT0510300000000","Cabot city, AR","AR"]
["G","CT0515190000000","Conway city, AR","AR"]
["G","CT0523290000000","Fayetteville city, AR","AR"]
["G","CT0524550000000","Fort Smith city, AR","AR"]
["G","CT0533400000000","Hot Springs city, AR","AR"]
["G","CT0534750000000","Jacksonville city, AR","AR"]
["G","CT0535710000000","Jonesboro city, AR","AR"]
["G","CT0541000000000","Little Rock city, AR","AR"]
["G","CT0550450000000","North Little Rock city, AR","AR"]
["G","CT0553390000000","Paragould city, AR","AR"]
["G","CT0555310000000","Pine Bluff city, AR","AR"]
["G","CT0560410000000","Rogers city, AR","AR"]
["G","CT0561670000000","Russellville city, AR","AR"]
["G","CT0563800000000","Sherwood city, AR","AR"]
["G","CT0566080000000","Springdale city, AR","AR"]
["G","CT0568810000000","Texarkana city, AR","AR"]
["G","CT0574540000000","West Memphis city, AR","AR"]
["G","CT0600296000000","Adelanto city, CA","CA"]
["G","CT0600394000000","Agoura Hills city, CA","CA"]
["G","CT0600562000000","Alameda city, CA","CA"]
["G","CT0600884000000","Alhambra city, CA","CA"]
["G","CT0600947000000","Aliso Viejo city, CA","CA"]
["G","CT0602000000000","Anaheim city, CA","CA"]
["G","CT0602252000000","Antioch city, CA","CA"]
["G","CT0602364000000","Apple Valley town, CA","CA"]
["G","CT0602462000000","Arcadia city, CA","CA"]
["G","CT0603064000000","Atascadero city, CA","CA"]
["G","CT0603162000000","Atwater city, CA","CA"]
["G","CT0603386000000","Azusa city, CA","CA"]
["G","CT0603526000000","Bakersfield city, CA","CA"]
["G","CT0603666000000","Baldwin Park city, CA","CA"]
["G","CT0603820000000","Banning city, CA","CA"]
["G","CT0604030000000","Barstow city, CA","CA"]
["G","CT0604758000000","Beaumont city, CA","CA"]
["G","CT0604870000000","Bell city, CA","CA"]
["G","CT0604982000000","Bellflower city, CA","CA"]
["G","CT0604996000000","Bell Gardens city, CA","CA"]
["G","CT0605108000000","Belmont city, CA","CA"]
["G","CT0605290000000","Benicia city, CA","CA"]
["G","CT0606000000000","Berkeley city, CA","CA"]
["G","CT0606308000000","Beverly Hills city, CA","CA"]
["G","CT0608058000000","Brawley city, CA","CA"]
["G","CT0608100000000","Brea city, CA","CA"]
["G","CT0608142000000","Brentwood city, CA","CA"]
["G","CT0608786000000","Buena Park city, CA","CA"]
["G","CT0608954000000","Burbank city, CA","CA"]
["G","CT0609066000000","Burlingame city, CA","CA"]
["G","CT0609710000000","Calexico city, CA","CA"]
["G","CT0610046000000","Camarillo city, CA","CA"]
["G","CT0610345000000","Campbell city, CA","CA"]
["G","CT0611194000000","Carlsbad city, CA","CA"]
["G","CT0611530000000","Carson city, CA","CA"]
["G","CT0612048000000","Cathedral City city, CA","CA"]
["G","CT0612524000000","Ceres city, CA","CA"]
["G","CT0612552000000","Cerritos city, CA","CA"]
["G","CT0613014000000","Chico city, CA","CA"]
["G","CT0613210000000","Chino city, CA","CA"]
["G","CT0613214000000","Chino Hills city, CA","CA"]
["G","CT0613392000000","Chula Vista city, CA","CA"]
["G","CT0613588000000","Citrus Heights city, CA","CA"]
["G","CT0613756000000","Claremont city, CA","CA"]
["G","CT0614218000000","Clovis city, CA","CA"]
["G","CT0614260000000","Coachella city, CA","CA"]
["G","CT0614890000000","Colton city, CA","CA"]
["G","CT0615044000000","Compton city, CA","CA"]
["G","CT0616000000000","Concord city, CA","CA"]
["G","CT0616224000000","Corcoran city, CA","CA"]
["G","CT0616350000000","Corona city, CA","CA"]
["G","CT0616378000000","Coronado city, CA","CA"]
["G","CT0616532000000","Costa Mesa city, CA","CA"]
["G","CT0616742000000","Covina city, CA","CA"]
["G","CT0617498000000","Cudahy city, CA","CA"]
["G","CT0617568000000","Culver City city, CA","CA"]
["G","CT0617610000000","Cupertino city, CA","CA"]
["G","CT0617750000000","Cypress city, CA","CA"]
["G","CT0617918000000","Daly City city, CA","CA"]
["G","CT0617946000000","Dana Point city, CA","CA"]
["G","CT0617988000000","Danville town, CA","CA"]
["G","CT0618100000000","Davis city, CA","CA"]
["G","CT0618394000000","Delano city, CA","CA"]
["G","CT0618996000000","Desert Hot Springs city, CA","CA"]
["G","CT0619192000000","Diamond Bar city, CA","CA"]
["G","CT0619318000000","Dinuba city, CA","CA"]
["G","CT0619766000000","Downey city, CA","CA"]
["G","CT0620018000000","Dublin city, CA","CA"]
["G","CT0620956000000","East Palo Alto city, CA","CA"]
["G","CT0621230000000","Eastvale city, CA","CA"]
["G","CT0621712000000","El Cajon city, CA","CA"]
["G","CT0621782000000","El Centro city, CA","CA"]
["G","CT0621796000000","El Cerrito city, CA","CA"]
["G","CT0622020000000","Elk Grove city, CA","CA"]
["G","CT0622230000000","El Monte city, CA","CA"]
["G","CT0622300000000","El Paso de Robles (Paso Robles) city, CA","CA"]
["G","CT0622678000000","Encinitas city, CA","CA"]
["G","CT0622804000000","Escondido city, CA","CA"]
["G","CT0623042000000","Eureka city, CA","CA"]
["G","CT0623182000000","Fairfield city, CA","CA"]
["G","CT0624638000000","Folsom city, CA","CA"]
["G","CT0624680000000","Fontana city, CA","CA"]
["G","CT0625338000000","Foster City city, CA","CA"]
["G","CT0625380000000","Fountain Valley city, CA","CA"]
["G","CT0626000000000","Fremont city, CA","CA"]
["G","CT0627000000000","Fresno city, CA","CA"]
["G","CT0628000000000","Fullerton city, CA","CA"]
["G","CT0628112000000","Galt city, CA","CA"]
["G","CT0628168000000","Gardena city, CA","CA"]
["G","CT0629000000000","Garden Grove city, CA","CA"]
["G","CT0629504000000","Gilroy city, CA","CA"]
["G","CT0630000000000","Glendale city, CA","CA"]
["G","CT0630014000000","Glendora city, CA","CA"]
["G","CT0630378000000","Goleta city, CA","CA"]
["G","CT0631960000000","Hanford city, CA","CA"]
["G","CT0632548000000","Hawthorne city, CA","CA"]
["G","CT0633000000000","Hayward city, CA","CA"]
["G","CT0633182000000","Hemet city, CA","CA"]
["G","CT0633308000000","Hercules city, CA","CA"]
["G","CT0633434000000","Hesperia city, CA","CA"]
["G","CT0633588000000","Highland city, CA","CA"]
["G","CT0634120000000","Hollister city, CA","CA"]
["G","CT0636000000000","Huntington Beach city, CA","CA"]
["G","CT0636056000000","Huntington Park city, CA","CA"]
["G","CT0636294000000","Imperial Beach city, CA","CA"]
["G","CT0636448000000","Indio city, CA","CA"]
["G","CT0636546000000","Inglewood city, CA","CA"]
["G","CT0636770000000","Irvine city, CA","CA"]
["G","CT0637692000000","Jurupa Valley city, CA","CA"]
["G","CT0639122000000","Lafayette city, CA","CA"]
["G","CT0639178000000","Laguna Beach city, CA","CA"]
["G","CT0639220000000","Laguna Hills city, CA","CA"]
["G","CT0639248000000","Laguna Niguel city, CA","CA"]
["G","CT0639290000000","La Habra city, CA","CA"]
["G","CT0639486000000","Lake Elsinore city, CA","CA"]
["G","CT0639496000000","Lake Forest city, CA","CA"]
["G","CT0639892000000","Lakewood city, CA","CA"]
["G","CT0640004000000","La Mesa city, CA","CA"]
["G","CT0640032000000","La Mirada city, CA","CA"]
["G","CT0640130000000","Lancaster city, CA","CA"]
["G","CT0640340000000","La Puente city, CA","CA"]
["G","CT0640354000000","La Quinta city, CA","CA"]
["G","CT0640704000000","Lathrop city, CA","CA"]
["G","CT0640830000000","La Verne city, CA","CA"]
["G","CT0640886000000","Lawndale city, CA","CA"]
["G","CT0641124000000","Lemon Grove city, CA","CA"]
["G","CT0641152000000","Lemoore city, CA","CA"]
["G","CT0641474000000","Lincoln city, CA","CA"]
["G","CT0641992000000","Livermore city, CA","CA"]
["G","CT0642202000000","Lodi city, CA","CA"]
["G","CT0642370000000","Loma Linda city, CA","CA"]
["G","CT0642524000000","Lompoc city, CA","CA"]
["G","CT0643000000000","Long Beach city, CA","CA"]
["G","CT0643280000000","Los Altos city, CA","CA"]
["G","CT0644000000000","Los Angeles city, CA","CA"]
["G","CT0644028000000","Los Banos city, CA","CA"]
["G","CT0644112000000","Los Gatos town, CA","CA"]
["G","CT0644574000000","Lynwood city, CA","CA"]
["G","CT0645022000000","Madera city, CA","CA"]
["G","CT0645400000000","Manhattan Beach city, CA","CA"]
["G","CT0645484000000","Manteca city, CA","CA"]
["G","CT0645778000000","Marina city, CA","CA"]
["G","CT0646114000000","Martinez city, CA","CA"]
["G","CT0646492000000","Maywood city, CA","CA"]
["G","CT0646842000000","Menifee city, CA","CA"]
["G","CT0646870000000","Menlo Park city, CA","CA"]
["G","CT0646898000000","Merced city, CA","CA"]
["G","CT0647766000000","Milpitas city, CA","CA"]
["G","CT0648256000000","Mission Viejo city, CA","CA"]
["G","CT0648354000000","Modesto city, CA","CA"]
["G","CT0648648000000","Monrovia city, CA","CA"]
["G","CT0648788000000","Montclair city, CA","CA"]
["G","CT0648816000000","Montebello city, CA","CA"]
["G","CT0648872000000","Monterey city, CA","CA"]
["G","CT0648914000000","Monterey Park city, CA","CA"]
["G","CT0649138000000","Moorpark city, CA","CA"]
["G","CT0649270000000","Moreno Valley city, CA","CA"]
["G","CT0649278000000","Morgan Hill city, CA","CA"]
["G","CT0649670000000","Mountain View city, CA","CA"]
["G","CT0650076000000","Murrieta city, CA","CA"]
["G","CT0650258000000","Napa city, CA","CA"]
["G","CT0650398000000","National City city, CA","CA"]
["G","CT0650916000000","Newark city, CA","CA"]
["G","CT0651182000000","Newport Beach city, CA","CA"]
["G","CT0651560000000","Norco city, CA","CA"]
["G","CT0652526000000","Norwalk city, CA","CA"]
["G","CT0652582000000","Novato city, CA","CA"]
["G","CT0653000000000","Oakland city, CA","CA"]
["G","CT0653070000000","Oakley city, CA","CA"]
["G","CT0653322000000","Oceanside city, CA","CA"]
["G","CT0653896000000","Ontario city, CA","CA"]
["G","CT0653980000000","Orange city, CA","CA"]
["G","CT0654652000000","Oxnard city, CA","CA"]
["G","CT0654806000000","Pacifica city, CA","CA"]
["G","CT0655156000000","Palmdale city, CA","CA"]
["G","CT0655184000000","Palm Desert city, CA","CA"]
["G","CT0655254000000","Palm Springs city, CA","CA"]
["G","CT0655282000000","Palo Alto city, CA","CA"]
["G","CT0655520000000","Paradise town, CA","CA"]
["G","CT0655618000000","Paramount city, CA","CA"]
["G","CT0656000000000","Pasadena city, CA","CA"]
["G","CT0656700000000","Perris city, CA","CA"]
["G","CT0656784000000","Petaluma city, CA","CA"]
["G","CT0656924000000","Pico Rivera city, CA","CA"]
["G","CT0657456000000","Pittsburg city, CA","CA"]
["G","CT0657526000000","Placentia city, CA","CA"]
["G","CT0657764000000","Pleasant Hill city, CA","CA"]
["G","CT0657792000000","Pleasanton city, CA","CA"]
["G","CT0658072000000","Pomona city, CA","CA"]
["G","CT0658240000000","Porterville city, CA","CA"]
["G","CT0658520000000","Poway city, CA","CA"]
["G","CT0659444000000","Rancho Cordova city, CA","CA"]
["G","CT0659451000000","Rancho Cucamonga city, CA","CA"]
["G","CT0659514000000","Rancho Palos Verdes city, CA","CA"]
["G","CT0659587000000","Rancho Santa Margarita city, CA","CA"]
["G","CT0659920000000","Redding city, CA","CA"]
["G","CT0659962000000","Redlands city, CA","CA"]
["G","CT0660018000000","Redondo Beach city, CA","CA"]
["G","CT0660102000000","Redwood City city, CA","CA"]
["G","CT0660242000000","Reedley city, CA","CA"]
["G","CT0660466000000","Rialto city, CA","CA"]
["G","CT0660620000000","Richmond city, CA","CA"]
["G","CT0660704000000","Ridgecrest city, CA","CA"]
["G","CT0662000000000","Riverside city, CA","CA"]
["G","CT0662364000000","Rocklin city, CA","CA"]
["G","CT0662546000000","Rohnert Park city, CA","CA"]
["G","CT0662896000000","Rosemead city, CA","CA"]
["G","CT0662938000000","Roseville city, CA","CA"]
["G","CT0664000000000","Sacramento city, CA","CA"]
["G","CT0664224000000","Salinas city, CA","CA"]
["G","CT0665000000000","San Bernardino city, CA","CA"]
["G","CT0665028000000","San Bruno city, CA","CA"]
["G","CT0665042000000","San Buenaventura (Ventura) city, CA","CA"]
["G","CT0665070000000","San Carlos city, CA","CA"]
["G","CT0665084000000","San Clemente city, CA","CA"]
["G","CT0666000000000","San Diego city, CA","CA"]
["G","CT0666070000000","San Dimas city, CA","CA"]
["G","CT0667000000000","San Francisco County/city, CA","CA"]
["G","CT0667042000000","San Gabriel city, CA","CA"]
["G","CT0667056000000","Sanger city, CA","CA"]
["G","CT0667112000000","San Jacinto city, CA","CA"]
["G","CT0668000000000","San Jose city, CA","CA"]
["G","CT0668028000000","San Juan Capistrano city, CA","CA"]
["G","CT0668084000000","San Leandro city, CA","CA"]
["G","CT0668154000000","San Luis Obispo city, CA","CA"]
["G","CT0668196000000","San Marcos city, CA","CA"]
["G","CT0668252000000","San Mateo city, CA","CA"]
["G","CT0668294000000","San Pablo city, CA","CA"]
["G","CT0668364000000","San Rafael city, CA","CA"]
["G","CT0668378000000","San Ramon city, CA","CA"]
["G","CT0669000000000","Santa Ana city, CA","CA"]
["G","CT0669070000000","Santa Barbara city, CA","CA"]
["G","CT0669084000000","Santa Clara city, CA","CA"]
["G","CT0669088000000","Santa Clarita city, CA","CA"]
["G","CT0669112000000","Santa Cruz city, CA","CA"]
["G","CT0669196000000","Santa Maria city, CA","CA"]
["G","CT0670000000000","Santa Monica city, CA","CA"]
["G","CT0670042000000","Santa Paula city, CA","CA"]
["G","CT0670098000000","Santa Rosa city, CA","CA"]
["G","CT0670224000000","Santee city, CA","CA"]
["G","CT0670280000000","Saratoga city, CA","CA"]
["G","CT0670686000000","Seal Beach city, CA","CA"]
["G","CT0670742000000","Seaside city, CA","CA"]
["G","CT0672016000000","Simi Valley city, CA","CA"]
["G","CT0672520000000","Soledad city, CA","CA"]
["G","CT0673080000000","South Gate city, CA","CA"]
["G","CT0673220000000","South Pasadena city, CA","CA"]
["G","CT0673262000000","South San Francisco city, CA","CA"]
["G","CT0673962000000","Stanton city, CA","CA"]
["G","CT0675000000000","Stockton city, CA","CA"]
["G","CT0675630000000","Suisun City city, CA","CA"]
["G","CT0677000000000","Sunnyvale city, CA","CA"]
["G","CT0678120000000","Temecula city, CA","CA"]
["G","CT0678148000000","Temple City city, CA","CA"]
["G","CT0678582000000","Thousand Oaks city, CA","CA"]
["G","CT0680000000000","Torrance city, CA","CA"]
["G","CT0680238000000","Tracy city, CA","CA"]
["G","CT0680644000000","Tulare city, CA","CA"]
["G","CT0680812000000","Turlock city, CA","CA"]
["G","CT0680854000000","Tustin city, CA","CA"]
["G","CT0680994000000","Twentynine Palms city, CA","CA"]
["G","CT0681204000000","Union City city, CA","CA"]
["G","CT0681344000000","Upland city, CA","CA"]
["G","CT0681554000000","Vacaville city, CA","CA"]
["G","CT0681666000000","Vallejo city, CA","CA"]
["G","CT0682590000000","Victorville city, CA","CA"]
["G","CT0682954000000","Visalia city, CA","CA"]
["G","CT0682996000000","Vista city, CA","CA"]
["G","CT0683332000000","Walnut city, CA","CA"]
["G","CT0683346000000","Walnut Creek city, CA","CA"]
["G","CT0683542000000","Wasco city, CA","CA"]
["G","CT0683668000000","Watsonville city, CA","CA"]
["G","CT0684200000000","West Covina city, CA","CA"]
["G","CT0684410000000","West Hollywood city, CA","CA"]
["G","CT0684550000000","Westminster city, CA","CA"]
["G","CT0684816000000","West Sacramento city, CA","CA"]
["G","CT0685292000000","Whittier city, CA","CA"]
["G","CT0685446000000","Wildomar city, CA","CA"]
["G","CT0685922000000","Windsor town, CA","CA"]
["G","CT0686328000000","Woodland city, CA","CA"]
["G","CT0686832000000","Yorba Linda city, CA","CA"]
["G","CT0686972000000","Yuba City city, CA","CA"]
["G","CT0687042000000","Yucaipa city, CA","CA"]
["G","CT0803455000000","Arvada city, CO","CO"]
["G","CT0804000000000","Aurora city, CO","CO"]
["G","CT0807850000000","Boulder city, CO","CO"]
["G","CT0808675000000","Brighton city, CO","CO"]
["G","CT0809280000000","Broomfield County/city, CO","CO"]
["G","CT0812415000000","Castle Rock town, CO","CO"]
["G","CT0812815000000","Centennial city, CO","CO"]
["G","CT0816000000000","Colorado Springs city, CO","CO"]
["G","CT0816495000000","Commerce City city, CO","CO"]
["G","CT0820000000000","Denver County/city, CO","CO"]
["G","CT0824785000000","Englewood city, CO","CO"]
["G","CT0824950000000","Erie town, CO","CO"]
["G","CT0827425000000","Fort Collins city, CO","CO"]
["G","CT0827865000000","Fountain city, CO","CO"]
["G","CT0831660000000","Grand Junction city, CO","CO"]
["G","CT0832155000000","Greeley city, CO","CO"]
["G","CT0841835000000","Lafayette city, CO","CO"]
["G","CT0843000000000","Lakewood city, CO","CO"]
["G","CT0845255000000","Littleton city, CO","CO"]
["G","CT0845970000000","Longmont city, CO","CO"]
["G","CT0846465000000","Loveland city, CO","CO"]
["G","CT0854330000000","Northglenn city, CO","CO"]
["G","CT0857630000000","Parker town, CO","CO"]
["G","CT0862000000000","Pueblo city, CO","CO"]
["G","CT0877290000000","Thornton city, CO","CO"]
["G","CT0883835000000","Westminster city, CO","CO"]
["G","CT0884440000000","Wheat Ridge city, CO","CO"]
["G","CT0885485000000","Windsor town, CO","CO"]
["G","CT0908000000000","Bridgeport city/town, CT","CT"]
["G","CT0908420000000","Bristol city/town, CT","CT"]
["G","CT0918430000000","Danbury city/town, CT","CT"]
["G","CT0937000000000","Hartford city/town, CT","CT"]
["G","CT0946450000000","Meriden city/town, CT","CT"]
["G","CT0947290000000","Middletown city/town, CT","CT"]
["G","CT0947500000000","Milford (consolidated) city/town, CT","CT"]
["G","CT0949880000000","Naugatuck borough/town, CT","CT"]
["G","CT0950370000000","New Britain city/town, CT","CT"]
["G","CT0952000000000","New Haven city/town, CT","CT"]
["G","CT0952280000000","New London city/town, CT","CT"]
["G","CT0955990000000","Norwalk city/town, CT","CT"]
["G","CT0956200000000","Norwich city/town, CT","CT"]
["G","CT0968100000000","Shelton city/town, CT","CT"]
["G","CT0973000000000","Stamford city/town, CT","CT"]
["G","CT0976500000000","Torrington city/town, CT","CT"]
["G","CT0980000000000","Waterbury city/town, CT","CT"]
["G","CT0982800000000","West Haven city/town, CT","CT"]
["G","CT1021200000000","Dover city, DE","DE"]
["G","CT1050670000000","Newark city, DE","DE"]
["G","CT1077580000000","Wilmington city, DE","DE"]
["G","CT1150000000000","Washington city, DC","DC"]
["G","CT1200950000000","Altamonte Springs city, FL","FL"]
["G","CT1201700000000","Apopka city, FL","FL"]
["G","CT1202681000000","Aventura city, FL","FL"]
["G","CT1207300000000","Boca Raton city, FL","FL"]
["G","CT1207525000000","Bonita Springs city, FL","FL"]
["G","CT1207875000000","Boynton Beach city, FL","FL"]
["G","CT1207950000000","Bradenton city, FL","FL"]
["G","CT1210275000000","Cape Coral city, FL","FL"]
["G","CT1211050000000","Casselberry city, FL","FL"]
["G","CT1212875000000","Clearwater city, FL","FL"]
["G","CT1212925000000","Clermont city, FL","FL"]
["G","CT1213275000000","Coconut Creek city, FL","FL"]
["G","CT1214125000000","Cooper City city, FL","FL"]
["G","CT1214250000000","Coral Gables city, FL","FL"]
["G","CT1214400000000","Coral Springs city, FL","FL"]
["G","CT1215475000000","Crestview city, FL","FL"]
["G","CT1215968000000","Cutler Bay town, FL","FL"]
["G","CT1216335000000","Dania Beach city, FL","FL"]
["G","CT1216475000000","Davie town, FL","FL"]
["G","CT1216525000000","Daytona Beach city, FL","FL"]
["G","CT1216725000000","Deerfield Beach city, FL","FL"]
["G","CT1216875000000","DeLand city, FL","FL"]
["G","CT1217100000000","Delray Beach city, FL","FL"]
["G","CT1217200000000","Deltona city, FL","FL"]
["G","CT1217935000000","Doral city, FL","FL"]
["G","CT1218575000000","Dunedin city, FL","FL"]
["G","CT1221150000000","Estero village, FL","FL"]
["G","CT1224000000000","Fort Lauderdale city, FL","FL"]
["G","CT1224125000000","Fort Myers city, FL","FL"]
["G","CT1224300000000","Fort Pierce city, FL","FL"]
["G","CT1225175000000","Gainesville city, FL","FL"]
["G","CT1227322000000","Greenacres city, FL","FL"]
["G","CT1228400000000","Haines City city, FL","FL"]
["G","CT1228452000000","Hallandale Beach city, FL","FL"]
["G","CT1230000000000","Hialeah city, FL","FL"]
["G","CT1232000000000","Hollywood city, FL","FL"]
["G","CT1232275000000","Homestead city, FL","FL"]
["G","CT1235000000000","Jacksonville city, FL","FL"]
["G","CT1235875000000","Jupiter town, FL","FL"]
["G","CT1236550000000","Key West city, FL","FL"]
["G","CT1236950000000","Kissimmee city, FL","FL"]
["G","CT1238250000000","Lakeland city, FL","FL"]
["G","CT1239081000000","Lake Worth Beach city, FL","FL"]
["G","CT1239425000000","Largo city, FL","FL"]
["G","CT1239525000000","Lauderdale Lakes city, FL","FL"]
["G","CT1239550000000","Lauderhill city, FL","FL"]
["G","CT1239875000000","Leesburg city, FL","FL"]
["G","CT1243125000000","Margate city, FL","FL"]
["G","CT1243975000000","Melbourne city, FL","FL"]
["G","CT1245000000000","Miami city, FL","FL"]
["G","CT1245025000000","Miami Beach city, FL","FL"]
["G","CT1245060000000","Miami Gardens city, FL","FL"]
["G","CT1245100000000","Miami Lakes town, FL","FL"]
["G","CT1245975000000","Miramar city, FL","FL"]
["G","CT1248625000000","New Smyrna Beach city, FL","FL"]
["G","CT1249425000000","North Lauderdale city, FL","FL"]
["G","CT1249450000000","North Miami city, FL","FL"]
["G","CT1249475000000","North Miami Beach city, FL","FL"]
["G","CT1249675000000","North Port city, FL","FL"]
["G","CT1250575000000","Oakland Park city, FL","FL"]
["G","CT1250750000000","Ocala city, FL","FL"]
["G","CT1251075000000","Ocoee city, FL","FL"]
["G","CT1253000000000","Orlando city, FL","FL"]
["G","CT1253150000000","Ormond Beach city, FL","FL"]
["G","CT1253575000000","Oviedo city, FL","FL"]
["G","CT1254000000000","Palm Bay city, FL","FL"]
["G","CT1254075000000","Palm Beach Gardens city, FL","FL"]
["G","CT1254200000000","Palm Coast city, FL","FL"]
["G","CT1254450000000","Palm Springs village, FL","FL"]
["G","CT1254700000000","Panama City city, FL","FL"]
["G","CT1255125000000","Parkland city, FL","FL"]
["G","CT1255775000000","Pembroke Pines city, FL","FL"]
["G","CT1255925000000","Pensacola city, FL","FL"]
["G","CT1256975000000","Pinellas Park city, FL","FL"]
["G","CT1257425000000","Plantation city, FL","FL"]
["G","CT1257550000000","Plant City city, FL","FL"]
["G","CT1258050000000","Pompano Beach city, FL","FL"]
["G","CT1258575000000","Port Orange city, FL","FL"]
["G","CT1258715000000","Port St. Lucie city, FL","FL"]
["G","CT1260975000000","Riviera Beach city, FL","FL"]
["G","CT1261500000000","Rockledge city, FL","FL"]
["G","CT1262100000000","Royal Palm Beach village, FL","FL"]
["G","CT1262625000000","St. Cloud city, FL","FL"]
["G","CT1263000000000","St. Petersburg city, FL","FL"]
["G","CT1263650000000","Sanford city, FL","FL"]
["G","CT1264175000000","Sarasota city, FL","FL"]
["G","CT1264825000000","Sebastian city, FL","FL"]
["G","CT1269700000000","Sunrise city, FL","FL"]
["G","CT1270600000000","Tallahassee city, FL","FL"]
["G","CT1270675000000","Tamarac city, FL","FL"]
["G","CT1271000000000","Tampa city, FL","FL"]
["G","CT1271150000000","Tarpon Springs city, FL","FL"]
["G","CT1271400000000","Temple Terrace city, FL","FL"]
["G","CT1271900000000","Titusville city, FL","FL"]
["G","CT1273900000000","Venice city, FL","FL"]
["G","CT1275812000000","Wellington village, FL","FL"]
["G","CT1276500000000","West Melbourne city, FL","FL"]
["G","CT1276582000000","Weston city, FL","FL"]
["G","CT1276600000000","West Palm Beach city, FL","FL"]
["G","CT1278250000000","Winter Garden city, FL","FL"]
["G","CT1278275000000","Winter Haven city, FL","FL"]
["G","CT1278300000000","Winter Park city, FL","FL"]
["G","CT1278325000000","Winter Springs city, FL","FL"]
["G","CT1301052000000","Albany city, GA","GA"]
["G","CT1301696000000","Alpharetta city, GA","GA"]
["G","CT1303436000000","Athens-Clarke County (consolidated) city, GA","GA"]
["G","CT1304000000000","Atlanta city, GA","GA"]
["G","CT1304200000000","Augusta-Richmond County (consolidated) city, GA","GA"]
["G","CT1310944000000","Brookhaven city, GA","GA"]
["G","CT1312988000000","Canton city, GA","GA"]
["G","CT1313492000000","Carrollton city, GA","GA"]
["G","CT1315172000000","Chamblee city, GA","GA"]
["G","CT1319000000000","Columbus (consolidated) city, GA","GA"]
["G","CT1321380000000","Dalton city, GA","GA"]
["G","CT1322052000000","Decatur city, GA","GA"]
["G","CT1323900000000","Douglasville city, GA","GA"]
["G","CT1324600000000","Duluth city, GA","GA"]
["G","CT1324768000000","Dunwoody city, GA","GA"]
["G","CT1325720000000","East Point city, GA","GA"]
["G","CT1331908000000","Gainesville city, GA","GA"]
["G","CT1338964000000","Hinesville city, GA","GA"]
["G","CT1342425000000","Johns Creek city, GA","GA"]
["G","CT1343192000000","Kennesaw city, GA","GA"]
["G","CT1344340000000","LaGrange city, GA","GA"]
["G","CT1345488000000","Lawrenceville city, GA","GA"]
["G","CT1348624000000","McDonough city, GA","GA"]
["G","CT1349008000000","Macon-Bibb County, GA","GA"]
["G","CT1349756000000","Marietta city, GA","GA"]
["G","CT1351670000000","Milton city, GA","GA"]
["G","CT1355020000000","Newnan city, GA","GA"]
["G","CT1359724000000","Peachtree City city, GA","GA"]
["G","CT1359735000000","Peachtree Corners city, GA","GA"]
["G","CT1362104000000","Pooler city, GA","GA"]
["G","CT1366668000000","Rome city, GA","GA"]
["G","CT1367284000000","Roswell city, GA","GA"]
["G","CT1368516000000","Sandy Springs city, GA","GA"]
["G","CT1369000000000","Savannah city, GA","GA"]
["G","CT1371492000000","Smyrna city, GA","GA"]
["G","CT1373256000000","Statesboro city, GA","GA"]
["G","CT1373704000000","Stockbridge city, GA","GA"]
["G","CT1374180000000","Sugar Hill city, GA","GA"]
["G","CT1377652000000","Tucker city, GA","GA"]
["G","CT1378324000000","Union City city, GA","GA"]
["G","CT1378800000000","Valdosta city, GA","GA"]
["G","CT1380508000000","Warner Robins city, GA","GA"]
["G","CT1384176000000","Woodstock city, GA","GA"]
["G","CT1516999000000","Honolulu County/city, HI","HI"]
["G","CT1608830000000","Boise City city, ID","ID"]
["G","CT1612250000000","Caldwell city, ID","ID"]
["G","CT1616750000000","Coeur d'Alene city, ID","ID"]
["G","CT1623410000000","Eagle city, ID","ID"]
["G","CT1639700000000","Idaho Falls city, ID","ID"]
["G","CT1644290000000","Kuna city, ID","ID"]
["G","CT1646540000000","Lewiston city, ID","ID"]
["G","CT1652120000000","Meridian city, ID","ID"]
["G","CT1654550000000","Moscow city, ID","ID"]
["G","CT1656260000000","Nampa city, ID","ID"]
["G","CT1664090000000","Pocatello city, ID","ID"]
["G","CT1664810000000","Post Falls city, ID","ID"]
["G","CT1667420000000","Rexburg city, ID","ID"]
["G","CT1682810000000","Twin Falls city, ID","ID"]
["G","CT1700243000000","Addison village, IL","IL"]
["G","CT1700685000000","Algonquin village, IL","IL"]
["G","CT1701114000000","Alton city, IL","IL"]
["G","CT1702154000000","Arlington Heights village, IL","IL"]
["G","CT1703012000000","Aurora city, IL","IL"]
["G","CT1704013000000","Bartlett village, IL","IL"]
["G","CT1704078000000","Batavia city, IL","IL"]
["G","CT1704845000000","Belleville city, IL","IL"]
["G","CT1705092000000","Belvidere city, IL","IL"]
["G","CT1705573000000","Berwyn city, IL","IL"]
["G","CT1706613000000","Bloomington city, IL","IL"]
["G","CT1707133000000","Bolingbrook village, IL","IL"]
["G","CT1709447000000","Buffalo Grove village, IL","IL"]
["G","CT1709642000000","Burbank city, IL","IL"]
["G","CT1710487000000","Calumet City city, IL","IL"]
["G","CT1711163000000","Carbondale city, IL","IL"]
["G","CT1711332000000","Carol Stream village, IL","IL"]
["G","CT1711358000000","Carpentersville village, IL","IL"]
["G","CT1712385000000","Champaign city, IL","IL"]
["G","CT1714000000000","Chicago city, IL","IL"]
["G","CT1714026000000","Chicago Heights city, IL","IL"]
["G","CT1714351000000","Cicero town, IL","IL"]
["G","CT1715599000000","Collinsville city, IL","IL"]
["G","CT1717887000000","Crystal Lake city, IL","IL"]
["G","CT1718563000000","Danville city, IL","IL"]
["G","CT1718823000000","Decatur city, IL","IL"]
["G","CT1719161000000","DeKalb city, IL","IL"]
["G","CT1719642000000","Des Plaines city, IL","IL"]
["G","CT1720292000000","Dolton village, IL","IL"]
["G","CT1720591000000","Downers Grove village, IL","IL"]
["G","CT1722255000000","East St. Louis city, IL","IL"]
["G","CT1722697000000","Edwardsville city, IL","IL"]
["G","CT1723074000000","Elgin city, IL","IL"]
["G","CT1723256000000","Elk Grove Village village, IL","IL"]
["G","CT1723620000000","Elmhurst city, IL","IL"]
["G","CT1723724000000","Elmwood Park village, IL","IL"]
["G","CT1724582000000","Evanston city, IL","IL"]
["G","CT1727884000000","Freeport city, IL","IL"]
["G","CT1728326000000","Galesburg city, IL","IL"]
["G","CT1729730000000","Glendale Heights village, IL","IL"]
["G","CT1729756000000","Glen Ellyn village, IL","IL"]
["G","CT1729938000000","Glenview village, IL","IL"]
["G","CT1730926000000","Granite City city, IL","IL"]
["G","CT1732018000000","Gurnee village, IL","IL"]
["G","CT1732746000000","Hanover Park village, IL","IL"]
["G","CT1733383000000","Harvey city, IL","IL"]
["G","CT1734722000000","Highland Park city, IL","IL"]
["G","CT1735411000000","Hoffman Estates village, IL","IL"]
["G","CT1735835000000","Homer Glen village, IL","IL"]
["G","CT1736750000000","Huntley village, IL","IL"]
["G","CT1738570000000","Joliet city, IL","IL"]
["G","CT1738934000000","Kankakee city, IL","IL"]
["G","CT1741183000000","Lake in the Hills village, IL","IL"]
["G","CT1742028000000","Lansing village, IL","IL"]
["G","CT1744225000000","Lockport city, IL","IL"]
["G","CT1744407000000","Lombard village, IL","IL"]
["G","CT1745694000000","McHenry city, IL","IL"]
["G","CT1747774000000","Maywood village, IL","IL"]
["G","CT1748242000000","Melrose Park village, IL","IL"]
["G","CT1749867000000","Moline city, IL","IL"]
["G","CT1750647000000","Morton Grove village, IL","IL"]
["G","CT1751089000000","Mount Prospect village, IL","IL"]
["G","CT1751349000000","Mundelein village, IL","IL"]
["G","CT1751622000000","Naperville city, IL","IL"]
["G","CT1752584000000","New Lenox village, IL","IL"]
["G","CT1753000000000","Niles village, IL","IL"]
["G","CT1753234000000","Normal town, IL","IL"]
["G","CT1753481000000","Northbrook village, IL","IL"]
["G","CT1753559000000","North Chicago city, IL","IL"]
["G","CT1754638000000","Oak Forest city, IL","IL"]
["G","CT1754820000000","Oak Lawn village, IL","IL"]
["G","CT1754885000000","Oak Park village, IL","IL"]
["G","CT1755249000000","O'Fallon city, IL","IL"]
["G","CT1756640000000","Orland Park village, IL","IL"]
["G","CT1756887000000","Oswego village, IL","IL"]
["G","CT1757225000000","Palatine village, IL","IL"]
["G","CT1757732000000","Park Forest village, IL","IL"]
["G","CT1757875000000","Park Ridge city, IL","IL"]
["G","CT1758447000000","Pekin city, IL","IL"]
["G","CT1759000000000","Peoria city, IL","IL"]
["G","CT1760287000000","Plainfield village, IL","IL"]
["G","CT1762367000000","Quincy city, IL","IL"]
["G","CT1765000000000","Rockford city, IL","IL"]
["G","CT1765078000000","Rock Island city, IL","IL"]
["G","CT1765442000000","Romeoville village, IL","IL"]
["G","CT1766040000000","Round Lake Beach village, IL","IL"]
["G","CT1766703000000","St. Charles city, IL","IL"]
["G","CT1768003000000","Schaumburg village, IL","IL"]
["G","CT1770122000000","Skokie village, IL","IL"]
["G","CT1772000000000","Springfield city, IL","IL"]
["G","CT1773157000000","Streamwood village, IL","IL"]
["G","CT1775484000000","Tinley Park village, IL","IL"]
["G","CT1777005000000","Urbana city, IL","IL"]
["G","CT1777694000000","Vernon Hills village, IL","IL"]
["G","CT1779293000000","Waukegan city, IL","IL"]
["G","CT1780060000000","West Chicago city, IL","IL"]
["G","CT1780645000000","Westmont village, IL","IL"]
["G","CT1781048000000","Wheaton city, IL","IL"]
["G","CT1781087000000","Wheeling village, IL","IL"]
["G","CT1782075000000","Wilmette village, IL","IL"]
["G","CT1783245000000","Woodridge village, IL","IL"]
["G","CT1783349000000","Woodstock city, IL","IL"]
["G","CT1784220000000","Zion city, IL","IL"]
["G","CT1801468000000","Anderson city, IN","IN"]
["G","CT1805860000000","Bloomington city, IN","IN"]
["G","CT1808416000000","Brownsburg town, IN","IN"]
["G","CT1810342000000","Carmel city, IN","IN"]
["G","CT1814734000000","Columbus city, IN","IN"]
["G","CT1816138000000","Crown Point city, IN","IN"]
["G","CT1819486000000","East Chicago city, IN","IN"]
["G","CT1820728000000","Elkhart city, IN","IN"]
["G","CT1822000000000","Evansville city, IN","IN"]
["G","CT1823278000000","Fishers city, IN","IN"]
["G","CT1825000000000","Fort Wayne city, IN","IN"]
["G","CT1825450000000","Franklin city, IN","IN"]
["G","CT1827000000000","Gary city, IN","IN"]
["G","CT1828386000000","Goshen city, IN","IN"]
["G","CT1829898000000","Greenwood city, IN","IN"]
["G","CT1831000000000","Hammond city, IN","IN"]
["G","CT1834114000000","Hobart city, IN","IN"]
["G","CT1836000000000","Indianapolis (consolidated) city, IN","IN"]
["G","CT1836003000000","Indianapolis (incorporated) city, IN","IN"]
["G","CT1838358000000","Jeffersonville city, IN","IN"]
["G","CT1840392000000","Kokomo city, IN","IN"]
["G","CT1840788000000","Lafayette city, IN","IN"]
["G","CT1842426000000","Lawrence city, IN","IN"]
["G","CT1846908000000","Marion city, IN","IN"]
["G","CT1848528000000","Merrillville town, IN","IN"]
["G","CT1848798000000","Michigan City city, IN","IN"]
["G","CT1849932000000","Mishawaka city, IN","IN"]
["G","CT1851876000000","Muncie city, IN","IN"]
["G","CT1852326000000","New Albany city, IN","IN"]
["G","CT1854180000000","Noblesville city, IN","IN"]
["G","CT1860246000000","Plainfield town, IN","IN"]
["G","CT1861092000000","Portage city, IN","IN"]
["G","CT1864260000000","Richmond city, IN","IN"]
["G","CT1868220000000","Schererville town, IN","IN"]
["G","CT1871000000000","South Bend city, IN","IN"]
["G","CT1875428000000","Terre Haute city, IN","IN"]
["G","CT1878326000000","Valparaiso city, IN","IN"]
["G","CT1882700000000","Westfield city, IN","IN"]
["G","CT1882862000000","West Lafayette city, IN","IN"]
["G","CT1886372000000","Zionsville town, IN","IN"]
["G","CT1901855000000","Ames city, IA","IA"]
["G","CT1902305000000","Ankeny city, IA","IA"]
["G","CT1906355000000","Bettendorf city, IA","IA"]
["G","CT1909550000000","Burlington city, IA","IA"]
["G","CT1911755000000","Cedar Falls city, IA","IA"]
["G","CT1912000000000","Cedar Rapids city, IA","IA"]
["G","CT1914430000000","Clinton city, IA","IA"]
["G","CT1916860000000","Council Bluffs city, IA","IA"]
["G","CT1919000000000","Davenport city, IA","IA"]
["G","CT1921000000000","Des Moines city, IA","IA"]
["G","CT1922395000000","Dubuque city, IA","IA"]
["G","CT1928515000000","Fort Dodge city, IA","IA"]
["G","CT1938595000000","Iowa City city, IA","IA"]
["G","CT1949485000000","Marion city, IA","IA"]
["G","CT1949755000000","Marshalltown city, IA","IA"]
["G","CT1950160000000","Mason City city, IA","IA"]
["G","CT1960465000000","Ottumwa city, IA","IA"]
["G","CT1973335000000","Sioux City city, IA","IA"]
["G","CT1979950000000","Urbandale city, IA","IA"]
["G","CT1982425000000","Waterloo city, IA","IA"]
["G","CT1982695000000","Waukee city, IA","IA"]
["G","CT1983910000000","West Des Moines city, IA","IA"]
["G","CT2017800000000","Derby city, KS","KS"]
["G","CT2018250000000","Dodge City city, KS","KS"]
["G","CT2021275000000","Emporia city, KS","KS"]
["G","CT2025325000000","Garden City city, KS","KS"]
["G","CT2033625000000","Hutchinson city, KS","KS"]
["G","CT2035750000000","Junction City city, KS","KS"]
["G","CT2036000000000","Kansas City city, KS","KS"]
["G","CT2038900000000","Lawrence city, KS","KS"]
["G","CT2039000000000","Leavenworth city, KS","KS"]
["G","CT2039075000000","Leawood city, KS","KS"]
["G","CT2039350000000","Lenexa city, KS","KS"]
["G","CT2044250000000","Manhattan city, KS","KS"]
["G","CT2052575000000","Olathe city, KS","KS"]
["G","CT2053775000000","Overland Park city, KS","KS"]
["G","CT2062700000000","Salina city, KS","KS"]
["G","CT2064500000000","Shawnee city, KS","KS"]
["G","CT2071000000000","Topeka city, KS","KS"]
["G","CT2079000000000","Wichita city, KS","KS"]
["G","CT2102368000000","Ashland city, KY","KY"]
["G","CT2108902000000","Bowling Green city, KY","KY"]
["G","CT2117848000000","Covington city, KY","KY"]
["G","CT2124274000000","Elizabethtown city, KY","KY"]
["G","CT2127982000000","Florence city, KY","KY"]
["G","CT2128900000000","Frankfort city, KY","KY"]
["G","CT2130700000000","Georgetown city, KY","KY"]
["G","CT2135866000000","Henderson city, KY","KY"]
["G","CT2137918000000","Hopkinsville city, KY","KY"]
["G","CT2139142000000","Independence city, KY","KY"]
["G","CT2140222000000","Jeffersontown city, KY","KY"]
["G","CT2146027000000","Lexington-Fayette city, KY","KY"]
["G","CT2148003000000","Louisville-Jefferson County (consolidated) city, KY","KY"]
["G","CT2156136000000","Nicholasville city, KY","KY"]
["G","CT2158620000000","Owensboro city, KY","KY"]
["G","CT2158836000000","Paducah city, KY","KY"]
["G","CT2165226000000","Richmond city, KY","KY"]
["G","CT2200975000000","Alexandria city, LA","LA"]
["G","CT2205000000000","Baton Rouge city, LA","LA"]
["G","CT2208920000000","Bossier City city, LA","LA"]
["G","CT2213960000000","Central city, LA","LA"]
["G","CT2236255000000","Houma city, LA","LA"]
["G","CT2239475000000","Kenner city, LA","LA"]
["G","CT2240735000000","Lafayette city, LA","LA"]
["G","CT2241155000000","Lake Charles city, LA","LA"]
["G","CT2251410000000","Monroe city, LA","LA"]
["G","CT2254035000000","New Iberia city, LA","LA"]
["G","CT2255000000000","New Orleans city, LA","LA"]
["G","CT2270000000000","Shreveport city, LA","LA"]
["G","CT2270805000000","Slidell city, LA","LA"]
["G","CT2302795000000","Bangor city, ME","ME"]
["G","CT2338740000000","Lewiston city, ME","ME"]
["G","CT2360545000000","Portland city, ME","ME"]
["G","CT2371990000000","South Portland city, ME","ME"]
["G","CT2401600000000","Annapolis city, MD","MD"]
["G","CT2404000000000","Baltimore city, MD","MD"]
["G","CT2408775000000","Bowie city, MD","MD"]
["G","CT2418750000000","College Park city, MD","MD"]
["G","CT2430325000000","Frederick city, MD","MD"]
["G","CT2431175000000","Gaithersburg city, MD","MD"]
["G","CT2436075000000","Hagerstown city, MD","MD"]
["G","CT2445900000000","Laurel city, MD","MD"]
["G","CT2467675000000","Rockville city, MD","MD"]
["G","CT2469925000000","Salisbury city, MD","MD"]
["G","CT2500840000000","Agawam Town city, MA","MA"]
["G","CT2501370000000","Amherst Town city, MA","MA"]
["G","CT2502690000000","Attleboro city, MA","MA"]
["G","CT2503690000000","Barnstable Town city, MA","MA"]
["G","CT2505595000000","Beverly city, MA","MA"]
["G","CT2507000000000","Boston city, MA","MA"]
["G","CT2507740000000","Braintree Town city, MA","MA"]
["G","CT2508130000000","Bridgewater Town city, MA","MA"]
["G","CT2509000000000","Brockton city, MA","MA"]
["G","CT2511000000000","Cambridge city, MA","MA"]
["G","CT2513205000000","Chelsea city, MA","MA"]
["G","CT2513660000000","Chicopee city, MA","MA"]
["G","CT2521990000000","Everett city, MA","MA"]
["G","CT2523000000000","Fall River city, MA","MA"]
["G","CT2523875000000","Fitchburg city, MA","MA"]
["G","CT2524960000000","Framingham city, MA","MA"]
["G","CT2525172000000","Franklin Town city, MA","MA"]
["G","CT2526150000000","Gloucester city, MA","MA"]
["G","CT2529405000000","Haverhill city, MA","MA"]
["G","CT2530840000000","Holyoke city, MA","MA"]
["G","CT2534550000000","Lawrence city, MA","MA"]
["G","CT2535075000000","Leominster city, MA","MA"]
["G","CT2537000000000","Lowell city, MA","MA"]
["G","CT2537490000000","Lynn city, MA","MA"]
["G","CT2537875000000","Malden city, MA","MA"]
["G","CT2538715000000","Marlborough city, MA","MA"]
["G","CT2539835000000","Medford city, MA","MA"]
["G","CT2540115000000","Melrose city, MA","MA"]
["G","CT2540710000000","Methuen Town city, MA","MA"]
["G","CT2545000000000","New Bedford city, MA","MA"]
["G","CT2545560000000","Newton city, MA","MA"]
["G","CT2546330000000","Northampton city, MA","MA"]
["G","CT2546598000000","North Attleborough Town city, MA","MA"]
["G","CT2552490000000","Peabody city, MA","MA"]
["G","CT2553960000000","Pittsfield city, MA","MA"]
["G","CT2555745000000","Quincy city, MA","MA"]
["G","CT2556000000000","Randolph Town city, MA","MA"]
["G","CT2556585000000","Revere city, MA","MA"]
["G","CT2559105000000","Salem city, MA","MA"]
["G","CT2562535000000","Somerville city, MA","MA"]
["G","CT2567000000000","Springfield city, MA","MA"]
["G","CT2569170000000","Taunton city, MA","MA"]
["G","CT2572600000000","Waltham city, MA","MA"]
["G","CT2573440000000","Watertown Town city, MA","MA"]
["G","CT2576030000000","Westfield city, MA","MA"]
["G","CT2577890000000","West Springfield Town city, MA","MA"]
["G","CT2578972000000","Weymouth Town city, MA","MA"]
["G","CT2581035000000","Woburn city, MA","MA"]
["G","CT2582000000000","Worcester city, MA","MA"]
["G","CT2601380000000","Allen Park city, MI","MI"]
["G","CT2603000000000","Ann Arbor city, MI","MI"]
["G","CT2605920000000","Battle Creek city, MI","MI"]
["G","CT2606020000000","Bay City city, MI","MI"]
["G","CT2612060000000","Burton city, MI","MI"]
["G","CT2621000000000","Dearborn city, MI","MI"]
["G","CT2621020000000","Dearborn Heights city, MI","MI"]
["G","CT2622000000000","Detroit city, MI","MI"]
["G","CT2624120000000","East Lansing city, MI","MI"]
["G","CT2624290000000","Eastpointe city, MI","MI"]
["G","CT2627440000000","Farmington Hills city, MI","MI"]
["G","CT2627880000000","Ferndale city, MI","MI"]
["G","CT2629000000000","Flint city, MI","MI"]
["G","CT2631420000000","Garden City city, MI","MI"]
["G","CT2634000000000","Grand Rapids city, MI","MI"]
["G","CT2636280000000","Hamtramck city, MI","MI"]
["G","CT2638640000000","Holland city, MI","MI"]
["G","CT2640680000000","Inkster city, MI","MI"]
["G","CT2641420000000","Jackson city, MI","MI"]
["G","CT2642160000000","Kalamazoo city, MI","MI"]
["G","CT2642820000000","Kentwood city, MI","MI"]
["G","CT2646000000000","Lansing city, MI","MI"]
["G","CT2647800000000","Lincoln Park city, MI","MI"]
["G","CT2649000000000","Livonia city, MI","MI"]
["G","CT2650560000000","Madison Heights city, MI","MI"]
["G","CT2653780000000","Midland city, MI","MI"]
["G","CT2656020000000","Mount Pleasant city, MI","MI"]
["G","CT2656320000000","Muskegon city, MI","MI"]
["G","CT2659140000000","Norton Shores city, MI","MI"]
["G","CT2659440000000","Novi city, MI","MI"]
["G","CT2659920000000","Oak Park city, MI","MI"]
["G","CT2665440000000","Pontiac city, MI","MI"]
["G","CT2665560000000","Portage city, MI","MI"]
["G","CT2665820000000","Port Huron city, MI","MI"]
["G","CT2669035000000","Rochester Hills city, MI","MI"]
["G","CT2669420000000","Romulus city, MI","MI"]
["G","CT2669800000000","Roseville city, MI","MI"]
["G","CT2670040000000","Royal Oak city, MI","MI"]
["G","CT2670520000000","Saginaw city, MI","MI"]
["G","CT2670760000000","St. Clair Shores city, MI","MI"]
["G","CT2674900000000","Southfield city, MI","MI"]
["G","CT2674960000000","Southgate city, MI","MI"]
["G","CT2676460000000","Sterling Heights city, MI","MI"]
["G","CT2679000000000","Taylor city, MI","MI"]
["G","CT2680700000000","Troy city, MI","MI"]
["G","CT2682960000000","Walker city, MI","MI"]
["G","CT2684000000000","Warren city, MI","MI"]
["G","CT2686000000000","Westland city, MI","MI"]
["G","CT2688900000000","Wyandotte city, MI","MI"]
["G","CT2688940000000","Wyoming city, MI","MI"]
["G","CT2701486000000","Andover city, MN","MN"]
["G","CT2701900000000","Apple Valley city, MN","MN"]
["G","CT2702908000000","Austin city, MN","MN"]
["G","CT2706382000000","Blaine city, MN","MN"]
["G","CT2706616000000","Bloomington city, MN","MN"]
["G","CT2707948000000","Brooklyn Center city, MN","MN"]
["G","CT2707966000000","Brooklyn Park city, MN","MN"]
["G","CT2708794000000","Burnsville city, MN","MN"]
["G","CT2710846000000","Champlin city, MN","MN"]
["G","CT2710918000000","Chanhassen city, MN","MN"]
["G","CT2710972000000","Chaska city, MN","MN"]
["G","CT2713114000000","Coon Rapids city, MN","MN"]
["G","CT2713456000000","Cottage Grove city, MN","MN"]
["G","CT2717000000000","Duluth city, MN","MN"]
["G","CT2717288000000","Eagan city, MN","MN"]
["G","CT2718116000000","Eden Prairie city, MN","MN"]
["G","CT2718188000000","Edina city, MN","MN"]
["G","CT2718674000000","Elk River city, MN","MN"]
["G","CT2722814000000","Fridley city, MN","MN"]
["G","CT2731076000000","Inver Grove Heights city, MN","MN"]
["G","CT2735180000000","Lakeville city, MN","MN"]
["G","CT2739878000000","Mankato city, MN","MN"]
["G","CT2740166000000","Maple Grove city, MN","MN"]
["G","CT2740382000000","Maplewood city, MN","MN"]
["G","CT2743000000000","Minneapolis city, MN","MN"]
["G","CT2743252000000","Minnetonka city, MN","MN"]
["G","CT2743864000000","Moorhead city, MN","MN"]
["G","CT2747680000000","Oakdale city, MN","MN"]
["G","CT2749300000000","Owatonna city, MN","MN"]
["G","CT2751730000000","Plymouth city, MN","MN"]
["G","CT2752594000000","Prior Lake city, MN","MN"]
["G","CT2753026000000","Ramsey city, MN","MN"]
["G","CT2754214000000","Richfield city, MN","MN"]
["G","CT2754880000000","Rochester city, MN","MN"]
["G","CT2755726000000","Rosemount city, MN","MN"]
["G","CT2755852000000","Roseville city, MN","MN"]
["G","CT2756896000000","St. Cloud city, MN","MN"]
["G","CT2757220000000","St. Louis Park city, MN","MN"]
["G","CT2758000000000","St. Paul city, MN","MN"]
["G","CT2758738000000","Savage city, MN","MN"]
["G","CT2759350000000","Shakopee city, MN","MN"]
["G","CT2759998000000","Shoreview city, MN","MN"]
["G","CT2769970000000","White Bear Lake city, MN","MN"]
["G","CT2771032000000","Winona city, MN","MN"]
["G","CT2771428000000","Woodbury city, MN","MN"]
["G","CT2806220000000","Biloxi city, MS","MS"]
["G","CT2808300000000","Brandon city, MS","MS"]
["G","CT2814420000000","Clinton city, MS","MS"]
["G","CT2815380000000","Columbus city, MS","MS"]
["G","CT2829180000000","Greenville city, MS","MS"]
["G","CT2829700000000","Gulfport city, MS","MS"]
["G","CT2831020000000","Hattiesburg city, MS","MS"]
["G","CT2833700000000","Horn Lake city, MS","MS"]
["G","CT2836000000000","Jackson city, MS","MS"]
["G","CT2844520000000","Madison city, MS","MS"]
["G","CT2846640000000","Meridian city, MS","MS"]
["G","CT2854040000000","Olive Branch city, MS","MS"]
["G","CT2854840000000","Oxford city, MS","MS"]
["G","CT2855360000000","Pascagoula city, MS","MS"]
["G","CT2855760000000","Pearl city, MS","MS"]
["G","CT2869280000000","Southaven city, MS","MS"]
["G","CT2870240000000","Starkville city, MS","MS"]
["G","CT2874840000000","Tupelo city, MS","MS"]
["G","CT2876720000000","Vicksburg city, MS","MS"]
["G","CT2903160000000","Ballwin city, MO","MO"]
["G","CT2906652000000","Blue Springs city, MO","MO"]
["G","CT2911242000000","Cape Girardeau city, MO","MO"]
["G","CT2913600000000","Chesterfield city, MO","MO"]
["G","CT2915670000000","Columbia city, MO","MO"]
["G","CT2924778000000","Florissant city, MO","MO"]
["G","CT2927190000000","Gladstone city, MO","MO"]
["G","CT2928324000000","Grandview city, MO","MO"]
["G","CT2931276000000","Hazelwood city, MO","MO"]
["G","CT2935000000000","Independence city, MO","MO"]
["G","CT2937000000000","Jefferson City city, MO","MO"]
["G","CT2937592000000","Joplin city, MO","MO"]
["G","CT2938000000000","Kansas City city, MO","MO"]
["G","CT2939044000000","Kirkwood city, MO","MO"]
["G","CT2941348000000","Lee's Summit city, MO","MO"]
["G","CT2942032000000","Liberty city, MO","MO"]
["G","CT2946586000000","Maryland Heights city, MO","MO"]
["G","CT2954074000000","O'Fallon city, MO","MO"]
["G","CT2960788000000","Raytown city, MO","MO"]
["G","CT2964082000000","St. Charles city, MO","MO"]
["G","CT2964550000000","St. Joseph city, MO","MO"]
["G","CT2965000000000","St. Louis city, MO","MO"]
["G","CT2965126000000","St. Peters city, MO","MO"]
["G","CT2970000000000","Springfield city, MO","MO"]
["G","CT2975220000000","University City city, MO","MO"]
["G","CT2978442000000","Wentzville city, MO","MO"]
["G","CT2979820000000","Wildwood city, MO","MO"]
["G","CT3001675000000","Anaconda-Deer Lodge County city, MT","MT"]
["G","CT3006550000000","Billings city, MT","MT"]
["G","CT3008950000000","Bozeman city, MT","MT"]
["G","CT3011390000000","Butte-Silver Bow (consolidated) city, MT","MT"]
["G","CT3032800000000","Great Falls city, MT","MT"]
["G","CT3035600000000","Helena city, MT","MT"]
["G","CT3040075000000","Kalispell city, MT","MT"]
["G","CT3050200000000","Missoula city, MT","MT"]
["G","CT3103950000000","Bellevue city, NE","NE"]
["G","CT3117670000000","Fremont city, NE","NE"]
["G","CT3119595000000","Grand Island city, NE","NE"]
["G","CT3121415000000","Hastings city, NE","NE"]
["G","CT3125055000000","Kearney city, NE","NE"]
["G","CT3128000000000","Lincoln city, NE","NE"]
["G","CT3137000000000","Omaha city, NE","NE"]
["G","CT3209700000000","Carson City, NV","NV"]
["G","CT3231900000000","Henderson city, NV","NV"]
["G","CT3240000000000","Las Vegas city, NV","NV"]
["G","CT3251800000000","North Las Vegas city, NV","NV"]
["G","CT3260600000000","Reno city, NV","NV"]
["G","CT3268400000000","Sparks city, NV","NV"]
["G","CT3314200000000","Concord city, NH","NH"]
["G","CT3318820000000","Dover city, NH","NH"]
["G","CT3345140000000","Manchester city, NH","NH"]
["G","CT3350260000000","Nashua city, NH","NH"]
["G","CT3365140000000","Rochester city, NH","NH"]
["G","CT3402080000000","Atlantic City city, NJ","NJ"]
["G","CT3403580000000","Bayonne city, NJ","NJ"]
["G","CT3405170000000","Bergenfield borough, NJ","NJ"]
["G","CT3407600000000","Bridgeton city, NJ","NJ"]
["G","CT3410000000000","Camden city, NJ","NJ"]
["G","CT3410750000000","Carteret borough, NJ","NJ"]
["G","CT3413570000000","Cliffside Park borough, NJ","NJ"]
["G","CT3413690000000","Clifton city, NJ","NJ"]
["G","CT3419390000000","East Orange city, NJ","NJ"]
["G","CT3421000000000","Elizabeth city, NJ","NJ"]
["G","CT3421480000000","Englewood city, NJ","NJ"]
["G","CT3422470000000","Fair Lawn borough, NJ","NJ"]
["G","CT3424420000000","Fort Lee borough, NJ","NJ"]
["G","CT3425770000000","Garfield city, NJ","NJ"]
["G","CT3428680000000","Hackensack city, NJ","NJ"]
["G","CT3432250000000","Hoboken city, NJ","NJ"]
["G","CT3436000000000","Jersey City city, NJ","NJ"]
["G","CT3436510000000","Kearny town, NJ","NJ"]
["G","CT3440350000000","Linden city, NJ","NJ"]
["G","CT3441100000000","Lodi borough, NJ","NJ"]
["G","CT3441310000000","Long Branch city, NJ","NJ"]
["G","CT3446680000000","Millville city, NJ","NJ"]
["G","CT3451000000000","Newark city, NJ","NJ"]
["G","CT3451210000000","New Brunswick city, NJ","NJ"]
["G","CT3455950000000","Paramus borough, NJ","NJ"]
["G","CT3456550000000","Passaic city, NJ","NJ"]
["G","CT3457000000000","Paterson city, NJ","NJ"]
["G","CT3458200000000","Perth Amboy city, NJ","NJ"]
["G","CT3459190000000","Plainfield city, NJ","NJ"]
["G","CT3460900000000","Princeton, NJ","NJ"]
["G","CT3461530000000","Rahway city, NJ","NJ"]
["G","CT3463000000000","Ridgewood village, NJ","NJ"]
["G","CT3465790000000","Sayreville borough, NJ","NJ"]
["G","CT3474000000000","Trenton city, NJ","NJ"]
["G","CT3474630000000","Union City city, NJ","NJ"]
["G","CT3476070000000","Vineland city, NJ","NJ"]
["G","CT3479040000000","Westfield town, NJ","NJ"]
["G","CT3479610000000","West New York town, NJ","NJ"]
["G","CT3501780000000","Alamogordo city, NM","NM"]
["G","CT3502000000000","Albuquerque city, NM","NM"]
["G","CT3512150000000","Carlsbad city, NM","NM"]
["G","CT3516420000000","Clovis city, NM","NM"]
["G","CT3525800000000","Farmington city, NM","NM"]
["G","CT3532520000000","Hobbs city, NM","NM"]
["G","CT3539380000000","Las Cruces city, NM","NM"]
["G","CT3563460000000","Rio Rancho city, NM","NM"]
["G","CT3564930000000","Roswell city, NM","NM"]
["G","CT3570500000000","Santa Fe city, NM","NM"]
["G","CT3601000000000","Albany city, NY","NY"]
["G","CT3603078000000","Auburn city, NY","NY"]
["G","CT3606607000000","Binghamton city, NY","NY"]
["G","CT3611000000000","Buffalo city, NY","NY"]
["G","CT3624229000000","Elmira city, NY","NY"]
["G","CT3627485000000","Freeport village, NY","NY"]
["G","CT3629113000000","Glen Cove city, NY","NY"]
["G","CT3632402000000","Harrison village/town, NY","NY"]
["G","CT3633139000000","Hempstead village, NY","NY"]
["G","CT3638077000000","Ithaca city, NY","NY"]
["G","CT3638264000000","Jamestown city, NY","NY"]
["G","CT3639853000000","Kiryas Joel village, NY","NY"]
["G","CT3642554000000","Lindenhurst village, NY","NY"]
["G","CT3643082000000","Lockport city, NY","NY"]
["G","CT3643335000000","Long Beach city, NY","NY"]
["G","CT3647042000000","Middletown city, NY","NY"]
["G","CT3649121000000","Mount Vernon city, NY","NY"]
["G","CT3650034000000","Newburgh city, NY","NY"]
["G","CT3650617000000","New Rochelle city, NY","NY"]
["G","CT3651000000000","New York city, NY","NY"]
["G","CT3651055000000","Niagara Falls city, NY","NY"]
["G","CT3653682000000","North Tonawanda city, NY","NY"]
["G","CT3655530000000","Ossining village, NY","NY"]
["G","CT3656979000000","Peekskill city, NY","NY"]
["G","CT3659223000000","Port Chester village, NY","NY"]
["G","CT3659641000000","Poughkeepsie city, NY","NY"]
["G","CT3663000000000","Rochester city, NY","NY"]
["G","CT3663264000000","Rockville Centre village, NY","NY"]
["G","CT3663418000000","Rome city, NY","NY"]
["G","CT3665255000000","Saratoga Springs city, NY","NY"]
["G","CT3665508000000","Schenectady city, NY","NY"]
["G","CT3670420000000","Spring Valley village, NY","NY"]
["G","CT3673000000000","Syracuse city, NY","NY"]
["G","CT3675484000000","Troy city, NY","NY"]
["G","CT3676540000000","Utica city, NY","NY"]
["G","CT3676705000000","Valley Stream village, NY","NY"]
["G","CT3678608000000","Watertown city, NY","NY"]
["G","CT3681677000000","White Plains city, NY","NY"]
["G","CT3684000000000","Yonkers city, NY","NY"]
["G","CT3701520000000","Apex town, NC","NC"]
["G","CT3702080000000","Asheboro city, NC","NC"]
["G","CT3702140000000","Asheville city, NC","NC"]
["G","CT3709060000000","Burlington city, NC","NC"]
["G","CT3710740000000","Cary town, NC","NC"]
["G","CT3711800000000","Chapel Hill town, NC","NC"]
["G","CT3712000000000","Charlotte city, NC","NC"]
["G","CT3712860000000","Clayton town, NC","NC"]
["G","CT3714100000000","Concord city, NC","NC"]
["G","CT3714700000000","Cornelius town, NC","NC"]
["G","CT3719000000000","Durham city, NC","NC"]
["G","CT3722920000000","Fayetteville city, NC","NC"]
["G","CT3725300000000","Fuquay-Varina town, NC","NC"]
["G","CT3725480000000","Garner town, NC","NC"]
["G","CT3725580000000","Gastonia city, NC","NC"]
["G","CT3726880000000","Goldsboro city, NC","NC"]
["G","CT3728000000000","Greensboro city, NC","NC"]
["G","CT3728080000000","Greenville city, NC","NC"]
["G","CT3731060000000","Hickory city, NC","NC"]
["G","CT3731400000000","High Point city, NC","NC"]
["G","CT3732260000000","Holly Springs town, NC","NC"]
["G","CT3733120000000","Huntersville town, NC","NC"]
["G","CT3733560000000","Indian Trail town, NC","NC"]
["G","CT3734200000000","Jacksonville city, NC","NC"]
["G","CT3735200000000","Kannapolis city, NC","NC"]
["G","CT3735600000000","Kernersville town, NC","NC"]
["G","CT3735920000000","Kinston city, NC","NC"]
["G","CT3737680000000","Leland town, NC","NC"]
["G","CT3741960000000","Matthews town, NC","NC"]
["G","CT3743480000000","Mint Hill town, NC","NC"]
["G","CT3743920000000","Monroe city, NC","NC"]
["G","CT3744220000000","Mooresville town, NC","NC"]
["G","CT3744520000000","Morrisville town, NC","NC"]
["G","CT3746340000000","New Bern city, NC","NC"]
["G","CT3755000000000","Raleigh city, NC","NC"]
["G","CT3757500000000","Rocky Mount city, NC","NC"]
["G","CT3758860000000","Salisbury city, NC","NC"]
["G","CT3759280000000","Sanford city, NC","NC"]
["G","CT3764740000000","Statesville city, NC","NC"]
["G","CT3767420000000","Thomasville city, NC","NC"]
["G","CT3770540000000","Wake Forest town, NC","NC"]
["G","CT3774440000000","Wilmington city, NC","NC"]
["G","CT3774540000000","Wilson city, NC","NC"]
["G","CT3775000000000","Winston-Salem city, NC","NC"]
["G","CT3807200000000","Bismarck city, ND","ND"]
["G","CT3819620000000","Dickinson city, ND","ND"]
["G","CT3825700000000","Fargo city, ND","ND"]
["G","CT3832060000000","Grand Forks city, ND","ND"]
["G","CT3853380000000","Minot city, ND","ND"]
["G","CT3884780000000","West Fargo city, ND","ND"]
["G","CT3886220000000","Williston city, ND","ND"]
["G","CT3901000000000","Akron city, OH","OH"]
["G","CT3902736000000","Athens city, OH","OH"]
["G","CT3903352000000","Avon city, OH","OH"]
["G","CT3903464000000","Avon Lake city, OH","OH"]
["G","CT3903828000000","Barberton city, OH","OH"]
["G","CT3904720000000","Beavercreek city, OH","OH"]
["G","CT3907972000000","Bowling Green city, OH","OH"]
["G","CT3909680000000","Brunswick city, OH","OH"]
["G","CT3912000000000","Canton city, OH","OH"]
["G","CT3915000000000","Cincinnati city, OH","OH"]
["G","CT3916000000000","Cleveland city, OH","OH"]
["G","CT3916014000000","Cleveland Heights city, OH","OH"]
["G","CT3918000000000","Columbus city, OH","OH"]
["G","CT3919778000000","Cuyahoga Falls city, OH","OH"]
["G","CT3921000000000","Dayton city, OH","OH"]
["G","CT3921434000000","Delaware city, OH","OH"]
["G","CT3922694000000","Dublin city, OH","OH"]
["G","CT3925256000000","Elyria city, OH","OH"]
["G","CT3925704000000","Euclid city, OH","OH"]
["G","CT3925914000000","Fairborn city, OH","OH"]
["G","CT3925970000000","Fairfield city, OH","OH"]
["G","CT3927048000000","Findlay city, OH","OH"]
["G","CT3929106000000","Gahanna city, OH","OH"]
["G","CT3929428000000","Garfield Heights city, OH","OH"]
["G","CT3931860000000","Green city, OH","OH"]
["G","CT3932592000000","Grove City city, OH","OH"]
["G","CT3933012000000","Hamilton city, OH","OH"]
["G","CT3935476000000","Hilliard city, OH","OH"]
["G","CT3936610000000","Huber Heights city, OH","OH"]
["G","CT3939872000000","Kent city, OH","OH"]
["G","CT3940040000000","Kettering city, OH","OH"]
["G","CT3941664000000","Lakewood city, OH","OH"]
["G","CT3941720000000","Lancaster city, OH","OH"]
["G","CT3943554000000","Lima city, OH","OH"]
["G","CT3944856000000","Lorain city, OH","OH"]
["G","CT3947138000000","Mansfield city, OH","OH"]
["G","CT3947306000000","Maple Heights city, OH","OH"]
["G","CT3947754000000","Marion city, OH","OH"]
["G","CT3948160000000","Marysville city, OH","OH"]
["G","CT3948188000000","Mason city, OH","OH"]
["G","CT3948244000000","Massillon city, OH","OH"]
["G","CT3948790000000","Medina city, OH","OH"]
["G","CT3949056000000","Mentor city, OH","OH"]
["G","CT3949840000000","Middletown city, OH","OH"]
["G","CT3954040000000","Newark city, OH","OH"]
["G","CT3956882000000","North Olmsted city, OH","OH"]
["G","CT3956966000000","North Ridgeville city, OH","OH"]
["G","CT3957008000000","North Royalton city, OH","OH"]
["G","CT3961000000000","Parma city, OH","OH"]
["G","CT3962148000000","Perrysburg city, OH","OH"]
["G","CT3966390000000","Reynoldsburg city, OH","OH"]
["G","CT3967468000000","Riverside city, OH","OH"]
["G","CT3970380000000","Sandusky city, OH","OH"]
["G","CT3971682000000","Shaker Heights city, OH","OH"]
["G","CT3973264000000","South Euclid city, OH","OH"]
["G","CT3974118000000","Springfield city, OH","OH"]
["G","CT3974944000000","Stow city, OH","OH"]
["G","CT3975098000000","Strongsville city, OH","OH"]
["G","CT3977000000000","Toledo city, OH","OH"]
["G","CT3977504000000","Trotwood city, OH","OH"]
["G","CT3977588000000","Troy city, OH","OH"]
["G","CT3979002000000","Upper Arlington city, OH","OH"]
["G","CT3980892000000","Warren city, OH","OH"]
["G","CT3983342000000","Westerville city, OH","OH"]
["G","CT3983622000000","Westlake city, OH","OH"]
["G","CT3986548000000","Wooster city, OH","OH"]
["G","CT3986772000000","Xenia city, OH","OH"]
["G","CT3988000000000","Youngstown city, OH","OH"]
["G","CT3988084000000","Zanesville city, OH","OH"]
["G","CT4002600000000","Ardmore city, OK","OK"]
["G","CT4004450000000","Bartlesville city, OK","OK"]
["G","CT4006400000000","Bixby city, OK","OK"]
["G","CT4009050000000","Broken Arrow city, OK","OK"]
["G","CT4019900000000","Del City city, OK","OK"]
["G","CT4023200000000","Edmond city, OK","OK"]
["G","CT4023950000000","Enid city, OK","OK"]
["G","CT4037800000000","Jenks city, OK","OK"]
["G","CT4041850000000","Lawton city, OK","OK"]
["G","CT4048350000000","Midwest City city, OK","OK"]
["G","CT4049200000000","Moore city, OK","OK"]
["G","CT4050050000000","Muskogee city, OK","OK"]
["G","CT4052500000000","Norman city, OK","OK"]
["G","CT4055000000000","Oklahoma City city, OK","OK"]
["G","CT4056650000000","Owasso city, OK","OK"]
["G","CT4059850000000","Ponca City city, OK","OK"]
["G","CT4066800000000","Shawnee city, OK","OK"]
["G","CT4070300000000","Stillwater city, OK","OK"]
["G","CT4075000000000","Tulsa city, OK","OK"]
["G","CT4082950000000","Yukon city, OK","OK"]
["G","CT4101000000000","Albany city, OR","OR"]
["G","CT4105350000000","Beaverton city, OR","OR"]
["G","CT4105800000000","Bend city, OR","OR"]
["G","CT4115800000000","Corvallis city, OR","OR"]
["G","CT4123850000000","Eugene city, OR","OR"]
["G","CT4126200000000","Forest Grove city, OR","OR"]
["G","CT4130550000000","Grants Pass city, OR","OR"]
["G","CT4131250000000","Gresham city, OR","OR"]
["G","CT4132050000000","Happy Valley city, OR","OR"]
["G","CT4134100000000","Hillsboro city, OR","OR"]
["G","CT4138500000000","Keizer city, OR","OR"]
["G","CT4140550000000","Lake Oswego city, OR","OR"]
["G","CT4145000000000","McMinnville city, OR","OR"]
["G","CT4147000000000","Medford city, OR","OR"]
["G","CT4152100000000","Newberg city, OR","OR"]
["G","CT4155200000000","Oregon City city, OR","OR"]
["G","CT4159000000000","Portland city, OR","OR"]
["G","CT4161200000000","Redmond city, OR","OR"]
["G","CT4164900000000","Salem city, OR","OR"]
["G","CT4169600000000","Springfield city, OR","OR"]
["G","CT4173650000000","Tigard city, OR","OR"]
["G","CT4174950000000","Tualatin city, OR","OR"]
["G","CT4180150000000","West Linn city, OR","OR"]
["G","CT4182800000000","Wilsonville city, OR","OR"]
["G","CT4183750000000","Woodburn city, OR","OR"]
["G","CT4202000000000","Allentown city, PA","PA"]
["G","CT4202184000000","Altoona city, PA","PA"]
["G","CT4206064000000","Bethel Park municipality, PA","PA"]
["G","CT4206088000000","Bethlehem city, PA","PA"]
["G","CT4213208000000","Chester city, PA","PA"]
["G","CT4221648000000","Easton city, PA","PA"]
["G","CT4224000000000","Erie city, PA","PA"]
["G","CT4232800000000","Harrisburg city, PA","PA"]
["G","CT4233408000000","Hazleton city, PA","PA"]
["G","CT4238288000000","Johnstown city, PA","PA"]
["G","CT4241216000000","Lancaster city, PA","PA"]
["G","CT4242168000000","Lebanon city, PA","PA"]
["G","CT4250528000000","Monroeville municipality, PA","PA"]
["G","CT4253368000000","New Castle city, PA","PA"]
["G","CT4254656000000","Norristown borough, PA","PA"]
["G","CT4260000000000","Philadelphia County/city, PA","PA"]
["G","CT4261000000000","Pittsburgh city, PA","PA"]
["G","CT4261536000000","Plum borough, PA","PA"]
["G","CT4263624000000","Reading city, PA","PA"]
["G","CT4269000000000","Scranton city, PA","PA"]
["G","CT4273808000000","State College borough, PA","PA"]
["G","CT4283512000000","West Mifflin borough, PA","PA"]
["G","CT4285152000000","Wilkes-Barre city, PA","PA"]
["G","CT4285312000000","Williamsport city, PA","PA"]
["G","CT4287048000000","York city, PA","PA"]
["G","CT4419180000000","Cranston city, RI","RI"]
["G","CT4422960000000","East Providence city, RI","RI"]
["G","CT4449960000000","Newport city, RI","RI"]
["G","CT4454640000000","Pawtucket city, RI","RI"]
["G","CT4459000000000","Providence city, RI","RI"]
["G","CT4474300000000","Warwick city, RI","RI"]
["G","CT4480780000000","Woonsocket city, RI","RI"]
["G","CT4500550000000","Aiken city, SC","SC"]
["G","CT4501360000000","Anderson city, SC","SC"]
["G","CT4507210000000","Bluffton town, SC","SC"]
["G","CT4513330000000","Charleston city, SC","SC"]
["G","CT4516000000000","Columbia city, SC","SC"]
["G","CT4516405000000","Conway city, SC","SC"]
["G","CT4525810000000","Florence city, SC","SC"]
["G","CT4526890000000","Fort Mill town, SC","SC"]
["G","CT4529815000000","Goose Creek city, SC","SC"]
["G","CT4530850000000","Greenville city, SC","SC"]
["G","CT4530985000000","Greer city, SC","SC"]
["G","CT4532065000000","Hanahan city, SC","SC"]
["G","CT4534045000000","Hilton Head Island town, SC","SC"]
["G","CT4545115000000","Mauldin city, SC","SC"]
["G","CT4548535000000","Mount Pleasant town, SC","SC"]
["G","CT4549075000000","Myrtle Beach city, SC","SC"]
["G","CT4550875000000","North Charleston city, SC","SC"]
["G","CT4561405000000","Rock Hill city, SC","SC"]
["G","CT4568290000000","Spartanburg city, SC","SC"]
["G","CT4570270000000","Summerville town, SC","SC"]
["G","CT4570405000000","Sumter city, SC","SC"]
["G","CT4600100000000","Aberdeen city, SD","SD"]
["G","CT4652980000000","Rapid City city, SD","SD"]
["G","CT4659020000000","Sioux Falls city, SD","SD"]
["G","CT4703440000000","Bartlett city, TN","TN"]
["G","CT4708280000000","Brentwood city, TN","TN"]
["G","CT4708540000000","Bristol city, TN","TN"]
["G","CT4714000000000","Chattanooga city, TN","TN"]
["G","CT4715160000000","Clarksville city, TN","TN"]
["G","CT4715400000000","Cleveland city, TN","TN"]
["G","CT4716420000000","Collierville town, TN","TN"]
["G","CT4716540000000","Columbia city, TN","TN"]
["G","CT4716920000000","Cookeville city, TN","TN"]
["G","CT4727740000000","Franklin city, TN","TN"]
["G","CT4728540000000","Gallatin city, TN","TN"]
["G","CT4728960000000","Germantown city, TN","TN"]
["G","CT4733280000000","Hendersonville city, TN","TN"]
["G","CT4737640000000","Jackson city, TN","TN"]
["G","CT4738320000000","Johnson City city, TN","TN"]
["G","CT4739560000000","Kingsport city, TN","TN"]
["G","CT4740000000000","Knoxville city, TN","TN"]
["G","CT4741200000000","La Vergne city, TN","TN"]
["G","CT4741520000000","Lebanon city, TN","TN"]
["G","CT4746380000000","Maryville city, TN","TN"]
["G","CT4748000000000","Memphis city, TN","TN"]
["G","CT4750280000000","Morristown city, TN","TN"]
["G","CT4750780000000","Mount Juliet city, TN","TN"]
["G","CT4751560000000","Murfreesboro city, TN","TN"]
["G","CT4752004000000","Nashville-Davidson (consolidated) city, TN","TN"]
["G","CT4755120000000","Oak Ridge city, TN","TN"]
["G","CT4769420000000","Smyrna town, TN","TN"]
["G","CT4770580000000","Spring Hill city, TN","TN"]
["G","CT4801000000000","Abilene city, TX","TX"]
["G","CT4801924000000","Allen city, TX","TX"]
["G","CT4802272000000","Alvin city, TX","TX"]
["G","CT4803000000000","Amarillo city, TX","TX"]
["G","CT4804000000000","Arlington city, TX","TX"]
["G","CT4805000000000","Austin city, TX","TX"]
["G","CT4805372000000","Balch Springs city, TX","TX"]
["G","CT4806128000000","Baytown city, TX","TX"]
["G","CT4807000000000","Beaumont city, TX","TX"]
["G","CT4807132000000","Bedford city, TX","TX"]
["G","CT4808236000000","Big Spring city, TX","TX"]
["G","CT4810768000000","Brownsville city, TX","TX"]
["G","CT4810912000000","Bryan city, TX","TX"]
["G","CT4811428000000","Burleson city, TX","TX"]
["G","CT4813024000000","Carrollton city, TX","TX"]
["G","CT4813492000000","Cedar Hill city, TX","TX"]
["G","CT4813552000000","Cedar Park city, TX","TX"]
["G","CT4814920000000","Cibolo city, TX","TX"]
["G","CT4815364000000","Cleburne city, TX","TX"]
["G","CT4815976000000","College Station city, TX","TX"]
["G","CT4815988000000","Colleyville city, TX","TX"]
["G","CT4816432000000","Conroe city, TX","TX"]
["G","CT4816468000000","Converse city, TX","TX"]
["G","CT4816612000000","Coppell city, TX","TX"]
["G","CT4816624000000","Copperas Cove city, TX","TX"]
["G","CT4817000000000","Corpus Christi city, TX","TX"]
["G","CT4817060000000","Corsicana city, TX","TX"]
["G","CT4819000000000","Dallas city, TX","TX"]
["G","CT4819624000000","Deer Park city, TX","TX"]
["G","CT4819792000000","Del Rio city, TX","TX"]
["G","CT4819900000000","Denison city, TX","TX"]
["G","CT4819972000000","Denton city, TX","TX"]
["G","CT4820092000000","DeSoto city, TX","TX"]
["G","CT4821628000000","Duncanville city, TX","TX"]
["G","CT4821892000000","Eagle Pass city, TX","TX"]
["G","CT4822660000000","Edinburg city, TX","TX"]
["G","CT4824000000000","El Paso city, TX","TX"]
["G","CT4824768000000","Euless city, TX","TX"]
["G","CT4825452000000","Farmers Branch city, TX","TX"]
["G","CT4826232000000","Flower Mound town, TX","TX"]
["G","CT4826604000000","Forney city, TX","TX"]
["G","CT4827000000000","Fort Worth city, TX","TX"]
["G","CT4827648000000","Friendswood city, TX","TX"]
["G","CT4827684000000","Frisco city, TX","TX"]
["G","CT4827876000000","Fulshear city, TX","TX"]
["G","CT4828068000000","Galveston city, TX","TX"]
["G","CT4829000000000","Garland city, TX","TX"]
["G","CT4829336000000","Georgetown city, TX","TX"]
["G","CT4830464000000","Grand Prairie city, TX","TX"]
["G","CT4830644000000","Grapevine city, TX","TX"]
["G","CT4830920000000","Greenville city, TX","TX"]
["G","CT4831928000000","Haltom City city, TX","TX"]
["G","CT4832312000000","Harker Heights city, TX","TX"]
["G","CT4832372000000","Harlingen city, TX","TX"]
["G","CT4835000000000","Houston city, TX","TX"]
["G","CT4835528000000","Huntsville city, TX","TX"]
["G","CT4835576000000","Hurst city, TX","TX"]
["G","CT4835624000000","Hutto city, TX","TX"]
["G","CT4837000000000","Irving city, TX","TX"]
["G","CT4838632000000","Keller city, TX","TX"]
["G","CT4839148000000","Killeen city, TX","TX"]
["G","CT4839352000000","Kingsville city, TX","TX"]
["G","CT4839952000000","Kyle city, TX","TX"]
["G","CT4840588000000","Lake Jackson city, TX","TX"]
["G","CT4841212000000","Lancaster city, TX","TX"]
["G","CT4841440000000","La Porte city, TX","TX"]
["G","CT4841464000000","Laredo city, TX","TX"]
["G","CT4841980000000","League City city, TX","TX"]
["G","CT4842016000000","Leander city, TX","TX"]
["G","CT4842508000000","Lewisville city, TX","TX"]
["G","CT4843012000000","Little Elm city, TX","TX"]
["G","CT4843888000000","Longview city, TX","TX"]
["G","CT4845000000000","Lubbock city, TX","TX"]
["G","CT4845072000000","Lufkin city, TX","TX"]
["G","CT4845384000000","McAllen city, TX","TX"]
["G","CT4845744000000","McKinney city, TX","TX"]
["G","CT4846452000000","Mansfield city, TX","TX"]
["G","CT4847892000000","Mesquite city, TX","TX"]
["G","CT4848072000000","Midland city, TX","TX"]
["G","CT4848096000000","Midlothian city, TX","TX"]
["G","CT4848768000000","Mission city, TX","TX"]
["G","CT4848804000000","Missouri City city, TX","TX"]
["G","CT4850256000000","Nacogdoches city, TX","TX"]
["G","CT4850820000000","New Braunfels city, TX","TX"]
["G","CT4852356000000","North Richland Hills city, TX","TX"]
["G","CT4853388000000","Odessa city, TX","TX"]
["G","CT4855080000000","Paris city, TX","TX"]
["G","CT4856000000000","Pasadena city, TX","TX"]
["G","CT4856348000000","Pearland city, TX","TX"]
["G","CT4857176000000","Pflugerville city, TX","TX"]
["G","CT4857200000000","Pharr city, TX","TX"]
["G","CT4858016000000","Plano city, TX","TX"]
["G","CT4858820000000","Port Arthur city, TX","TX"]
["G","CT4859696000000","Prosper town, TX","TX"]
["G","CT4861796000000","Richardson city, TX","TX"]
["G","CT4862828000000","Rockwall city, TX","TX"]
["G","CT4863284000000","Rosenberg city, TX","TX"]
["G","CT4863500000000","Round Rock city, TX","TX"]
["G","CT4863572000000","Rowlett city, TX","TX"]
["G","CT4864064000000","Sachse city, TX","TX"]
["G","CT4864472000000","San Angelo city, TX","TX"]
["G","CT4865000000000","San Antonio city, TX","TX"]
["G","CT4865036000000","San Benito city, TX","TX"]
["G","CT4865516000000","San Juan city, TX","TX"]
["G","CT4865600000000","San Marcos city, TX","TX"]
["G","CT4866128000000","Schertz city, TX","TX"]
["G","CT4866644000000","Seguin city, TX","TX"]
["G","CT4867496000000","Sherman city, TX","TX"]
["G","CT4868636000000","Socorro city, TX","TX"]
["G","CT4869032000000","Southlake city, TX","TX"]
["G","CT4870808000000","Sugar Land city, TX","TX"]
["G","CT4872176000000","Temple city, TX","TX"]
["G","CT4872368000000","Texarkana city, TX","TX"]
["G","CT4872392000000","Texas City city, TX","TX"]
["G","CT4872530000000","The Colony city, TX","TX"]
["G","CT4874144000000","Tyler city, TX","TX"]
["G","CT4874492000000","University Park city, TX","TX"]
["G","CT4875428000000","Victoria city, TX","TX"]
["G","CT4876000000000","Waco city, TX","TX"]
["G","CT4876816000000","Waxahachie city, TX","TX"]
["G","CT4876864000000","Weatherford city, TX","TX"]
["G","CT4877272000000","Weslaco city, TX","TX"]
["G","CT4879000000000","Wichita Falls city, TX","TX"]
["G","CT4880356000000","Wylie city, TX","TX"]
["G","CT4901310000000","American Fork city, UT","UT"]
["G","CT4907690000000","Bountiful city, UT","UT"]
["G","CT4911320000000","Cedar City city, UT","UT"]
["G","CT4913850000000","Clearfield city, UT","UT"]
["G","CT4916270000000","Cottonwood Heights city, UT","UT"]
["G","CT4920120000000","Draper city, UT","UT"]
["G","CT4920810000000","Eagle Mountain city, UT","UT"]
["G","CT4924740000000","Farmington city, UT","UT"]
["G","CT4934970000000","Herriman city, UT","UT"]
["G","CT4936070000000","Holladay city, UT","UT"]
["G","CT4940360000000","Kaysville city, UT","UT"]
["G","CT4940470000000","Kearns metro township, UT","UT"]
["G","CT4943660000000","Layton city, UT","UT"]
["G","CT4944320000000","Lehi city, UT","UT"]
["G","CT4945860000000","Logan city, UT","UT"]
["G","CT4947290000000","Magna metro township, UT","UT"]
["G","CT4949710000000","Midvale city, UT","UT"]
["G","CT4950150000000","Millcreek city, UT","UT"]
["G","CT4953230000000","Murray city, UT","UT"]
["G","CT4955980000000","Ogden city, UT","UT"]
["G","CT4957300000000","Orem city, UT","UT"]
["G","CT4960930000000","Pleasant Grove city, UT","UT"]
["G","CT4962470000000","Provo city, UT","UT"]
["G","CT4964340000000","Riverton city, UT","UT"]
["G","CT4965110000000","Roy city, UT","UT"]
["G","CT4965330000000","St. George city, UT","UT"]
["G","CT4967000000000","Salt Lake City city, UT","UT"]
["G","CT4967440000000","Sandy city, UT","UT"]
["G","CT4967825000000","Saratoga Springs city, UT","UT"]
["G","CT4970850000000","South Jordan city, UT","UT"]
["G","CT4971070000000","South Salt Lake city, UT","UT"]
["G","CT4971290000000","Spanish Fork city, UT","UT"]
["G","CT4972280000000","Springville city, UT","UT"]
["G","CT4974810000000","Syracuse city, UT","UT"]
["G","CT4975360000000","Taylorsville city, UT","UT"]
["G","CT4976680000000","Tooele city, UT","UT"]
["G","CT4981960000000","Washington city, UT","UT"]
["G","CT4982950000000","West Jordan city, UT","UT"]
["G","CT4983470000000","West Valley City city, UT","UT"]
["G","CT5010675000000","Burlington city, VT","VT"]
["G","CT5101000000000","Alexandria city, VA","VA"]
["G","CT5107784000000","Blacksburg town, VA","VA"]
["G","CT5109816000000","Bristol city, VA","VA"]
["G","CT5111032000000","Buena Vista city, VA","VA"]
["G","CT5114968000000","Charlottesville city, VA","VA"]
["G","CT5116000000000","Chesapeake city, VA","VA"]
["G","CT5118448000000","Colonial Heights city, VA","VA"]
["G","CT5119728000000","Covington city, VA","VA"]
["G","CT5121344000000","Danville city, VA","VA"]
["G","CT5125808000000","Emporia city, VA","VA"]
["G","CT5126496000000","Fairfax city, VA","VA"]
["G","CT5127200000000","Falls Church city, VA","VA"]
["G","CT5129600000000","Franklin city, VA","VA"]
["G","CT5129744000000","Fredericksburg city, VA","VA"]
["G","CT5130208000000","Galax city, VA","VA"]
["G","CT5135000000000","Hampton city, VA","VA"]
["G","CT5135624000000","Harrisonburg city, VA","VA"]
["G","CT5138424000000","Hopewell city, VA","VA"]
["G","CT5144984000000","Leesburg town, VA","VA"]
["G","CT5145512000000","Lexington city, VA","VA"]
["G","CT5147672000000","Lynchburg city, VA","VA"]
["G","CT5148952000000","Manassas city, VA","VA"]
["G","CT5148968000000","Manassas Park city, VA","VA"]
["G","CT5149784000000","Martinsville city, VA","VA"]
["G","CT5156000000000","Newport News city, VA","VA"]
["G","CT5157000000000","Norfolk city, VA","VA"]
["G","CT5157688000000","Norton city, VA","VA"]
["G","CT5161832000000","Petersburg city, VA","VA"]
["G","CT5163768000000","Poquoson city, VA","VA"]
["G","CT5164000000000","Portsmouth city, VA","VA"]
["G","CT5165392000000","Radford city, VA","VA"]
["G","CT5167000000000","Richmond city, VA","VA"]
["G","CT5168000000000","Roanoke city, VA","VA"]
["G","CT5170000000000","Salem city, VA","VA"]
["G","CT5175216000000","Staunton city, VA","VA"]
["G","CT5176432000000","Suffolk city, VA","VA"]
["G","CT5182000000000","Virginia Beach city, VA","VA"]
["G","CT5183680000000","Waynesboro city, VA","VA"]
["G","CT5186160000000","Williamsburg city, VA","VA"]
["G","CT5186720000000","Winchester city, VA","VA"]
["G","CT5303180000000","Auburn city, WA","WA"]
["G","CT5303736000000","Bainbridge Island city, WA","WA"]
["G","CT5305210000000","Bellevue city, WA","WA"]
["G","CT5305280000000","Bellingham city, WA","WA"]
["G","CT5307380000000","Bothell city, WA","WA"]
["G","CT5307695000000","Bremerton city, WA","WA"]
["G","CT5308850000000","Burien city, WA","WA"]
["G","CT5309480000000","Camas city, WA","WA"]
["G","CT5317635000000","Des Moines city, WA","WA"]
["G","CT5320750000000","Edmonds city, WA","WA"]
["G","CT5322640000000","Everett city, WA","WA"]
["G","CT5323515000000","Federal Way city, WA","WA"]
["G","CT5333805000000","Issaquah city, WA","WA"]
["G","CT5335275000000","Kennewick city, WA","WA"]
["G","CT5335415000000","Kent city, WA","WA"]
["G","CT5335940000000","Kirkland city, WA","WA"]
["G","CT5336745000000","Lacey city, WA","WA"]
["G","CT5337900000000","Lake Stevens city, WA","WA"]
["G","CT5338038000000","Lakewood city, WA","WA"]
["G","CT5340245000000","Longview city, WA","WA"]
["G","CT5340840000000","Lynnwood city, WA","WA"]
["G","CT5343150000000","Maple Valley city, WA","WA"]
["G","CT5343955000000","Marysville city, WA","WA"]
["G","CT5345005000000","Mercer Island city, WA","WA"]
["G","CT5347245000000","Moses Lake city, WA","WA"]
["G","CT5347560000000","Mount Vernon city, WA","WA"]
["G","CT5351300000000","Olympia city, WA","WA"]
["G","CT5353545000000","Pasco city, WA","WA"]
["G","CT5356625000000","Pullman city, WA","WA"]
["G","CT5356695000000","Puyallup city, WA","WA"]
["G","CT5357535000000","Redmond city, WA","WA"]
["G","CT5357745000000","Renton city, WA","WA"]
["G","CT5358235000000","Richland city, WA","WA"]
["G","CT5361115000000","Sammamish city, WA","WA"]
["G","CT5362288000000","SeaTac city, WA","WA"]
["G","CT5363000000000","Seattle city, WA","WA"]
["G","CT5363960000000","Shoreline city, WA","WA"]
["G","CT5367000000000","Spokane city, WA","WA"]
["G","CT5367167000000","Spokane Valley city, WA","WA"]
["G","CT5370000000000","Tacoma city, WA","WA"]
["G","CT5372905000000","Tumwater city, WA","WA"]
["G","CT5373465000000","University Place city, WA","WA"]
["G","CT5374060000000","Vancouver city, WA","WA"]
["G","CT5375775000000","Walla Walla city, WA","WA"]
["G","CT5377105000000","Wenatchee city, WA","WA"]
["G","CT5380010000000","Yakima city, WA","WA"]
["G","CT5414600000000","Charleston city, WV","WV"]
["G","CT5439460000000","Huntington city, WV","WV"]
["G","CT5455756000000","Morgantown city, WV","WV"]
["G","CT5462140000000","Parkersburg city, WV","WV"]
["G","CT5486452000000","Wheeling city, WV","WV"]
["G","CT5502375000000","Appleton city, WI","WI"]
["G","CT5506500000000","Beloit city, WI","WI"]
["G","CT5510025000000","Brookfield city, WI","WI"]
["G","CT5511950000000","Caledonia village, WI","WI"]
["G","CT5519775000000","De Pere city, WI","WI"]
["G","CT5522300000000","Eau Claire city, WI","WI"]
["G","CT5525950000000","Fitchburg city, WI","WI"]
["G","CT5526275000000","Fond du Lac city, WI","WI"]
["G","CT5527300000000","Franklin city, WI","WI"]
["G","CT5531000000000","Green Bay city, WI","WI"]
["G","CT5531175000000","Greenfield city, WI","WI"]
["G","CT5537825000000","Janesville city, WI","WI"]
["G","CT5539225000000","Kenosha city, WI","WI"]
["G","CT5540775000000","La Crosse city, WI","WI"]
["G","CT5548000000000","Madison city, WI","WI"]
["G","CT5548500000000","Manitowoc city, WI","WI"]
["G","CT5551000000000","Menomonee Falls village, WI","WI"]
["G","CT5551150000000","Mequon city, WI","WI"]
["G","CT5553000000000","Milwaukee city, WI","WI"]
["G","CT5554875000000","Mount Pleasant village, WI","WI"]
["G","CT5555275000000","Muskego city, WI","WI"]
["G","CT5555750000000","Neenah city, WI","WI"]
["G","CT5556375000000","New Berlin city, WI","WI"]
["G","CT5558800000000","Oak Creek city, WI","WI"]
["G","CT5560500000000","Oshkosh city, WI","WI"]
["G","CT5566000000000","Racine city, WI","WI"]
["G","CT5572975000000","Sheboygan city, WI","WI"]
["G","CT5577200000000","Stevens Point city, WI","WI"]
["G","CT5578600000000","Sun Prairie city, WI","WI"]
["G","CT5578650000000","Superior city, WI","WI"]
["G","CT5584250000000","Waukesha city, WI","WI"]
["G","CT5584475000000","Wausau city, WI","WI"]
["G","CT5584675000000","Wauwatosa city, WI","WI"]
["G","CT5585300000000","West Allis city, WI","WI"]
["G","CT5585350000000","West Bend city, WI","WI"]
["G","CT5613150000000","Casper city, WY","WY"]
["G","CT5613900000000","Cheyenne city, WY","WY"]
["G","CT5631855000000","Gillette city, WY","WY"]
["G","CT5645050000000","Laramie city, WY","WY"]
["H","CS0901080000000","Andover town, CT","CT"]
["H","CS0901430000000","Ashford town, CT","CT"]
["H","CS0902060000000","Avon town, CT","CT"]
["H","CS0902760000000","Barkhamsted town, CT","CT"]
["H","CS0903250000000","Beacon Falls town, CT","CT"]
["H","CS0904300000000","Berlin town, CT","CT"]
["H","CS0904580000000","Bethany town, CT","CT"]
["H","CS0904720000000","Bethel town, CT","CT"]
["H","CS0904930000000","Bethlehem town, CT","CT"]
["H","CS0905910000000","Bloomfield town, CT","CT"]
["H","CS0906260000000","Bolton town, CT","CT"]
["H","CS0906820000000","Bozrah town, CT","CT"]
["H","CS0908210000000","Bridgewater town, CT","CT"]
["H","CS0908980000000","Brookfield town, CT","CT"]
["H","CS0909190000000","Brooklyn town, CT","CT"]
["H","CS0910100000000","Burlington town, CT","CT"]
["H","CS0910940000000","Canaan town, CT","CT"]
["H","CS0912130000000","Canterbury town, CT","CT"]
["H","CS0912270000000","Canton town, CT","CT"]
["H","CS0913810000000","Chaplin town, CT","CT"]
["H","CS0914300000000","Chester town, CT","CT"]
["H","CS0915350000000","Clinton town, CT","CT"]
["H","CS0915910000000","Colchester town, CT","CT"]
["H","CS0916050000000","Colebrook town, CT","CT"]
["H","CS0916400000000","Columbia town, CT","CT"]
["H","CS0917240000000","Cornwall town, CT","CT"]
["H","CS0917800000000","Coventry town, CT","CT"]
["H","CS0918080000000","Cromwell town, CT","CT"]
["H","CS0918850000000","Darien town, CT","CT"]
["H","CS0919130000000","Deep River town, CT","CT"]
["H","CS0920810000000","Durham town, CT","CT"]
["H","CS0921860000000","Eastford town, CT","CT"]
["H","CS0922070000000","East Granby town, CT","CT"]
["H","CS0922280000000","East Haddam town, CT","CT"]
["H","CS0922490000000","East Hampton town, CT","CT"]
["H","CS0923400000000","East Lyme town, CT","CT"]
["H","CS0923890000000","Easton town, CT","CT"]
["H","CS0924800000000","East Windsor town, CT","CT"]
["H","CS0925360000000","Ellington town, CT","CT"]
["H","CS0926270000000","Essex town, CT","CT"]
["H","CS0929910000000","Franklin town, CT","CT"]
["H","CS0932290000000","Goshen town, CT","CT"]
["H","CS0932640000000","Granby town, CT","CT"]
["H","CS0933900000000","Griswold town, CT","CT"]
["H","CS0934950000000","Guilford town, CT","CT"]
["H","CS0935230000000","Haddam town, CT","CT"]
["H","CS0936000000000","Hampton town, CT","CT"]
["H","CS0937140000000","Hartland town, CT","CT"]
["H","CS0937280000000","Harwinton town, CT","CT"]
["H","CS0937910000000","Hebron town, CT","CT"]
["H","CS0940290000000","Kent town, CT","CT"]
["H","CS0940500000000","Killingly town, CT","CT"]
["H","CS0940710000000","Killingworth town, CT","CT"]
["H","CS0942390000000","Lebanon town, CT","CT"]
["H","CS0942600000000","Ledyard town, CT","CT"]
["H","CS0943230000000","Lisbon town, CT","CT"]
["H","CS0943370000000","Litchfield town, CT","CT"]
["H","CS0944210000000","Lyme town, CT","CT"]
["H","CS0944560000000","Madison town, CT","CT"]
["H","CS0945820000000","Marlborough town, CT","CT"]
["H","CS0946940000000","Middlebury town, CT","CT"]
["H","CS0947080000000","Middlefield town, CT","CT"]
["H","CS0948620000000","Monroe town, CT","CT"]
["H","CS0948900000000","Montville town, CT","CT"]
["H","CS0949460000000","Morris town, CT","CT"]
["H","CS0950580000000","New Canaan town, CT","CT"]
["H","CS0950860000000","New Fairfield town, CT","CT"]
["H","CS0951350000000","New Hartford town, CT","CT"]
["H","CS0953470000000","Norfolk town, CT","CT"]
["H","CS0953890000000","North Branford town, CT","CT"]
["H","CS0954030000000","North Canaan town, CT","CT"]
["H","CS0954870000000","North Haven town, CT","CT"]
["H","CS0955500000000","North Stonington town, CT","CT"]
["H","CS0957040000000","Old Lyme town, CT","CT"]
["H","CS0957320000000","Old Saybrook town, CT","CT"]
["H","CS0957600000000","Orange town, CT","CT"]
["H","CS0958300000000","Oxford town, CT","CT"]
["H","CS0959980000000","Plainfield town, CT","CT"]
["H","CS0960120000000","Plainville town, CT","CT"]
["H","CS0960750000000","Plymouth town, CT","CT"]
["H","CS0961030000000","Pomfret town, CT","CT"]
["H","CS0961800000000","Portland town, CT","CT"]
["H","CS0962150000000","Preston town, CT","CT"]
["H","CS0962290000000","Prospect town, CT","CT"]
["H","CS0962710000000","Putnam town, CT","CT"]
["H","CS0963480000000","Redding town, CT","CT"]
["H","CS0965370000000","Rocky Hill town, CT","CT"]
["H","CS0965930000000","Roxbury town, CT","CT"]
["H","CS0966210000000","Salem town, CT","CT"]
["H","CS0966420000000","Salisbury town, CT","CT"]
["H","CS0967400000000","Scotland town, CT","CT"]
["H","CS0967610000000","Seymour town, CT","CT"]
["H","CS0967960000000","Sharon town, CT","CT"]
["H","CS0968310000000","Sherman town, CT","CT"]
["H","CS0968940000000","Simsbury town, CT","CT"]
["H","CS0969220000000","Somers town, CT","CT"]
["H","CS0969640000000","Southbury town, CT","CT"]
["H","CS0971670000000","Sprague town, CT","CT"]
["H","CS0972090000000","Stafford town, CT","CT"]
["H","CS0973420000000","Sterling town, CT","CT"]
["H","CS0973770000000","Stonington town, CT","CT"]
["H","CS0974540000000","Suffield town, CT","CT"]
["H","CS0975730000000","Thomaston town, CT","CT"]
["H","CS0975870000000","Thompson town, CT","CT"]
["H","CS0976290000000","Tolland town, CT","CT"]
["H","CS0977830000000","Union town, CT","CT"]
["H","CS0978600000000","Voluntown town, CT","CT"]
["H","CS0979510000000","Warren town, CT","CT"]
["H","CS0979720000000","Washington town, CT","CT"]
["H","CS0980280000000","Waterford town, CT","CT"]
["H","CS0980490000000","Watertown town, CT","CT"]
["H","CS0981680000000","Westbrook town, CT","CT"]
["H","CS0983430000000","Weston town, CT","CT"]
["H","CS0985950000000","Willington town, CT","CT"]
["H","CS0986370000000","Wilton town, CT","CT"]
["H","CS0986440000000","Winchester town, CT","CT"]
["H","CS0986790000000","Windham town, CT","CT"]
["H","CS0987070000000","Windsor Locks town, CT","CT"]
["H","CS0987560000000","Wolcott town, CT","CT"]
["H","CS0987700000000","Woodbridge town, CT","CT"]
["H","CS0987910000000","Woodbury town, CT","CT"]
["H","CS0988190000000","Woodstock town, CT","CT"]
["H","CS2300100000000","Abbot town, ME","ME"]
["H","CS2300275000000","Acton town, ME","ME"]
["H","CS2300380000000","Addison town, ME","ME"]
["H","CS2300590000000","Albion town, ME","ME"]
["H","CS2300660000000","Alexander town, ME","ME"]
["H","CS2300730000000","Alfred town, ME","ME"]
["H","CS2300800000000","Allagash town, ME","ME"]
["H","CS2301010000000","Alna town, ME","ME"]
["H","CS2301115000000","Alton town, ME","ME"]
["H","CS2301185000000","Amherst town, ME","ME"]
["H","CS2301220000000","Amity town, ME","ME"]
["H","CS2301325000000","Andover town, ME","ME"]
["H","CS2301395000000","Anson town, ME","ME"]
["H","CS2301465000000","Appleton town, ME","ME"]
["H","CS2301500000000","Argyle unorganized, ME","ME"]
["H","CS2301570000000","Arrowsic town, ME","ME"]
["H","CS2301605000000","Arundel town, ME","ME"]
["H","CS2301710000000","Ashland town, ME","ME"]
["H","CS2301885000000","Athens town, ME","ME"]
["H","CS2301920000000","Atkinson town, ME","ME"]
["H","CS2302165000000","Aurora town, ME","ME"]
["H","CS2302235000000","Avon town, ME","ME"]
["H","CS2302480000000","Baileyville town, ME","ME"]
["H","CS2302655000000","Baldwin town, ME","ME"]
["H","CS2302762000000","Bancroft unorganized, ME","ME"]
["H","CS2302865000000","Bar Harbor town, ME","ME"]
["H","CS2302970000000","Baring plantation, ME","ME"]
["H","CS2303670000000","Beals town, ME","ME"]
["H","CS2303740000000","Beaver Cove town, ME","ME"]
["H","CS2303810000000","Beddington town, ME","ME"]
["H","CS2304020000000","Belgrade town, ME","ME"]
["H","CS2304125000000","Belmont town, ME","ME"]
["H","CS2304475000000","Benton town, ME","ME"]
["H","CS2304720000000","Berwick town, ME","ME"]
["H","CS2304825000000","Bethel town, ME","ME"]
["H","CS2305000000000","Bingham town, ME","ME"]
["H","CS2305385000000","Blaine town, ME","ME"]
["H","CS2305560000000","Blanchard unorganized, ME","ME"]
["H","CS2305700000000","Blue Hill town, ME","ME"]
["H","CS2306050000000","Boothbay town, ME","ME"]
["H","CS2306120000000","Boothbay Harbor town, ME","ME"]
["H","CS2306260000000","Bowdoin town, ME","ME"]
["H","CS2306365000000","Bowdoinham town, ME","ME"]
["H","CS2306400000000","Bowerbank town, ME","ME"]
["H","CS2306575000000","Bradford town, ME","ME"]
["H","CS2306680000000","Bradley town, ME","ME"]
["H","CS2306855000000","Bremen town, ME","ME"]
["H","CS2307065000000","Bridgewater town, ME","ME"]
["H","CS2307170000000","Bridgton town, ME","ME"]
["H","CS2307380000000","Brighton plantation, ME","ME"]
["H","CS2307485000000","Bristol town, ME","ME"]
["H","CS2307800000000","Brooklin town, ME","ME"]
["H","CS2307870000000","Brooks town, ME","ME"]
["H","CS2307975000000","Brooksville town, ME","ME"]
["H","CS2308150000000","Brownfield town, ME","ME"]
["H","CS2308325000000","Brownville town, ME","ME"]
["H","CS2308430000000","Brunswick town, ME","ME"]
["H","CS2308710000000","Buckfield town, ME","ME"]
["H","CS2308815000000","Bucksport town, ME","ME"]
["H","CS2309200000000","Burlington town, ME","ME"]
["H","CS2309270000000","Burnham town, ME","ME"]
["H","CS2309410000000","Buxton town, ME","ME"]
["H","CS2309550000000","Byron town, ME","ME"]
["H","CS2309655000000","Cambridge town, ME","ME"]
["H","CS2309725000000","Camden town, ME","ME"]
["H","CS2309935000000","Canaan town, ME","ME"]
["H","CS2310005000000","Canton town, ME","ME"]
["H","CS2310180000000","Cape Elizabeth town, ME","ME"]
["H","CS2310495000000","Caratunk town, ME","ME"]
["H","CS2310670000000","Carmel town, ME","ME"]
["H","CS2310740000000","Carrabassett Valley town, ME","ME"]
["H","CS2310810000000","Carroll plantation, ME","ME"]
["H","CS2310915000000","Carthage town, ME","ME"]
["H","CS2311020000000","Cary plantation, ME","ME"]
["H","CS2311125000000","Casco town, ME","ME"]
["H","CS2311265000000","Castine town, ME","ME"]
["H","CS2311300000000","Castle Hill town, ME","ME"]
["H","CS2311335000000","Caswell town, ME","ME"]
["H","CS2311785000000","Central Aroostook unorganized, ME","ME"]
["H","CS2311800000000","Central Hancock unorganized, ME","ME"]
["H","CS2311820000000","Central Somerset unorganized, ME","ME"]
["H","CS2312000000000","Chapman town, ME","ME"]
["H","CS2312105000000","Charleston town, ME","ME"]
["H","CS2312175000000","Charlotte town, ME","ME"]
["H","CS2312300000000","Chebeague Island town, ME","ME"]
["H","CS2312350000000","Chelsea town, ME","ME"]
["H","CS2312455000000","Cherryfield town, ME","ME"]
["H","CS2312525000000","Chester town, ME","ME"]
["H","CS2312595000000","Chesterville town, ME","ME"]
["H","CS2312735000000","China town, ME","ME"]
["H","CS2313365000000","Clifton town, ME","ME"]
["H","CS2313470000000","Clinton town, ME","ME"]
["H","CS2313610000000","Codyville plantation, ME","ME"]
["H","CS2313750000000","Columbia town, ME","ME"]
["H","CS2313820000000","Columbia Falls town, ME","ME"]
["H","CS2313900000000","Connor unorganized, ME","ME"]
["H","CS2314100000000","Cooper town, ME","ME"]
["H","CS2314205000000","Coplin plantation, ME","ME"]
["H","CS2314310000000","Corinna town, ME","ME"]
["H","CS2314380000000","Corinth town, ME","ME"]
["H","CS2314485000000","Cornish town, ME","ME"]
["H","CS2314555000000","Cornville town, ME","ME"]
["H","CS2314905000000","Cranberry Isles town, ME","ME"]
["H","CS2314940000000","Crawford town, ME","ME"]
["H","CS2315395000000","Crystal town, ME","ME"]
["H","CS2315430000000","Cumberland town, ME","ME"]
["H","CS2315780000000","Cushing town, ME","ME"]
["H","CS2315920000000","Cutler town, ME","ME"]
["H","CS2315990000000","Cyr plantation, ME","ME"]
["H","CS2316165000000","Dallas plantation, ME","ME"]
["H","CS2316235000000","Damariscotta town, ME","ME"]
["H","CS2316410000000","Danforth town, ME","ME"]
["H","CS2316725000000","Dayton town, ME","ME"]
["H","CS2316865000000","Deblois town, ME","ME"]
["H","CS2316935000000","Dedham town, ME","ME"]
["H","CS2317145000000","Deer Isle town, ME","ME"]
["H","CS2317250000000","Denmark town, ME","ME"]
["H","CS2317285000000","Dennistown plantation, ME","ME"]
["H","CS2317355000000","Dennysville town, ME","ME"]
["H","CS2317460000000","Detroit town, ME","ME"]
["H","CS2317530000000","Dexter town, ME","ME"]
["H","CS2317740000000","Dixfield town, ME","ME"]
["H","CS2317950000000","Dixmont town, ME","ME"]
["H","CS2318195000000","Dover-Foxcroft town, ME","ME"]
["H","CS2318475000000","Dresden town, ME","ME"]
["H","CS2318580000000","Drew plantation, ME","ME"]
["H","CS2319105000000","Durham town, ME","ME"]
["H","CS2319210000000","Dyer Brook town, ME","ME"]
["H","CS2319420000000","Eagle Lake town, ME","ME"]
["H","CS2319770000000","Eastbrook town, ME","ME"]
["H","CS2319865000000","East Central Franklin unorganized, ME","ME"]
["H","CS2319868000000","East Central Penobscot unorganized, ME","ME"]
["H","CS2319870000000","East Central Washington unorganized, ME","ME"]
["H","CS2320405000000","East Hancock unorganized, ME","ME"]
["H","CS2320960000000","East Machias town, ME","ME"]
["H","CS2321030000000","East Millinocket town, ME","ME"]
["H","CS2321380000000","Easton town, ME","ME"]
["H","CS2322535000000","Eddington town, ME","ME"]
["H","CS2322675000000","Edgecomb town, ME","ME"]
["H","CS2322710000000","Edinburg town, ME","ME"]
["H","CS2322955000000","Eliot town, ME","ME"]
["H","CS2323410000000","Embden town, ME","ME"]
["H","CS2323620000000","Enfield town, ME","ME"]
["H","CS2323865000000","Etna town, ME","ME"]
["H","CS2324005000000","Eustis town, ME","ME"]
["H","CS2324110000000","Exeter town, ME","ME"]
["H","CS2324320000000","Fairfield town, ME","ME"]
["H","CS2324495000000","Falmouth town, ME","ME"]
["H","CS2324670000000","Farmingdale town, ME","ME"]
["H","CS2324775000000","Farmington town, ME","ME"]
["H","CS2324950000000","Fayette town, ME","ME"]
["H","CS2325615000000","Fort Fairfield town, ME","ME"]
["H","CS2325755000000","Fort Kent town, ME","ME"]
["H","CS2326280000000","Frankfort town, ME","ME"]
["H","CS2326350000000","Franklin town, ME","ME"]
["H","CS2326420000000","Freedom town, ME","ME"]
["H","CS2326525000000","Freeport town, ME","ME"]
["H","CS2326595000000","Frenchboro town, ME","ME"]
["H","CS2326735000000","Frenchville town, ME","ME"]
["H","CS2326805000000","Friendship town, ME","ME"]
["H","CS2326910000000","Fryeburg town, ME","ME"]
["H","CS2327025000000","Frye Island town, ME","ME"]
["H","CS2327120000000","Garfield plantation, ME","ME"]
["H","CS2327190000000","Garland town, ME","ME"]
["H","CS2327295000000","Georgetown town, ME","ME"]
["H","CS2327505000000","Gilead town, ME","ME"]
["H","CS2327645000000","Glenburn town, ME","ME"]
["H","CS2327855000000","Glenwood plantation, ME","ME"]
["H","CS2328240000000","Gorham town, ME","ME"]
["H","CS2328450000000","Gouldsboro town, ME","ME"]
["H","CS2328590000000","Grand Isle town, ME","ME"]
["H","CS2328660000000","Grand Lake Stream plantation, ME","ME"]
["H","CS2328870000000","Gray town, ME","ME"]
["H","CS2328975000000","Great Pond town, ME","ME"]
["H","CS2329185000000","Greenbush town, ME","ME"]
["H","CS2329255000000","Greene town, ME","ME"]
["H","CS2329535000000","Greenville town, ME","ME"]
["H","CS2329710000000","Greenwood town, ME","ME"]
["H","CS2330095000000","Guilford town, ME","ME"]
["H","CS2330690000000","Hamlin town, ME","ME"]
["H","CS2330725000000","Hammond town, ME","ME"]
["H","CS2330795000000","Hampden town, ME","ME"]
["H","CS2330970000000","Hancock town, ME","ME"]
["H","CS2331110000000","Hanover town, ME","ME"]
["H","CS2331355000000","Harmony town, ME","ME"]
["H","CS2331390000000","Harpswell town, ME","ME"]
["H","CS2331530000000","Harrington town, ME","ME"]
["H","CS2331600000000","Harrison town, ME","ME"]
["H","CS2331670000000","Hartford town, ME","ME"]
["H","CS2331740000000","Hartland town, ME","ME"]
["H","CS2332195000000","Haynesville town, ME","ME"]
["H","CS2332370000000","Hebron town, ME","ME"]
["H","CS2332510000000","Hermon town, ME","ME"]
["H","CS2332685000000","Hersey town, ME","ME"]
["H","CS2332715000000","Hibberts gore, ME","ME"]
["H","CS2332895000000","Highland plantation, ME","ME"]
["H","CS2333315000000","Hiram town, ME","ME"]
["H","CS2333385000000","Hodgdon town, ME","ME"]
["H","CS2333490000000","Holden town, ME","ME"]
["H","CS2333665000000","Hollis town, ME","ME"]
["H","CS2333840000000","Hope town, ME","ME"]
["H","CS2333980000000","Houlton town, ME","ME"]
["H","CS2334190000000","Howland town, ME","ME"]
["H","CS2334365000000","Hudson town, ME","ME"]
["H","CS2334820000000","Industry town, ME","ME"]
["H","CS2335065000000","Island Falls town, ME","ME"]
["H","CS2335135000000","Isle au Haut town, ME","ME"]
["H","CS2335240000000","Islesboro town, ME","ME"]
["H","CS2335345000000","Jackman town, ME","ME"]
["H","CS2335450000000","Jackson town, ME","ME"]
["H","CS2335625000000","Jay town, ME","ME"]
["H","CS2335695000000","Jefferson town, ME","ME"]
["H","CS2335905000000","Jonesboro town, ME","ME"]
["H","CS2336010000000","Jonesport town, ME","ME"]
["H","CS2336325000000","Kenduskeag town, ME","ME"]
["H","CS2336535000000","Kennebunk town, ME","ME"]
["H","CS2336745000000","Kennebunkport town, ME","ME"]
["H","CS2337025000000","Kingfield town, ME","ME"]
["H","CS2337075000000","Kingman unorganized, ME","ME"]
["H","CS2337095000000","Kingsbury plantation, ME","ME"]
["H","CS2337270000000","Kittery town, ME","ME"]
["H","CS2337585000000","Knox town, ME","ME"]
["H","CS2337760000000","Lagrange town, ME","ME"]
["H","CS2337970000000","Lake View plantation, ME","ME"]
["H","CS2338005000000","Lakeville town, ME","ME"]
["H","CS2338180000000","Lamoine town, ME","ME"]
["H","CS2338425000000","Lebanon town, ME","ME"]
["H","CS2338530000000","Lee town, ME","ME"]
["H","CS2338565000000","Leeds town, ME","ME"]
["H","CS2338705000000","Levant town, ME","ME"]
["H","CS2339055000000","Liberty town, ME","ME"]
["H","CS2339195000000","Limerick town, ME","ME"]
["H","CS2339300000000","Limestone town, ME","ME"]
["H","CS2339405000000","Limington town, ME","ME"]
["H","CS2339422000000","Lincoln plantation, ME","ME"]
["H","CS2339475000000","Lincoln town, ME","ME"]
["H","CS2339755000000","Lincolnville town, ME","ME"]
["H","CS2339965000000","Linneus town, ME","ME"]
["H","CS2340035000000","Lisbon town, ME","ME"]
["H","CS2340175000000","Litchfield town, ME","ME"]
["H","CS2340595000000","Littleton town, ME","ME"]
["H","CS2340665000000","Livermore town, ME","ME"]
["H","CS2340770000000","Livermore Falls town, ME","ME"]
["H","CS2341067000000","Long Island town, ME","ME"]
["H","CS2341365000000","Lovell town, ME","ME"]
["H","CS2341435000000","Lowell town, ME","ME"]
["H","CS2341610000000","Lubec town, ME","ME"]
["H","CS2341715000000","Ludlow town, ME","ME"]
["H","CS2341750000000","Lyman town, ME","ME"]
["H","CS2341960000000","Machias town, ME","ME"]
["H","CS2342100000000","Machiasport town, ME","ME"]
["H","CS2342450000000","Macwahoc plantation, ME","ME"]
["H","CS2342520000000","Madawaska town, ME","ME"]
["H","CS2342660000000","Madison town, ME","ME"]
["H","CS2342835000000","Magalloway plantation, ME","ME"]
["H","CS2343080000000","Manchester town, ME","ME"]
["H","CS2343255000000","Mapleton town, ME","ME"]
["H","CS2343430000000","Mariaville town, ME","ME"]
["H","CS2343640000000","Marshfield town, ME","ME"]
["H","CS2343710000000","Mars Hill town, ME","ME"]
["H","CS2343990000000","Masardis town, ME","ME"]
["H","CS2344165000000","Matinicus Isle plantation, ME","ME"]
["H","CS2344270000000","Mattawamkeag town, ME","ME"]
["H","CS2344340000000","Maxfield town, ME","ME"]
["H","CS2344585000000","Mechanic Falls town, ME","ME"]
["H","CS2344760000000","Meddybemps town, ME","ME"]
["H","CS2344830000000","Medford town, ME","ME"]
["H","CS2345005000000","Medway town, ME","ME"]
["H","CS2345110000000","Mercer town, ME","ME"]
["H","CS2345180000000","Merrill town, ME","ME"]
["H","CS2345285000000","Mexico town, ME","ME"]
["H","CS2345600000000","Milbridge town, ME","ME"]
["H","CS2345670000000","Milford town, ME","ME"]
["H","CS2345810000000","Millinocket town, ME","ME"]
["H","CS2346020000000","Milo town, ME","ME"]
["H","CS2346105000000","Milton unorganized, ME","ME"]
["H","CS2346160000000","Minot town, ME","ME"]
["H","CS2346335000000","Monhegan plantation, ME","ME"]
["H","CS2346405000000","Monmouth town, ME","ME"]
["H","CS2346475000000","Monroe town, ME","ME"]
["H","CS2346580000000","Monson town, ME","ME"]
["H","CS2346685000000","Monticello town, ME","ME"]
["H","CS2346790000000","Montville town, ME","ME"]
["H","CS2347140000000","Moose River town, ME","ME"]
["H","CS2347175000000","Moro plantation, ME","ME"]
["H","CS2347245000000","Morrill town, ME","ME"]
["H","CS2347455000000","Moscow town, ME","ME"]
["H","CS2347560000000","Mount Chase town, ME","ME"]
["H","CS2347630000000","Mount Desert town, ME","ME"]
["H","CS2347770000000","Mount Vernon town, ME","ME"]
["H","CS2348085000000","Naples town, ME","ME"]
["H","CS2348120000000","Nashville plantation, ME","ME"]
["H","CS2348505000000","Newburgh town, ME","ME"]
["H","CS2348575000000","New Canada town, ME","ME"]
["H","CS2348645000000","Newcastle town, ME","ME"]
["H","CS2348750000000","Newfield town, ME","ME"]
["H","CS2348820000000","New Gloucester town, ME","ME"]
["H","CS2348960000000","New Limerick town, ME","ME"]
["H","CS2349065000000","Newport town, ME","ME"]
["H","CS2349205000000","New Portland town, ME","ME"]
["H","CS2349275000000","Newry town, ME","ME"]
["H","CS2349345000000","New Sharon town, ME","ME"]
["H","CS2349415000000","New Sweden town, ME","ME"]
["H","CS2349520000000","New Vineyard town, ME","ME"]
["H","CS2349660000000","Nobleboro town, ME","ME"]
["H","CS2349835000000","Norridgewock town, ME","ME"]
["H","CS2350325000000","North Berwick town, ME","ME"]
["H","CS2351105000000","Northeast Piscataquis unorganized, ME","ME"]
["H","CS2351114000000","Northeast Somerset unorganized, ME","ME"]
["H","CS2351375000000","Northfield town, ME","ME"]
["H","CS2351400000000","North Franklin unorganized, ME","ME"]
["H","CS2351620000000","North Haven town, ME","ME"]
["H","CS2352575000000","North Oxford unorganized, ME","ME"]
["H","CS2352710000000","North Penobscot unorganized, ME","ME"]
["H","CS2352845000000","Northport town, ME","ME"]
["H","CS2353500000000","North Washington unorganized, ME","ME"]
["H","CS2353602000000","Northwest Aroostook unorganized, ME","ME"]
["H","CS2353620000000","Northwest Hancock unorganized, ME","ME"]
["H","CS2353628000000","Northwest Piscataquis unorganized, ME","ME"]
["H","CS2353636000000","Northwest Somerset unorganized, ME","ME"]
["H","CS2353860000000","North Yarmouth town, ME","ME"]
["H","CS2354000000000","Norway town, ME","ME"]
["H","CS2354385000000","Oakfield town, ME","ME"]
["H","CS2354560000000","Oakland town, ME","ME"]
["H","CS2354980000000","Ogunquit town, ME","ME"]
["H","CS2355085000000","Old Orchard Beach town, ME","ME"]
["H","CS2355435000000","Orient town, ME","ME"]
["H","CS2355505000000","Orland town, ME","ME"]
["H","CS2355565000000","Orono town, ME","ME"]
["H","CS2355680000000","Orrington town, ME","ME"]
["H","CS2355855000000","Osborn town, ME","ME"]
["H","CS2355890000000","Otis town, ME","ME"]
["H","CS2355960000000","Otisfield town, ME","ME"]
["H","CS2356135000000","Owls Head town, ME","ME"]
["H","CS2356310000000","Oxford town, ME","ME"]
["H","CS2356450000000","Palermo town, ME","ME"]
["H","CS2356520000000","Palmyra town, ME","ME"]
["H","CS2356625000000","Paris town, ME","ME"]
["H","CS2356765000000","Parkman town, ME","ME"]
["H","CS2356870000000","Parsonsfield town, ME","ME"]
["H","CS2357045000000","Passadumkeag town, ME","ME"]
["H","CS2357082000000","Passamaquoddy Indian Township Reservation, ME","ME"]
["H","CS2357090000000","Passamaquoddy Pleasant Point Reservation, ME","ME"]
["H","CS2357150000000","Patten town, ME","ME"]
["H","CS2357780000000","Pembroke town, ME","ME"]
["H","CS2357920000000","Penobscot town, ME","ME"]
["H","CS2357936000000","Penobscot Indian Island Reservation, ME","ME"]
["H","CS2358060000000","Perham town, ME","ME"]
["H","CS2358165000000","Perry town, ME","ME"]
["H","CS2358270000000","Peru town, ME","ME"]
["H","CS2358445000000","Phillips town, ME","ME"]
["H","CS2358515000000","Phippsburg town, ME","ME"]
["H","CS2359005000000","Pittsfield town, ME","ME"]
["H","CS2359110000000","Pittston town, ME","ME"]
["H","CS2359705000000","Pleasant Ridge plantation, ME","ME"]
["H","CS2359950000000","Plymouth town, ME","ME"]
["H","CS2360020000000","Poland town, ME","ME"]
["H","CS2360300000000","Portage Lake town, ME","ME"]
["H","CS2360405000000","Porter town, ME","ME"]
["H","CS2360685000000","Pownal town, ME","ME"]
["H","CS2360790000000","Prentiss unorganized, ME","ME"]
["H","CS2361035000000","Princeton town, ME","ME"]
["H","CS2361210000000","Prospect town, ME","ME"]
["H","CS2361700000000","Randolph town, ME","ME"]
["H","CS2361840000000","Rangeley town, ME","ME"]
["H","CS2361875000000","Rangeley plantation, ME","ME"]
["H","CS2361945000000","Raymond town, ME","ME"]
["H","CS2362190000000","Readfield town, ME","ME"]
["H","CS2362400000000","Reed plantation, ME","ME"]
["H","CS2362645000000","Richmond town, ME","ME"]
["H","CS2362995000000","Ripley town, ME","ME"]
["H","CS2363275000000","Robbinston town, ME","ME"]
["H","CS2363660000000","Rockport town, ME","ME"]
["H","CS2363835000000","Rome town, ME","ME"]
["H","CS2363940000000","Roque Bluffs town, ME","ME"]
["H","CS2364185000000","Roxbury town, ME","ME"]
["H","CS2364290000000","Rumford town, ME","ME"]
["H","CS2364570000000","Sabattus town, ME","ME"]
["H","CS2364780000000","St. Agatha town, ME","ME"]
["H","CS2364850000000","St. Albans town, ME","ME"]
["H","CS2365025000000","St. Francis town, ME","ME"]
["H","CS2365130000000","St. George town, ME","ME"]
["H","CS2365200000000","St. John plantation, ME","ME"]
["H","CS2365655000000","Sandy River plantation, ME","ME"]
["H","CS2365865000000","Sangerville town, ME","ME"]
["H","CS2366145000000","Scarborough town, ME","ME"]
["H","CS2366565000000","Searsmont town, ME","ME"]
["H","CS2366635000000","Searsport town, ME","ME"]
["H","CS2366775000000","Sebago town, ME","ME"]
["H","CS2366950000000","Sebec town, ME","ME"]
["H","CS2367160000000","Seboeis plantation, ME","ME"]
["H","CS2367238000000","Seboomook Lake unorganized, ME","ME"]
["H","CS2367300000000","Sedgwick town, ME","ME"]
["H","CS2367475000000","Shapleigh town, ME","ME"]
["H","CS2367790000000","Sherman town, ME","ME"]
["H","CS2368140000000","Shirley town, ME","ME"]
["H","CS2368385000000","Sidney town, ME","ME"]
["H","CS2368910000000","Skowhegan town, ME","ME"]
["H","CS2369155000000","Smithfield town, ME","ME"]
["H","CS2369260000000","Smyrna town, ME","ME"]
["H","CS2369505000000","Solon town, ME","ME"]
["H","CS2369645000000","Somerville town, ME","ME"]
["H","CS2369750000000","Sorrento town, ME","ME"]
["H","CS2369930000000","South Aroostook unorganized, ME","ME"]
["H","CS2370030000000","South Berwick town, ME","ME"]
["H","CS2370240000000","South Bristol town, ME","ME"]
["H","CS2370655000000","Southeast Piscataquis unorganized, ME","ME"]
["H","CS2370760000000","South Franklin unorganized, ME","ME"]
["H","CS2371755000000","South Oxford unorganized, ME","ME"]
["H","CS2371955000000","Southport town, ME","ME"]
["H","CS2372585000000","South Thomaston town, ME","ME"]
["H","CS2372865000000","Southwest Harbor town, ME","ME"]
["H","CS2373250000000","Springfield town, ME","ME"]
["H","CS2373472000000","Square Lake unorganized, ME","ME"]
["H","CS2373600000000","Stacyville town, ME","ME"]
["H","CS2373670000000","Standish town, ME","ME"]
["H","CS2373845000000","Starks town, ME","ME"]
["H","CS2374055000000","Stetson town, ME","ME"]
["H","CS2374125000000","Steuben town, ME","ME"]
["H","CS2374405000000","Stockholm town, ME","ME"]
["H","CS2374475000000","Stockton Springs town, ME","ME"]
["H","CS2374510000000","Stoneham town, ME","ME"]
["H","CS2374580000000","Stonington town, ME","ME"]
["H","CS2374685000000","Stow town, ME","ME"]
["H","CS2374825000000","Strong town, ME","ME"]
["H","CS2374965000000","Sullivan town, ME","ME"]
["H","CS2375035000000","Sumner town, ME","ME"]
["H","CS2375280000000","Surry town, ME","ME"]
["H","CS2375455000000","Swans Island town, ME","ME"]
["H","CS2375525000000","Swanville town, ME","ME"]
["H","CS2375595000000","Sweden town, ME","ME"]
["H","CS2375770000000","Talmadge town, ME","ME"]
["H","CS2375980000000","Temple town, ME","ME"]
["H","CS2376190000000","The Forks plantation, ME","ME"]
["H","CS2376365000000","Thomaston town, ME","ME"]
["H","CS2376610000000","Thorndike town, ME","ME"]
["H","CS2376895000000","Topsfield town, ME","ME"]
["H","CS2376960000000","Topsham town, ME","ME"]
["H","CS2377345000000","Tremont town, ME","ME"]
["H","CS2377415000000","Trenton town, ME","ME"]
["H","CS2377625000000","Troy town, ME","ME"]
["H","CS2377800000000","Turner town, ME","ME"]
["H","CS2378115000000","Union town, ME","ME"]
["H","CS2378190000000","Unity unorganized, ME","ME"]
["H","CS2378255000000","Unity town, ME","ME"]
["H","CS2378465000000","Upton town, ME","ME"]
["H","CS2378570000000","Van Buren town, ME","ME"]
["H","CS2378675000000","Vanceboro town, ME","ME"]
["H","CS2378745000000","Vassalboro town, ME","ME"]
["H","CS2378780000000","Veazie town, ME","ME"]
["H","CS2378925000000","Verona Island town, ME","ME"]
["H","CS2379025000000","Vienna town, ME","ME"]
["H","CS2379130000000","Vinalhaven town, ME","ME"]
["H","CS2379270000000","Wade town, ME","ME"]
["H","CS2379375000000","Waite town, ME","ME"]
["H","CS2379480000000","Waldo town, ME","ME"]
["H","CS2379550000000","Waldoboro town, ME","ME"]
["H","CS2379585000000","Wales town, ME","ME"]
["H","CS2379865000000","Wallagrass town, ME","ME"]
["H","CS2380040000000","Waltham town, ME","ME"]
["H","CS2380215000000","Warren town, ME","ME"]
["H","CS2380285000000","Washburn town, ME","ME"]
["H","CS2380425000000","Washington town, ME","ME"]
["H","CS2380530000000","Waterboro town, ME","ME"]
["H","CS2380635000000","Waterford town, ME","ME"]
["H","CS2380880000000","Wayne town, ME","ME"]
["H","CS2381055000000","Webster plantation, ME","ME"]
["H","CS2381300000000","Weld town, ME","ME"]
["H","CS2381405000000","Wellington town, ME","ME"]
["H","CS2381475000000","Wells town, ME","ME"]
["H","CS2381685000000","Wesley town, ME","ME"]
["H","CS2381930000000","West Bath town, ME","ME"]
["H","CS2382770000000","Westfield town, ME","ME"]
["H","CS2382840000000","West Forks plantation, ME","ME"]
["H","CS2382945000000","West Gardiner town, ME","ME"]
["H","CS2383540000000","Westmanland town, ME","ME"]
["H","CS2383785000000","Weston town, ME","ME"]
["H","CS2383890000000","West Paris town, ME","ME"]
["H","CS2384140000000","Westport Island town, ME","ME"]
["H","CS2385010000000","Whitefield town, ME","ME"]
["H","CS2385185000000","Whiting town, ME","ME"]
["H","CS2385290000000","Whitneyville town, ME","ME"]
["H","CS2385710000000","Willimantic town, ME","ME"]
["H","CS2385850000000","Wilton town, ME","ME"]
["H","CS2386025000000","Windham town, ME","ME"]
["H","CS2386165000000","Windsor town, ME","ME"]
["H","CS2386305000000","Winn town, ME","ME"]
["H","CS2386515000000","Winslow town, ME","ME"]
["H","CS2386655000000","Winter Harbor town, ME","ME"]
["H","CS2386760000000","Winterport town, ME","ME"]
["H","CS2386865000000","Winterville plantation, ME","ME"]
["H","CS2386970000000","Winthrop town, ME","ME"]
["H","CS2387075000000","Wiscasset town, ME","ME"]
["H","CS2387215000000","Woodland town, ME","ME"]
["H","CS2387355000000","Woodstock town, ME","ME"]
["H","CS2387390000000","Woodville town, ME","ME"]
["H","CS2387460000000","Woolwich town, ME","ME"]
["H","CS2387680000000","Wyman unorganized, ME","ME"]
["H","CS2387845000000","Yarmouth town, ME","ME"]
["H","CS2387985000000","York town, ME","ME"]
["H","CS2500170000000","Abington town, MA","MA"]
["H","CS2500380000000","Acton town, MA","MA"]
["H","CS2500520000000","Acushnet town, MA","MA"]
["H","CS2500555000000","Adams town, MA","MA"]
["H","CS2500975000000","Alford town, MA","MA"]
["H","CS2501585000000","Aquinnah town, MA","MA"]
["H","CS2501885000000","Ashburnham town, MA","MA"]
["H","CS2501955000000","Ashby town, MA","MA"]
["H","CS2502095000000","Ashfield town, MA","MA"]
["H","CS2502130000000","Ashland town, MA","MA"]
["H","CS2502480000000","Athol town, MA","MA"]
["H","CS2502760000000","Auburn town, MA","MA"]
["H","CS2502935000000","Avon town, MA","MA"]
["H","CS2503005000000","Ayer town, MA","MA"]
["H","CS2503740000000","Barre town, MA","MA"]
["H","CS2504545000000","Becket town, MA","MA"]
["H","CS2504615000000","Bedford town, MA","MA"]
["H","CS2504825000000","Belchertown town, MA","MA"]
["H","CS2504930000000","Bellingham town, MA","MA"]
["H","CS2505280000000","Berkley town, MA","MA"]
["H","CS2505490000000","Berlin town, MA","MA"]
["H","CS2505560000000","Bernardston town, MA","MA"]
["H","CS2506015000000","Blackstone town, MA","MA"]
["H","CS2506085000000","Blandford town, MA","MA"]
["H","CS2506365000000","Bolton town, MA","MA"]
["H","CS2507175000000","Bourne town, MA","MA"]
["H","CS2507350000000","Boxborough town, MA","MA"]
["H","CS2507420000000","Boxford town, MA","MA"]
["H","CS2507525000000","Boylston town, MA","MA"]
["H","CS2507980000000","Brewster town, MA","MA"]
["H","CS2508470000000","Brimfield town, MA","MA"]
["H","CS2509105000000","Brookfield town, MA","MA"]
["H","CS2509595000000","Buckland town, MA","MA"]
["H","CS2511315000000","Canton town, MA","MA"]
["H","CS2511525000000","Carlisle town, MA","MA"]
["H","CS2511665000000","Carver town, MA","MA"]
["H","CS2512505000000","Charlemont town, MA","MA"]
["H","CS2512715000000","Charlton town, MA","MA"]
["H","CS2512995000000","Chatham town, MA","MA"]
["H","CS2513345000000","Cheshire town, MA","MA"]
["H","CS2513485000000","Chester town, MA","MA"]
["H","CS2513590000000","Chesterfield town, MA","MA"]
["H","CS2513800000000","Chilmark town, MA","MA"]
["H","CS2514010000000","Clarksburg town, MA","MA"]
["H","CS2514395000000","Clinton town, MA","MA"]
["H","CS2514640000000","Cohasset town, MA","MA"]
["H","CS2514885000000","Colrain town, MA","MA"]
["H","CS2515060000000","Concord town, MA","MA"]
["H","CS2515200000000","Conway town, MA","MA"]
["H","CS2516040000000","Cummington town, MA","MA"]
["H","CS2516180000000","Dalton town, MA","MA"]
["H","CS2516670000000","Deerfield town, MA","MA"]
["H","CS2516775000000","Dennis town, MA","MA"]
["H","CS2516950000000","Dighton town, MA","MA"]
["H","CS2517300000000","Douglas town, MA","MA"]
["H","CS2517405000000","Dover town, MA","MA"]
["H","CS2517685000000","Dudley town, MA","MA"]
["H","CS2517825000000","Dunstable town, MA","MA"]
["H","CS2517895000000","Duxbury town, MA","MA"]
["H","CS2518455000000","East Bridgewater town, MA","MA"]
["H","CS2518560000000","East Brookfield town, MA","MA"]
["H","CS2519295000000","Eastham town, MA","MA"]
["H","CS2519645000000","East Longmeadow town, MA","MA"]
["H","CS2521150000000","Edgartown town, MA","MA"]
["H","CS2521360000000","Egremont town, MA","MA"]
["H","CS2521780000000","Erving town, MA","MA"]
["H","CS2521850000000","Essex town, MA","MA"]
["H","CS2522130000000","Fairhaven town, MA","MA"]
["H","CS2524120000000","Florida town, MA","MA"]
["H","CS2524820000000","Foxborough town, MA","MA"]
["H","CS2525240000000","Freetown town, MA","MA"]
["H","CS2525625000000","Georgetown town, MA","MA"]
["H","CS2525730000000","Gill town, MA","MA"]
["H","CS2526290000000","Goshen town, MA","MA"]
["H","CS2526325000000","Gosnold town, MA","MA"]
["H","CS2526430000000","Grafton town, MA","MA"]
["H","CS2526535000000","Granby town, MA","MA"]
["H","CS2526675000000","Granville town, MA","MA"]
["H","CS2526815000000","Great Barrington town, MA","MA"]
["H","CS2527480000000","Groton town, MA","MA"]
["H","CS2527620000000","Groveland town, MA","MA"]
["H","CS2527690000000","Hadley town, MA","MA"]
["H","CS2527795000000","Halifax town, MA","MA"]
["H","CS2527900000000","Hamilton town, MA","MA"]
["H","CS2528075000000","Hampden town, MA","MA"]
["H","CS2528180000000","Hancock town, MA","MA"]
["H","CS2528285000000","Hanover town, MA","MA"]
["H","CS2528495000000","Hanson town, MA","MA"]
["H","CS2528740000000","Hardwick town, MA","MA"]
["H","CS2528950000000","Harvard town, MA","MA"]
["H","CS2529020000000","Harwich town, MA","MA"]
["H","CS2529265000000","Hatfield town, MA","MA"]
["H","CS2529475000000","Hawley town, MA","MA"]
["H","CS2529650000000","Heath town, MA","MA"]
["H","CS2530210000000","Hingham town, MA","MA"]
["H","CS2530315000000","Hinsdale town, MA","MA"]
["H","CS2530455000000","Holbrook town, MA","MA"]
["H","CS2530560000000","Holden town, MA","MA"]
["H","CS2530665000000","Holland town, MA","MA"]
["H","CS2530700000000","Holliston town, MA","MA"]
["H","CS2530945000000","Hopedale town, MA","MA"]
["H","CS2531085000000","Hopkinton town, MA","MA"]
["H","CS2531435000000","Hubbardston town, MA","MA"]
["H","CS2531540000000","Hudson town, MA","MA"]
["H","CS2531645000000","Hull town, MA","MA"]
["H","CS2531785000000","Huntington town, MA","MA"]
["H","CS2532310000000","Ipswich town, MA","MA"]
["H","CS2533220000000","Kingston town, MA","MA"]
["H","CS2533920000000","Lakeville town, MA","MA"]
["H","CS2534165000000","Lancaster town, MA","MA"]
["H","CS2534340000000","Lanesborough town, MA","MA"]
["H","CS2534655000000","Lee town, MA","MA"]
["H","CS2534795000000","Leicester town, MA","MA"]
["H","CS2534970000000","Lenox town, MA","MA"]
["H","CS2535180000000","Leverett town, MA","MA"]
["H","CS2535285000000","Leyden town, MA","MA"]
["H","CS2535425000000","Lincoln town, MA","MA"]
["H","CS2535950000000","Littleton town, MA","MA"]
["H","CS2536300000000","Longmeadow town, MA","MA"]
["H","CS2537175000000","Ludlow town, MA","MA"]
["H","CS2537420000000","Lunenburg town, MA","MA"]
["H","CS2537560000000","Lynnfield town, MA","MA"]
["H","CS2537995000000","Manchester-by-the-Sea town, MA","MA"]
["H","CS2538225000000","Mansfield town, MA","MA"]
["H","CS2538400000000","Marblehead town, MA","MA"]
["H","CS2538540000000","Marion town, MA","MA"]
["H","CS2539100000000","Mashpee town, MA","MA"]
["H","CS2539450000000","Mattapoisett town, MA","MA"]
["H","CS2539625000000","Maynard town, MA","MA"]
["H","CS2539765000000","Medfield town, MA","MA"]
["H","CS2539975000000","Medway town, MA","MA"]
["H","CS2540255000000","Mendon town, MA","MA"]
["H","CS2540430000000","Merrimac town, MA","MA"]
["H","CS2540850000000","Middleborough town, MA","MA"]
["H","CS2540990000000","Middlefield town, MA","MA"]
["H","CS2541095000000","Middleton town, MA","MA"]
["H","CS2541340000000","Millbury town, MA","MA"]
["H","CS2541515000000","Millis town, MA","MA"]
["H","CS2541585000000","Millville town, MA","MA"]
["H","CS2542040000000","Monroe town, MA","MA"]
["H","CS2542145000000","Monson town, MA","MA"]
["H","CS2542285000000","Montague town, MA","MA"]
["H","CS2542460000000","Monterey town, MA","MA"]
["H","CS2542530000000","Montgomery town, MA","MA"]
["H","CS2543300000000","Mount Washington town, MA","MA"]
["H","CS2543580000000","Nahant town, MA","MA"]
["H","CS2543790000000","Nantucket County/town, MA","MA"]
["H","CS2544385000000","New Ashford town, MA","MA"]
["H","CS2545105000000","New Braintree town, MA","MA"]
["H","CS2545175000000","Newbury town, MA","MA"]
["H","CS2545420000000","New Marlborough town, MA","MA"]
["H","CS2545490000000","New Salem town, MA","MA"]
["H","CS2546050000000","Norfolk town, MA","MA"]
["H","CS2546820000000","Northborough town, MA","MA"]
["H","CS2546925000000","Northbridge town, MA","MA"]
["H","CS2547135000000","North Brookfield town, MA","MA"]
["H","CS2547835000000","Northfield town, MA","MA"]
["H","CS2548955000000","North Reading town, MA","MA"]
["H","CS2549970000000","Norton town, MA","MA"]
["H","CS2550145000000","Norwell town, MA","MA"]
["H","CS2550390000000","Oak Bluffs town, MA","MA"]
["H","CS2550670000000","Oakham town, MA","MA"]
["H","CS2551265000000","Orange town, MA","MA"]
["H","CS2551440000000","Orleans town, MA","MA"]
["H","CS2551580000000","Otis town, MA","MA"]
["H","CS2551825000000","Oxford town, MA","MA"]
["H","CS2552420000000","Paxton town, MA","MA"]
["H","CS2552560000000","Pelham town, MA","MA"]
["H","CS2552630000000","Pembroke town, MA","MA"]
["H","CS2552805000000","Pepperell town, MA","MA"]
["H","CS2553050000000","Peru town, MA","MA"]
["H","CS2553120000000","Petersham town, MA","MA"]
["H","CS2553225000000","Phillipston town, MA","MA"]
["H","CS2554030000000","Plainfield town, MA","MA"]
["H","CS2554100000000","Plainville town, MA","MA"]
["H","CS2554415000000","Plympton town, MA","MA"]
["H","CS2555395000000","Princeton town, MA","MA"]
["H","CS2555500000000","Provincetown town, MA","MA"]
["H","CS2556060000000","Raynham town, MA","MA"]
["H","CS2556375000000","Rehoboth town, MA","MA"]
["H","CS2556795000000","Richmond town, MA","MA"]
["H","CS2557600000000","Rochester town, MA","MA"]
["H","CS2557775000000","Rockland town, MA","MA"]
["H","CS2557880000000","Rockport town, MA","MA"]
["H","CS2558335000000","Rowe town, MA","MA"]
["H","CS2558405000000","Rowley town, MA","MA"]
["H","CS2558580000000","Royalston town, MA","MA"]
["H","CS2558650000000","Russell town, MA","MA"]
["H","CS2558825000000","Rutland town, MA","MA"]
["H","CS2559245000000","Salisbury town, MA","MA"]
["H","CS2559665000000","Sandisfield town, MA","MA"]
["H","CS2559735000000","Sandwich town, MA","MA"]
["H","CS2560225000000","Savoy town, MA","MA"]
["H","CS2560330000000","Scituate town, MA","MA"]
["H","CS2560645000000","Seekonk town, MA","MA"]
["H","CS2560785000000","Sharon town, MA","MA"]
["H","CS2561065000000","Sheffield town, MA","MA"]
["H","CS2561135000000","Shelburne town, MA","MA"]
["H","CS2561380000000","Sherborn town, MA","MA"]
["H","CS2561590000000","Shirley town, MA","MA"]
["H","CS2561905000000","Shutesbury town, MA","MA"]
["H","CS2562430000000","Somerset town, MA","MA"]
["H","CS2562745000000","Southampton town, MA","MA"]
["H","CS2563165000000","Southborough town, MA","MA"]
["H","CS2564145000000","South Hadley town, MA","MA"]
["H","CS2565825000000","Southwick town, MA","MA"]
["H","CS2566105000000","Spencer town, MA","MA"]
["H","CS2567385000000","Sterling town, MA","MA"]
["H","CS2567595000000","Stockbridge town, MA","MA"]
["H","CS2567665000000","Stoneham town, MA","MA"]
["H","CS2568050000000","Stow town, MA","MA"]
["H","CS2568155000000","Sturbridge town, MA","MA"]
["H","CS2568260000000","Sudbury town, MA","MA"]
["H","CS2568400000000","Sunderland town, MA","MA"]
["H","CS2568610000000","Sutton town, MA","MA"]
["H","CS2568645000000","Swampscott town, MA","MA"]
["H","CS2568750000000","Swansea town, MA","MA"]
["H","CS2569275000000","Templeton town, MA","MA"]
["H","CS2569940000000","Tisbury town, MA","MA"]
["H","CS2570045000000","Tolland town, MA","MA"]
["H","CS2570150000000","Topsfield town, MA","MA"]
["H","CS2570360000000","Townsend town, MA","MA"]
["H","CS2570605000000","Truro town, MA","MA"]
["H","CS2571025000000","Tyngsborough town, MA","MA"]
["H","CS2571095000000","Tyringham town, MA","MA"]
["H","CS2571480000000","Upton town, MA","MA"]
["H","CS2571620000000","Uxbridge town, MA","MA"]
["H","CS2572390000000","Wales town, MA","MA"]
["H","CS2572880000000","Ware town, MA","MA"]
["H","CS2572985000000","Wareham town, MA","MA"]
["H","CS2573090000000","Warren town, MA","MA"]
["H","CS2573265000000","Warwick town, MA","MA"]
["H","CS2573335000000","Washington town, MA","MA"]
["H","CS2573790000000","Wayland town, MA","MA"]
["H","CS2573895000000","Webster town, MA","MA"]
["H","CS2574385000000","Wellfleet town, MA","MA"]
["H","CS2574525000000","Wendell town, MA","MA"]
["H","CS2574595000000","Wenham town, MA","MA"]
["H","CS2575015000000","Westborough town, MA","MA"]
["H","CS2575155000000","West Boylston town, MA","MA"]
["H","CS2575260000000","West Bridgewater town, MA","MA"]
["H","CS2575400000000","West Brookfield town, MA","MA"]
["H","CS2576135000000","Westford town, MA","MA"]
["H","CS2576380000000","Westhampton town, MA","MA"]
["H","CS2577010000000","Westminster town, MA","MA"]
["H","CS2577150000000","West Newbury town, MA","MA"]
["H","CS2577255000000","Weston town, MA","MA"]
["H","CS2577570000000","Westport town, MA","MA"]
["H","CS2577990000000","West Stockbridge town, MA","MA"]
["H","CS2578235000000","West Tisbury town, MA","MA"]
["H","CS2578690000000","Westwood town, MA","MA"]
["H","CS2579110000000","Whately town, MA","MA"]
["H","CS2579530000000","Whitman town, MA","MA"]
["H","CS2579740000000","Wilbraham town, MA","MA"]
["H","CS2579915000000","Williamsburg town, MA","MA"]
["H","CS2579985000000","Williamstown town, MA","MA"]
["H","CS2580230000000","Wilmington town, MA","MA"]
["H","CS2580405000000","Winchendon town, MA","MA"]
["H","CS2580510000000","Winchester town, MA","MA"]
["H","CS2580685000000","Windsor town, MA","MA"]
["H","CS2582175000000","Worthington town, MA","MA"]
["H","CS2582315000000","Wrentham town, MA","MA"]
["H","CS3300260000000","Acworth town, NH","NH"]
["H","CS3300420000000","Albany town, NH","NH"]
["H","CS3300580000000","Alexandria town, NH","NH"]
["H","CS3300660000000","Allenstown town, NH","NH"]
["H","CS3300820000000","Alstead town, NH","NH"]
["H","CS3301060000000","Alton town, NH","NH"]
["H","CS3301300000000","Amherst town, NH","NH"]
["H","CS3301460000000","Andover town, NH","NH"]
["H","CS3301700000000","Antrim town, NH","NH"]
["H","CS3302020000000","Ashland town, NH","NH"]
["H","CS3302340000000","Atkinson town, NH","NH"]
["H","CS3302820000000","Auburn town, NH","NH"]
["H","CS3303220000000","Barnstead town, NH","NH"]
["H","CS3303460000000","Barrington town, NH","NH"]
["H","CS3303700000000","Bartlett town, NH","NH"]
["H","CS3303940000000","Bath town, NH","NH"]
["H","CS3304500000000","Bedford town, NH","NH"]
["H","CS3304740000000","Belmont town, NH","NH"]
["H","CS3304900000000","Bennington town, NH","NH"]
["H","CS3305060000000","Benton town, NH","NH"]
["H","CS3305460000000","Bethlehem town, NH","NH"]
["H","CS3306260000000","Boscawen town, NH","NH"]
["H","CS3306500000000","Bow town, NH","NH"]
["H","CS3306980000000","Bradford town, NH","NH"]
["H","CS3307220000000","Brentwood town, NH","NH"]
["H","CS3307540000000","Bridgewater town, NH","NH"]
["H","CS3307700000000","Bristol town, NH","NH"]
["H","CS3307940000000","Brookfield town, NH","NH"]
["H","CS3308100000000","Brookline town, NH","NH"]
["H","CS3308420000000","Cambridge township, NH","NH"]
["H","CS3308660000000","Campton town, NH","NH"]
["H","CS3308980000000","Canaan town, NH","NH"]
["H","CS3309300000000","Candia town, NH","NH"]
["H","CS3309860000000","Canterbury town, NH","NH"]
["H","CS3310100000000","Carroll town, NH","NH"]
["H","CS3310660000000","Center Harbor town, NH","NH"]
["H","CS3311380000000","Charlestown town, NH","NH"]
["H","CS3311780000000","Chatham town, NH","NH"]
["H","CS3312100000000","Chester town, NH","NH"]
["H","CS3312260000000","Chesterfield town, NH","NH"]
["H","CS3312420000000","Chichester town, NH","NH"]
["H","CS3313220000000","Clarksville town, NH","NH"]
["H","CS3313780000000","Colebrook town, NH","NH"]
["H","CS3313940000000","Columbia town, NH","NH"]
["H","CS3314660000000","Conway town, NH","NH"]
["H","CS3315060000000","Cornish town, NH","NH"]
["H","CS3316340000000","Croydon town, NH","NH"]
["H","CS3316820000000","Dalton town, NH","NH"]
["H","CS3316980000000","Danbury town, NH","NH"]
["H","CS3317140000000","Danville town, NH","NH"]
["H","CS3317460000000","Deerfield town, NH","NH"]
["H","CS3317780000000","Deering town, NH","NH"]
["H","CS3318420000000","Dixville township, NH","NH"]
["H","CS3318740000000","Dorchester town, NH","NH"]
["H","CS3319140000000","Dublin town, NH","NH"]
["H","CS3319300000000","Dummer town, NH","NH"]
["H","CS3319460000000","Dunbarton town, NH","NH"]
["H","CS3319700000000","Durham town, NH","NH"]
["H","CS3321380000000","East Kingston town, NH","NH"]
["H","CS3322020000000","Easton town, NH","NH"]
["H","CS3323380000000","Eaton town, NH","NH"]
["H","CS3323620000000","Effingham town, NH","NH"]
["H","CS3323860000000","Ellsworth town, NH","NH"]
["H","CS3324340000000","Enfield town, NH","NH"]
["H","CS3324660000000","Epping town, NH","NH"]
["H","CS3324900000000","Epsom town, NH","NH"]
["H","CS3325140000000","Errol town, NH","NH"]
["H","CS3325380000000","Exeter town, NH","NH"]
["H","CS3326020000000","Farmington town, NH","NH"]
["H","CS3326500000000","Fitzwilliam town, NH","NH"]
["H","CS3327140000000","Francestown town, NH","NH"]
["H","CS3327300000000","Franconia town, NH","NH"]
["H","CS3327700000000","Freedom town, NH","NH"]
["H","CS3327940000000","Fremont town, NH","NH"]
["H","CS3328740000000","Gilford town, NH","NH"]
["H","CS3328980000000","Gilmanton town, NH","NH"]
["H","CS3329220000000","Gilsum town, NH","NH"]
["H","CS3329860000000","Goffstown town, NH","NH"]
["H","CS3330260000000","Gorham town, NH","NH"]
["H","CS3330500000000","Goshen town, NH","NH"]
["H","CS3330820000000","Grafton town, NH","NH"]
["H","CS3331220000000","Grantham town, NH","NH"]
["H","CS3331540000000","Greenfield town, NH","NH"]
["H","CS3331700000000","Greenland town, NH","NH"]
["H","CS3331940000000","Greenville town, NH","NH"]
["H","CS3332180000000","Groton town, NH","NH"]
["H","CS3332500000000","Hale's location, NH","NH"]
["H","CS3332900000000","Hampstead town, NH","NH"]
["H","CS3333060000000","Hampton town, NH","NH"]
["H","CS3333460000000","Hampton Falls town, NH","NH"]
["H","CS3333700000000","Hancock town, NH","NH"]
["H","CS3333860000000","Hanover town, NH","NH"]
["H","CS3334420000000","Harrisville town, NH","NH"]
["H","CS3334500000000","Hart's Location town, NH","NH"]
["H","CS3334820000000","Haverhill town, NH","NH"]
["H","CS3335220000000","Hebron town, NH","NH"]
["H","CS3335540000000","Henniker town, NH","NH"]
["H","CS3335860000000","Hill town, NH","NH"]
["H","CS3336180000000","Hillsborough town, NH","NH"]
["H","CS3336660000000","Hinsdale town, NH","NH"]
["H","CS3336900000000","Holderness town, NH","NH"]
["H","CS3337140000000","Hollis town, NH","NH"]
["H","CS3337300000000","Hooksett town, NH","NH"]
["H","CS3337540000000","Hopkinton town, NH","NH"]
["H","CS3338260000000","Jackson town, NH","NH"]
["H","CS3338500000000","Jaffrey town, NH","NH"]
["H","CS3338820000000","Jefferson town, NH","NH"]
["H","CS3339780000000","Kensington town, NH","NH"]
["H","CS3340100000000","Kingston town, NH","NH"]
["H","CS3340420000000","Lancaster town, NH","NH"]
["H","CS3340660000000","Landaff town, NH","NH"]
["H","CS3340900000000","Langdon town, NH","NH"]
["H","CS3341460000000","Lee town, NH","NH"]
["H","CS3341700000000","Lempster town, NH","NH"]
["H","CS3341860000000","Lincoln town, NH","NH"]
["H","CS3342020000000","Lisbon town, NH","NH"]
["H","CS3342260000000","Litchfield town, NH","NH"]
["H","CS3342580000000","Littleton town, NH","NH"]
["H","CS3343380000000","Loudon town, NH","NH"]
["H","CS3344100000000","Lyman town, NH","NH"]
["H","CS3344260000000","Lyme town, NH","NH"]
["H","CS3344580000000","Lyndeborough town, NH","NH"]
["H","CS3344820000000","Madbury town, NH","NH"]
["H","CS3345060000000","Madison town, NH","NH"]
["H","CS3345460000000","Marlborough town, NH","NH"]
["H","CS3345700000000","Marlow town, NH","NH"]
["H","CS3346260000000","Mason town, NH","NH"]
["H","CS3347140000000","Meredith town, NH","NH"]
["H","CS3347700000000","Middleton town, NH","NH"]
["H","CS3347860000000","Milan town, NH","NH"]
["H","CS3348020000000","Milford town, NH","NH"]
["H","CS3348260000000","Millsfield township, NH","NH"]
["H","CS3348660000000","Milton town, NH","NH"]
["H","CS3348980000000","Monroe town, NH","NH"]
["H","CS3349140000000","Mont Vernon town, NH","NH"]
["H","CS3349380000000","Moultonborough town, NH","NH"]
["H","CS3350580000000","Nelson town, NH","NH"]
["H","CS3350740000000","New Boston town, NH","NH"]
["H","CS3350900000000","Newbury town, NH","NH"]
["H","CS3350980000000","New Castle town, NH","NH"]
["H","CS3351220000000","New Durham town, NH","NH"]
["H","CS3351380000000","Newfields town, NH","NH"]
["H","CS3351540000000","New Hampton town, NH","NH"]
["H","CS3351620000000","Newington town, NH","NH"]
["H","CS3351940000000","New Ipswich town, NH","NH"]
["H","CS3352100000000","New London town, NH","NH"]
["H","CS3352340000000","Newmarket town, NH","NH"]
["H","CS3352580000000","Newport town, NH","NH"]
["H","CS3352900000000","Newton town, NH","NH"]
["H","CS3354260000000","Northfield town, NH","NH"]
["H","CS3354580000000","North Hampton town, NH","NH"]
["H","CS3356100000000","Northumberland town, NH","NH"]
["H","CS3356820000000","Northwood town, NH","NH"]
["H","CS3357460000000","Nottingham town, NH","NH"]
["H","CS3358340000000","Orange town, NH","NH"]
["H","CS3358500000000","Orford town, NH","NH"]
["H","CS3358740000000","Ossipee town, NH","NH"]
["H","CS3359940000000","Pelham town, NH","NH"]
["H","CS3360020000000","Pembroke town, NH","NH"]
["H","CS3360580000000","Peterborough town, NH","NH"]
["H","CS3361060000000","Piermont town, NH","NH"]
["H","CS3361620000000","Pinkhams grant, NH","NH"]
["H","CS3361780000000","Pittsburg town, NH","NH"]
["H","CS3361940000000","Pittsfield town, NH","NH"]
["H","CS3362340000000","Plainfield town, NH","NH"]
["H","CS3362500000000","Plaistow town, NH","NH"]
["H","CS3362660000000","Plymouth town, NH","NH"]
["H","CS3363860000000","Randolph town, NH","NH"]
["H","CS3364020000000","Raymond town, NH","NH"]
["H","CS3364420000000","Richmond town, NH","NH"]
["H","CS3364580000000","Rindge town, NH","NH"]
["H","CS3365540000000","Rollinsford town, NH","NH"]
["H","CS3365700000000","Roxbury town, NH","NH"]
["H","CS3365940000000","Rumney town, NH","NH"]
["H","CS3366180000000","Rye town, NH","NH"]
["H","CS3366980000000","Salisbury town, NH","NH"]
["H","CS3367300000000","Sanbornton town, NH","NH"]
["H","CS3367620000000","Sandown town, NH","NH"]
["H","CS3367780000000","Sandwich town, NH","NH"]
["H","CS3368260000000","Seabrook town, NH","NH"]
["H","CS3368820000000","Sharon town, NH","NH"]
["H","CS3368980000000","Shelburne town, NH","NH"]
["H","CS3371140000000","South Hampton town, NH","NH"]
["H","CS3372740000000","Springfield town, NH","NH"]
["H","CS3373060000000","Stark town, NH","NH"]
["H","CS3373380000000","Stewartstown town, NH","NH"]
["H","CS3373700000000","Stoddard town, NH","NH"]
["H","CS3373860000000","Strafford town, NH","NH"]
["H","CS3374180000000","Stratford town, NH","NH"]
["H","CS3374340000000","Stratham town, NH","NH"]
["H","CS3374740000000","Sugar Hill town, NH","NH"]
["H","CS3374900000000","Sullivan town, NH","NH"]
["H","CS3375060000000","Sunapee town, NH","NH"]
["H","CS3375300000000","Surry town, NH","NH"]
["H","CS3375460000000","Sutton town, NH","NH"]
["H","CS3375700000000","Swanzey town, NH","NH"]
["H","CS3376100000000","Tamworth town, NH","NH"]
["H","CS3376260000000","Temple town, NH","NH"]
["H","CS3376740000000","Thornton town, NH","NH"]
["H","CS3377060000000","Tilton town, NH","NH"]
["H","CS3377380000000","Troy town, NH","NH"]
["H","CS3377620000000","Tuftonboro town, NH","NH"]
["H","CS3377940000000","Unity town, NH","NH"]
["H","CS3378180000000","Wakefield town, NH","NH"]
["H","CS3378420000000","Walpole town, NH","NH"]
["H","CS3378580000000","Warner town, NH","NH"]
["H","CS3378740000000","Warren town, NH","NH"]
["H","CS3378980000000","Washington town, NH","NH"]
["H","CS3379380000000","Waterville Valley town, NH","NH"]
["H","CS3379780000000","Weare town, NH","NH"]
["H","CS3380020000000","Webster town, NH","NH"]
["H","CS3380500000000","Wentworth town, NH","NH"]
["H","CS3380740000000","Wentworth location, NH","NH"]
["H","CS3382660000000","Westmoreland town, NH","NH"]
["H","CS3384420000000","Whitefield town, NH","NH"]
["H","CS3384900000000","Wilmot town, NH","NH"]
["H","CS3385220000000","Wilton town, NH","NH"]
["H","CS3385540000000","Winchester town, NH","NH"]
["H","CS3385780000000","Windham town, NH","NH"]
["H","CS3385940000000","Windsor town, NH","NH"]
["H","CS3386420000000","Wolfeboro town, NH","NH"]
["H","CS3387060000000","Woodstock town, NH","NH"]
["H","CS4405140000000","Barrington town, RI","RI"]
["H","CS4409280000000","Bristol town, RI","RI"]
["H","CS4411800000000","Burrillville town, RI","RI"]
["H","CS4414500000000","Charlestown town, RI","RI"]
["H","CS4422240000000","East Greenwich town, RI","RI"]
["H","CS4425300000000","Exeter town, RI","RI"]
["H","CS4427460000000","Foster town, RI","RI"]
["H","CS4430340000000","Glocester town, RI","RI"]
["H","CS4435380000000","Hopkinton town, RI","RI"]
["H","CS4436820000000","Jamestown town, RI","RI"]
["H","CS4441500000000","Lincoln town, RI","RI"]
["H","CS4442400000000","Little Compton town, RI","RI"]
["H","CS4445460000000","Middletown town, RI","RI"]
["H","CS4448340000000","Narragansett town, RI","RI"]
["H","CS4450500000000","New Shoreham town, RI","RI"]
["H","CS4452480000000","North Smithfield town, RI","RI"]
["H","CS4457880000000","Portsmouth town, RI","RI"]
["H","CS4461160000000","Richmond town, RI","RI"]
["H","CS4464220000000","Scituate town, RI","RI"]
["H","CS4466200000000","Smithfield town, RI","RI"]
["H","CS4470880000000","Tiverton town, RI","RI"]
["H","CS4473760000000","Warren town, RI","RI"]
["H","CS4477000000000","Westerly town, RI","RI"]
["H","CS4477720000000","West Greenwich town, RI","RI"]
["H","CS5000325000000","Addison town, VT","VT"]
["H","CS5000475000000","Albany town, VT","VT"]
["H","CS5000860000000","Alburgh town, VT","VT"]
["H","CS5001300000000","Andover town, VT","VT"]
["H","CS5001450000000","Arlington town, VT","VT"]
["H","CS5001900000000","Athens town, VT","VT"]
["H","CS5002125000000","Averill town, VT","VT"]
["H","CS5002500000000","Bakersfield town, VT","VT"]
["H","CS5002575000000","Baltimore town, VT","VT"]
["H","CS5002725000000","Barnard town, VT","VT"]
["H","CS5002875000000","Barnet town, VT","VT"]
["H","CS5003250000000","Barre town, VT","VT"]
["H","CS5003550000000","Barton town, VT","VT"]
["H","CS5004375000000","Belvidere town, VT","VT"]
["H","CS5004825000000","Bennington town, VT","VT"]
["H","CS5005200000000","Benson town, VT","VT"]
["H","CS5005425000000","Berkshire town, VT","VT"]
["H","CS5005650000000","Berlin town, VT","VT"]
["H","CS5005800000000","Bethel town, VT","VT"]
["H","CS5006325000000","Bloomfield town, VT","VT"]
["H","CS5006550000000","Bolton town, VT","VT"]
["H","CS5007375000000","Bradford town, VT","VT"]
["H","CS5007600000000","Braintree town, VT","VT"]
["H","CS5007750000000","Brandon town, VT","VT"]
["H","CS5007900000000","Brattleboro town, VT","VT"]
["H","CS5008275000000","Bridgewater town, VT","VT"]
["H","CS5008575000000","Bridport town, VT","VT"]
["H","CS5008725000000","Brighton town, VT","VT"]
["H","CS5009025000000","Bristol town, VT","VT"]
["H","CS5009325000000","Brookfield town, VT","VT"]
["H","CS5009475000000","Brookline town, VT","VT"]
["H","CS5009850000000","Brownington town, VT","VT"]
["H","CS5010075000000","Brunswick town, VT","VT"]
["H","CS5010300000000","Buels gore, VT","VT"]
["H","CS5010450000000","Burke town, VT","VT"]
["H","CS5011125000000","Cabot town, VT","VT"]
["H","CS5011350000000","Calais town, VT","VT"]
["H","CS5011500000000","Cambridge town, VT","VT"]
["H","CS5011800000000","Canaan town, VT","VT"]
["H","CS5011950000000","Castleton town, VT","VT"]
["H","CS5012250000000","Cavendish town, VT","VT"]
["H","CS5013150000000","Charleston town, VT","VT"]
["H","CS5013300000000","Charlotte town, VT","VT"]
["H","CS5013525000000","Chelsea town, VT","VT"]
["H","CS5013675000000","Chester town, VT","VT"]
["H","CS5014350000000","Chittenden town, VT","VT"]
["H","CS5014500000000","Clarendon town, VT","VT"]
["H","CS5014875000000","Colchester town, VT","VT"]
["H","CS5015250000000","Concord town, VT","VT"]
["H","CS5015700000000","Corinth town, VT","VT"]
["H","CS5016000000000","Cornwall town, VT","VT"]
["H","CS5016150000000","Coventry town, VT","VT"]
["H","CS5016300000000","Craftsbury town, VT","VT"]
["H","CS5016825000000","Danby town, VT","VT"]
["H","CS5017125000000","Danville town, VT","VT"]
["H","CS5017350000000","Derby town, VT","VT"]
["H","CS5017725000000","Dorset town, VT","VT"]
["H","CS5017875000000","Dover town, VT","VT"]
["H","CS5018325000000","Dummerston town, VT","VT"]
["H","CS5018550000000","Duxbury town, VT","VT"]
["H","CS5021250000000","East Haven town, VT","VT"]
["H","CS5021925000000","East Montpelier town, VT","VT"]
["H","CS5023500000000","Eden town, VT","VT"]
["H","CS5023725000000","Elmore town, VT","VT"]
["H","CS5024050000000","Enosburgh town, VT","VT"]
["H","CS5024175000000","Essex town, VT","VT"]
["H","CS5024925000000","Fairfax town, VT","VT"]
["H","CS5025225000000","Fairfield town, VT","VT"]
["H","CS5025375000000","Fair Haven town, VT","VT"]
["H","CS5025675000000","Fairlee town, VT","VT"]
["H","CS5025825000000","Fayston town, VT","VT"]
["H","CS5025975000000","Ferdinand town, VT","VT"]
["H","CS5026300000000","Ferrisburgh town, VT","VT"]
["H","CS5026500000000","Fletcher town, VT","VT"]
["H","CS5027100000000","Franklin town, VT","VT"]
["H","CS5027700000000","Georgia town, VT","VT"]
["H","CS5027962000000","Glastenbury town, VT","VT"]
["H","CS5028075000000","Glover town, VT","VT"]
["H","CS5028600000000","Goshen town, VT","VT"]
["H","CS5028900000000","Grafton town, VT","VT"]
["H","CS5029125000000","Granby town, VT","VT"]
["H","CS5029275000000","Grand Isle town, VT","VT"]
["H","CS5029575000000","Granville town, VT","VT"]
["H","CS5030175000000","Greensboro town, VT","VT"]
["H","CS5030550000000","Groton town, VT","VT"]
["H","CS5030775000000","Guildhall town, VT","VT"]
["H","CS5030925000000","Guilford town, VT","VT"]
["H","CS5031150000000","Halifax town, VT","VT"]
["H","CS5031525000000","Hancock town, VT","VT"]
["H","CS5031825000000","Hardwick town, VT","VT"]
["H","CS5032275000000","Hartford town, VT","VT"]
["H","CS5032425000000","Hartland town, VT","VT"]
["H","CS5033025000000","Highgate town, VT","VT"]
["H","CS5033475000000","Hinesburg town, VT","VT"]
["H","CS5033775000000","Holland town, VT","VT"]
["H","CS5034450000000","Hubbardton town, VT","VT"]
["H","CS5034600000000","Huntington town, VT","VT"]
["H","CS5035050000000","Hyde Park town, VT","VT"]
["H","CS5035425000000","Ira town, VT","VT"]
["H","CS5035575000000","Irasburg town, VT","VT"]
["H","CS5035875000000","Isle La Motte town, VT","VT"]
["H","CS5036175000000","Jamaica town, VT","VT"]
["H","CS5036325000000","Jay town, VT","VT"]
["H","CS5036700000000","Jericho town, VT","VT"]
["H","CS5037075000000","Johnson town, VT","VT"]
["H","CS5037685000000","Killington town, VT","VT"]
["H","CS5037900000000","Kirby town, VT","VT"]
["H","CS5039025000000","Landgrove town, VT","VT"]
["H","CS5039325000000","Leicester town, VT","VT"]
["H","CS5039700000000","Lemington town, VT","VT"]
["H","CS5040075000000","Lincoln town, VT","VT"]
["H","CS5040225000000","Londonderry town, VT","VT"]
["H","CS5040525000000","Lowell town, VT","VT"]
["H","CS5041275000000","Ludlow town, VT","VT"]
["H","CS5041425000000","Lunenburg town, VT","VT"]
["H","CS5041725000000","Lyndon town, VT","VT"]
["H","CS5042475000000","Maidstone town, VT","VT"]
["H","CS5042850000000","Manchester town, VT","VT"]
["H","CS5043375000000","Marlboro town, VT","VT"]
["H","CS5043600000000","Marshfield town, VT","VT"]
["H","CS5044125000000","Mendon town, VT","VT"]
["H","CS5044350000000","Middlebury town, VT","VT"]
["H","CS5044500000000","Middlesex town, VT","VT"]
["H","CS5044800000000","Middletown Springs town, VT","VT"]
["H","CS5045250000000","Milton town, VT","VT"]
["H","CS5045550000000","Monkton town, VT","VT"]
["H","CS5045850000000","Montgomery town, VT","VT"]
["H","CS5046225000000","Moretown town, VT","VT"]
["H","CS5046450000000","Morgan town, VT","VT"]
["H","CS5046675000000","Morristown town, VT","VT"]
["H","CS5047200000000","Mount Holly town, VT","VT"]
["H","CS5047425000000","Mount Tabor town, VT","VT"]
["H","CS5047725000000","Newark town, VT","VT"]
["H","CS5048175000000","Newbury town, VT","VT"]
["H","CS5048400000000","Newfane town, VT","VT"]
["H","CS5048700000000","New Haven town, VT","VT"]
["H","CS5048925000000","Newport town, VT","VT"]
["H","CS5050275000000","Northfield town, VT","VT"]
["H","CS5050650000000","North Hero town, VT","VT"]
["H","CS5052750000000","Norton town, VT","VT"]
["H","CS5052900000000","Norwich town, VT","VT"]
["H","CS5053425000000","Orange town, VT","VT"]
["H","CS5053725000000","Orwell town, VT","VT"]
["H","CS5053950000000","Panton town, VT","VT"]
["H","CS5054250000000","Pawlet town, VT","VT"]
["H","CS5054400000000","Peacham town, VT","VT"]
["H","CS5055000000000","Peru town, VT","VT"]
["H","CS5055450000000","Pittsfield town, VT","VT"]
["H","CS5055600000000","Pittsford town, VT","VT"]
["H","CS5055825000000","Plainfield town, VT","VT"]
["H","CS5056050000000","Plymouth town, VT","VT"]
["H","CS5056350000000","Pomfret town, VT","VT"]
["H","CS5056875000000","Poultney town, VT","VT"]
["H","CS5057025000000","Pownal town, VT","VT"]
["H","CS5057250000000","Proctor town, VT","VT"]
["H","CS5057700000000","Putney town, VT","VT"]
["H","CS5058075000000","Randolph town, VT","VT"]
["H","CS5058375000000","Reading town, VT","VT"]
["H","CS5058600000000","Readsboro town, VT","VT"]
["H","CS5059125000000","Richford town, VT","VT"]
["H","CS5059275000000","Richmond town, VT","VT"]
["H","CS5059650000000","Ripton town, VT","VT"]
["H","CS5060100000000","Rochester town, VT","VT"]
["H","CS5060250000000","Rockingham town, VT","VT"]
["H","CS5060625000000","Roxbury town, VT","VT"]
["H","CS5060850000000","Royalton town, VT","VT"]
["H","CS5061000000000","Rupert town, VT","VT"]
["H","CS5061300000000","Rutland town, VT","VT"]
["H","CS5061525000000","Ryegate town, VT","VT"]
["H","CS5061750000000","St. Albans town, VT","VT"]
["H","CS5062050000000","St. George town, VT","VT"]
["H","CS5062200000000","St. Johnsbury town, VT","VT"]
["H","CS5062575000000","Salisbury town, VT","VT"]
["H","CS5062875000000","Sandgate town, VT","VT"]
["H","CS5063175000000","Searsburg town, VT","VT"]
["H","CS5063550000000","Shaftsbury town, VT","VT"]
["H","CS5063775000000","Sharon town, VT","VT"]
["H","CS5064075000000","Sheffield town, VT","VT"]
["H","CS5064300000000","Shelburne town, VT","VT"]
["H","CS5064600000000","Sheldon town, VT","VT"]
["H","CS5065050000000","Shoreham town, VT","VT"]
["H","CS5065275000000","Shrewsbury town, VT","VT"]
["H","CS5067000000000","South Hero town, VT","VT"]
["H","CS5069550000000","Springfield town, VT","VT"]
["H","CS5069775000000","Stamford town, VT","VT"]
["H","CS5069925000000","Stannard town, VT","VT"]
["H","CS5070075000000","Starksboro town, VT","VT"]
["H","CS5070375000000","Stockbridge town, VT","VT"]
["H","CS5070525000000","Stowe town, VT","VT"]
["H","CS5070675000000","Strafford town, VT","VT"]
["H","CS5070750000000","Stratton town, VT","VT"]
["H","CS5071050000000","Sudbury town, VT","VT"]
["H","CS5071425000000","Sunderland town, VT","VT"]
["H","CS5071575000000","Sutton town, VT","VT"]
["H","CS5071725000000","Swanton town, VT","VT"]
["H","CS5072400000000","Thetford town, VT","VT"]
["H","CS5072925000000","Tinmouth town, VT","VT"]
["H","CS5073075000000","Topsham town, VT","VT"]
["H","CS5073300000000","Townshend town, VT","VT"]
["H","CS5073525000000","Troy town, VT","VT"]
["H","CS5073675000000","Tunbridge town, VT","VT"]
["H","CS5073975000000","Underhill town, VT","VT"]
["H","CS5074800000000","Vernon town, VT","VT"]
["H","CS5074950000000","Vershire town, VT","VT"]
["H","CS5075175000000","Victory town, VT","VT"]
["H","CS5075325000000","Waitsfield town, VT","VT"]
["H","CS5075700000000","Walden town, VT","VT"]
["H","CS5075925000000","Wallingford town, VT","VT"]
["H","CS5076075000000","Waltham town, VT","VT"]
["H","CS5076225000000","Wardsboro town, VT","VT"]
["H","CS5076525000000","Warren town, VT","VT"]
["H","CS5076562000000","Warren's gore, VT","VT"]
["H","CS5076750000000","Washington town, VT","VT"]
["H","CS5076975000000","Waterbury town, VT","VT"]
["H","CS5077125000000","Waterford town, VT","VT"]
["H","CS5077425000000","Waterville town, VT","VT"]
["H","CS5077500000000","Weathersfield town, VT","VT"]
["H","CS5077950000000","Wells town, VT","VT"]
["H","CS5079975000000","West Fairlee town, VT","VT"]
["H","CS5080200000000","Westfield town, VT","VT"]
["H","CS5080350000000","Westford town, VT","VT"]
["H","CS5080875000000","West Haven town, VT","VT"]
["H","CS5081400000000","Westminster town, VT","VT"]
["H","CS5081700000000","Westmore town, VT","VT"]
["H","CS5082000000000","Weston town, VT","VT"]
["H","CS5082300000000","West Rutland town, VT","VT"]
["H","CS5083050000000","West Windsor town, VT","VT"]
["H","CS5083275000000","Weybridge town, VT","VT"]
["H","CS5083500000000","Wheelock town, VT","VT"]
["H","CS5083800000000","Whiting town, VT","VT"]
["H","CS5083950000000","Whitingham town, VT","VT"]
["H","CS5084175000000","Williamstown town, VT","VT"]
["H","CS5084475000000","Williston town, VT","VT"]
["H","CS5084700000000","Wilmington town, VT","VT"]
["H","CS5084850000000","Windham town, VT","VT"]
["H","CS5084925000000","Windsor town, VT","VT"]
["H","CS5085075000000","Winhall town, VT","VT"]
["H","CS5085375000000","Wolcott town, VT","VT"]
["H","CS5085525000000","Woodbury town, VT","VT"]
["H","CS5085675000000","Woodford town, VT","VT"]
["H","CS5085975000000","Woodstock town, VT","VT"]
["H","CS5086125000000","Worcester town, VT","VT"]
["H","CT0901150000000","Ansonia city/town, CT","CT"]
["H","CT0919480000000","Derby city/town, CT","CT"]
["H","CT2302060000000","Auburn city, ME","ME"]
["H","CT2302100000000","Augusta city, ME","ME"]
["H","CT2303355000000","Bath city, ME","ME"]
["H","CT2303950000000","Belfast city, ME","ME"]
["H","CT2304860000000","Biddeford city, ME","ME"]
["H","CT2306925000000","Brewer city, ME","ME"]
["H","CT2309585000000","Calais city, ME","ME"]
["H","CT2310565000000","Caribou city, ME","ME"]
["H","CT2321730000000","Eastport city, ME","ME"]
["H","CT2323200000000","Ellsworth city, ME","ME"]
["H","CT2327085000000","Gardiner city, ME","ME"]
["H","CT2330550000000","Hallowell city, ME","ME"]
["H","CT2355225000000","Old Town city, ME","ME"]
["H","CT2360825000000","Presque Isle city, ME","ME"]
["H","CT2363590000000","Rockland city, ME","ME"]
["H","CT2364675000000","Saco city, ME","ME"]
["H","CT2365725000000","Sanford city, ME","ME"]
["H","CT2380740000000","Waterville city, ME","ME"]
["H","CT2382105000000","Westbrook city, ME","ME"]
["H","CT2501260000000","Amesbury Town city, MA","MA"]
["H","CT2519370000000","Easthampton Town city, MA","MA"]
["H","CT2525485000000","Gardner city, MA","MA"]
["H","CT2527060000000","Greenfield city, MA","MA"]
["H","CT2545245000000","Newburyport city, MA","MA"]
["H","CT2546225000000","North Adams city, MA","MA"]
["H","CT2552144000000","Palmer Town city, MA","MA"]
["H","CT2563345000000","Southbridge Town city, MA","MA"]
["H","CT2581005000000","Winthrop Town city, MA","MA"]
["H","CT3305140000000","Berlin city, NH","NH"]
["H","CT3312900000000","Claremont city, NH","NH"]
["H","CT3327380000000","Franklin city, NH","NH"]
["H","CT3339300000000","Keene city, NH","NH"]
["H","CT3340180000000","Laconia city, NH","NH"]
["H","CT3341300000000","Lebanon city, NH","NH"]
["H","CT3362900000000","Portsmouth city, NH","NH"]
["H","CT3369940000000","Somersworth city, NH","NH"]
["H","CT4414140000000","Central Falls city, RI","RI"]
["H","CT5003175000000","Barre city, VT","VT"]
["H","CT5046000000000","Montpelier city, VT","VT"]
["H","CT5048850000000","Newport city, VT","VT"]
["H","CT5061225000000","Rutland city, VT","VT"]
["H","CT5061675000000","St. Albans city, VT","VT"]
["H","CT5066175000000","South Burlington city, VT","VT"]
["H","CT5074650000000","Vergennes city, VT","VT"]
["H","CT5085150000000","Winooski city, VT","VT"]
["I","PT0107000073000","Birmingham city, Jefferson County part, AL","AL"]
["I","PT0107000117000","Birmingham city, Shelby County part, AL","AL"]
["I","PT0120104083000","Decatur city, Limestone County part, AL","AL"]
["I","PT0120104103000","Decatur city, Morgan County part, AL","AL"]
["I","PT0121184045000","Dothan city, Dale County part, AL","AL"]
["I","PT0121184069000","Dothan city, Houston County part, AL","AL"]
["I","PT0124184031000","Enterprise city, Coffee County part, AL","AL"]
["I","PT0124184045000","Enterprise city, Dale County part, AL","AL"]
["I","PT0135896073000","Hoover city, Jefferson County part, AL","AL"]
["I","PT0135896117000","Hoover city, Shelby County part, AL","AL"]
["I","PT0137000083000","Huntsville city, Limestone County part, AL","AL"]
["I","PT0137000089000","Huntsville city, Madison County part, AL","AL"]
["I","PT0145784083000","Madison city, Limestone County part, AL","AL"]
["I","PT0145784089000","Madison city, Madison County part, AL","AL"]
["I","PT0159472081000","Phenix City city, Lee County part, AL","AL"]
["I","PT0159472113000","Phenix City city, Russell County part, AL","AL"]
["I","PT0162328001000","Prattville city, Autauga County part, AL","AL"]
["I","PT0162328051000","Prattville city, Elmore County part, AL","AL"]
["I","PT0176944073000","Trussville city, Jefferson County part, AL","AL"]
["I","PT0176944115000","Trussville city, St. Clair County part, AL","AL"]
["I","PT0178552073000","Vestavia Hills city, Jefferson County part, AL","AL"]
["I","PT0178552117000","Vestavia Hills city, Shelby County part, AL","AL"]
["I","PT0402830013000","Apache Junction city, Maricopa County part, AZ","AZ"]
["I","PT0402830021000","Apache Junction city, Pinal County part, AZ","AZ"]
["I","PT0458150013000","Queen Creek town, Maricopa County part, AZ","AZ"]
["I","PT0458150021000","Queen Creek town, Pinal County part, AZ","AZ"]
["I","PT0566080007000","Springdale city, Benton County part, AR","AR"]
["I","PT0566080143000","Springdale city, Washington County part, AR","AR"]
["I","PT0803455001000","Arvada city, Adams County part, CO","CO"]
["I","PT0803455059000","Arvada city, Jefferson County part, CO","CO"]
["I","PT0804000001000","Aurora city, Adams County part, CO","CO"]
["I","PT0804000005000","Aurora city, Arapahoe County part, CO","CO"]
["I","PT0804000035000","Aurora city, Douglas County part, CO","CO"]
["I","PT0808675001000","Brighton city, Adams County part, CO","CO"]
["I","PT0808675123000","Brighton city, Weld County part, CO","CO"]
["I","PT0824950013000","Erie town, Boulder County part, CO","CO"]
["I","PT0824950123000","Erie town, Weld County part, CO","CO"]
["I","PT0845255005000","Littleton city, Arapahoe County part, CO","CO"]
["I","PT0845255035000","Littleton city, Douglas County part, CO","CO"]
["I","PT0845255059000","Littleton city, Jefferson County part, CO","CO"]
["I","PT0845970013000","Longmont city, Boulder County part, CO","CO"]
["I","PT0845970123000","Longmont city, Weld County part, CO","CO"]
["I","PT0854330001000","Northglenn city, Adams County part, CO","CO"]
["I","PT0854330123000","Northglenn city, Weld County part, CO","CO"]
["I","PT0883835001000","Westminster city, Adams County part, CO","CO"]
["I","PT0883835059000","Westminster city, Jefferson County part, CO","CO"]
["I","PT0885485069000","Windsor town, Larimer County part, CO","CO"]
["I","PT0885485123000","Windsor town, Weld County part, CO","CO"]
["I","PT1304000089000","Atlanta city, DeKalb County part, GA","GA"]
["I","PT1304000121000","Atlanta city, Fulton County part, GA","GA"]
["I","PT1380508153000","Warner Robins city, Houston County part, GA","GA"]
["I","PT1380508225000","Warner Robins city, Peach County part, GA","GA"]
["I","PT1664090005000","Pocatello city, Bannock County part, ID","ID"]
["I","PT1664090077000","Pocatello city, Power County part, ID","ID"]
["I","PT1700685089000","Algonquin village, Kane County part, IL","IL"]
["I","PT1700685111000","Algonquin village, McHenry County part, IL","IL"]
["I","PT1703012043000","Aurora city, DuPage County part, IL","IL"]
["I","PT1703012089000","Aurora city, Kane County part, IL","IL"]
["I","PT1703012093000","Aurora city, Kendall County part, IL","IL"]
["I","PT1703012197000","Aurora city, Will County part, IL","IL"]
["I","PT1704013031000","Bartlett village, Cook County part, IL","IL"]
["I","PT1704013043000","Bartlett village, DuPage County part, IL","IL"]
["I","PT1707133043000","Bolingbrook village, DuPage County part, IL","IL"]
["I","PT1707133197000","Bolingbrook village, Will County part, IL","IL"]
["I","PT1709447031000","Buffalo Grove village, Cook County part, IL","IL"]
["I","PT1709447097000","Buffalo Grove village, Lake County part, IL","IL"]
["I","PT1715599119000","Collinsville city, Madison County part, IL","IL"]
["I","PT1715599163000","Collinsville city, St. Clair County part, IL","IL"]
["I","PT1723074031000","Elgin city, Cook County part, IL","IL"]
["I","PT1723074089000","Elgin city, Kane County part, IL","IL"]
["I","PT1732746031000","Hanover Park village, Cook County part, IL","IL"]
["I","PT1732746043000","Hanover Park village, DuPage County part, IL","IL"]
["I","PT1736750089000","Huntley village, Kane County part, IL","IL"]
["I","PT1736750111000","Huntley village, McHenry County part, IL","IL"]
["I","PT1738570093000","Joliet city, Kendall County part, IL","IL"]
["I","PT1738570197000","Joliet city, Will County part, IL","IL"]
["I","PT1751622043000","Naperville city, DuPage County part, IL","IL"]
["I","PT1751622197000","Naperville city, Will County part, IL","IL"]
["I","PT1757732031000","Park Forest village, Cook County part, IL","IL"]
["I","PT1757732197000","Park Forest village, Will County part, IL","IL"]
["I","PT1760287093000","Plainfield village, Kendall County part, IL","IL"]
["I","PT1760287197000","Plainfield village, Will County part, IL","IL"]
["I","PT1766703043000","St. Charles city, DuPage County part, IL","IL"]
["I","PT1766703089000","St. Charles city, Kane County part, IL","IL"]
["I","PT1775484031000","Tinley Park village, Cook County part, IL","IL"]
["I","PT1775484197000","Tinley Park village, Will County part, IL","IL"]
["I","PT1921000153000","Des Moines city, Polk County part, IA","IA"]
["I","PT1921000181000","Des Moines city, Warren County part, IA","IA"]
["I","PT1979950049000","Urbandale city, Dallas County part, IA","IA"]
["I","PT1979950153000","Urbandale city, Polk County part, IA","IA"]
["I","PT1983910049000","West Des Moines city, Dallas County part, IA","IA"]
["I","PT1983910153000","West Des Moines city, Polk County part, IA","IA"]
["I","PT2044250149000","Manhattan city, Pottawatomie County part, KS","KS"]
["I","PT2044250161000","Manhattan city, Riley County part, KS","KS"]
["I","PT2270000015000","Shreveport city, Bossier Parish part, LA","LA"]
["I","PT2270000017000","Shreveport city, Caddo Parish part, LA","LA"]
["I","PT2624120037000","East Lansing city, Clinton County part, MI","MI"]
["I","PT2624120065000","East Lansing city, Ingham County part, MI","MI"]
["I","PT2638640005000","Holland city, Allegan County part, MI","MI"]
["I","PT2638640139000","Holland city, Ottawa County part, MI","MI"]
["I","PT2646000045000","Lansing city, Eaton County part, MI","MI"]
["I","PT2646000065000","Lansing city, Ingham County part, MI","MI"]
["I","PT2653780017000","Midland city, Bay County part, MI","MI"]
["I","PT2653780111000","Midland city, Midland County part, MI","MI"]
["I","PT2739878013000","Mankato city, Blue Earth County part, MN","MN"]
["I","PT2739878103000","Mankato city, Nicollet County part, MN","MN"]
["I","PT2756896009000","St. Cloud city, Benton County part, MN","MN"]
["I","PT2756896141000","St. Cloud city, Sherburne County part, MN","MN"]
["I","PT2756896145000","St. Cloud city, Stearns County part, MN","MN"]
["I","PT2769970123000","White Bear Lake city, Ramsey County part, MN","MN"]
["I","PT2769970163000","White Bear Lake city, Washington County part, MN","MN"]
["I","PT2831020035000","Hattiesburg city, Forrest County part, MS","MS"]
["I","PT2831020073000","Hattiesburg city, Lamar County part, MS","MS"]
["I","PT2836000049000","Jackson city, Hinds County part, MS","MS"]
["I","PT2836000089000","Jackson city, Madison County part, MS","MS"]
["I","PT2836000121000","Jackson city, Rankin County part, MS","MS"]
["I","PT2937000027000","Jefferson City city, Callaway County part, MO","MO"]
["I","PT2937000051000","Jefferson City city, Cole County part, MO","MO"]
["I","PT2937592097000","Joplin city, Jasper County part, MO","MO"]
["I","PT2937592145000","Joplin city, Newton County part, MO","MO"]
["I","PT2938000037000","Kansas City city, Cass County part, MO","MO"]
["I","PT2938000047000","Kansas City city, Clay County part, MO","MO"]
["I","PT2938000095000","Kansas City city, Jackson County part, MO","MO"]
["I","PT2938000165000","Kansas City city, Platte County part, MO","MO"]
["I","PT2941348037000","Lee's Summit city, Cass County part, MO","MO"]
["I","PT2941348095000","Lee's Summit city, Jackson County part, MO","MO"]
["I","PT3709060001000","Burlington city, Alamance County part, NC","NC"]
["I","PT3709060081000","Burlington city, Guilford County part, NC","NC"]
["I","PT3710740037000","Cary town, Chatham County part, NC","NC"]
["I","PT3710740183000","Cary town, Wake County part, NC","NC"]
["I","PT3711800063000","Chapel Hill town, Durham County part, NC","NC"]
["I","PT3711800135000","Chapel Hill town, Orange County part, NC","NC"]
["I","PT3719000063000","Durham city, Durham County part, NC","NC"]
["I","PT3719000135000","Durham city, Orange County part, NC","NC"]
["I","PT3731060023000","Hickory city, Burke County part, NC","NC"]
["I","PT3731060027000","Hickory city, Caldwell County part, NC","NC"]
["I","PT3731060035000","Hickory city, Catawba County part, NC","NC"]
["I","PT3731400057000","High Point city, Davidson County part, NC","NC"]
["I","PT3731400081000","High Point city, Guilford County part, NC","NC"]
["I","PT3731400151000","High Point city, Randolph County part, NC","NC"]
["I","PT3735200025000","Kannapolis city, Cabarrus County part, NC","NC"]
["I","PT3735200159000","Kannapolis city, Rowan County part, NC","NC"]
["I","PT3735600067000","Kernersville town, Forsyth County part, NC","NC"]
["I","PT3735600081000","Kernersville town, Guilford County part, NC","NC"]
["I","PT3755000063000","Raleigh city, Durham County part, NC","NC"]
["I","PT3755000183000","Raleigh city, Wake County part, NC","NC"]
["I","PT3757500065000","Rocky Mount city, Edgecombe County part, NC","NC"]
["I","PT3757500127000","Rocky Mount city, Nash County part, NC","NC"]
["I","PT3767420057000","Thomasville city, Davidson County part, NC","NC"]
["I","PT3767420151000","Thomasville city, Randolph County part, NC","NC"]
["I","PT3770540069000","Wake Forest town, Franklin County part, NC","NC"]
["I","PT3770540183000","Wake Forest town, Wake County part, NC","NC"]
["I","PT3918000041000","Columbus city, Delaware County part, OH","OH"]
["I","PT3918000045000","Columbus city, Fairfield County part, OH","OH"]
["I","PT3918000049000","Columbus city, Franklin County part, OH","OH"]
["I","PT3922694041000","Dublin city, Delaware County part, OH","OH"]
["I","PT3922694049000","Dublin city, Franklin County part, OH","OH"]
["I","PT3922694159000","Dublin city, Union County part, OH","OH"]
["I","PT3936610109000","Huber Heights city, Miami County part, OH","OH"]
["I","PT3936610113000","Huber Heights city, Montgomery County part, OH","OH"]
["I","PT3940040057000","Kettering city, Greene County part, OH","OH"]
["I","PT3940040113000","Kettering city, Montgomery County part, OH","OH"]
["I","PT3949840017000","Middletown city, Butler County part, OH","OH"]
["I","PT3949840165000","Middletown city, Warren County part, OH","OH"]
["I","PT3966390045000","Reynoldsburg city, Fairfield County part, OH","OH"]
["I","PT3966390049000","Reynoldsburg city, Franklin County part, OH","OH"]
["I","PT3966390089000","Reynoldsburg city, Licking County part, OH","OH"]
["I","PT3983342041000","Westerville city, Delaware County part, OH","OH"]
["I","PT3983342049000","Westerville city, Franklin County part, OH","OH"]
["I","PT4006400143000","Bixby city, Tulsa County part, OK","OK"]
["I","PT4006400145000","Bixby city, Wagoner County part, OK","OK"]
["I","PT4009050143000","Broken Arrow city, Tulsa County part, OK","OK"]
["I","PT4009050145000","Broken Arrow city, Wagoner County part, OK","OK"]
["I","PT4055000017000","Oklahoma City city, Canadian County part, OK","OK"]
["I","PT4055000027000","Oklahoma City city, Cleveland County part, OK","OK"]
["I","PT4055000109000","Oklahoma City city, Oklahoma County part, OK","OK"]
["I","PT4055000125000","Oklahoma City city, Pottawatomie County part, OK","OK"]
["I","PT4056650131000","Owasso city, Rogers County part, OK","OK"]
["I","PT4056650143000","Owasso city, Tulsa County part, OK","OK"]
["I","PT4075000113000","Tulsa city, Osage County part, OK","OK"]
["I","PT4075000143000","Tulsa city, Tulsa County part, OK","OK"]
["I","PT4075000145000","Tulsa city, Wagoner County part, OK","OK"]
["I","PT4101000003000","Albany city, Benton County part, OR","OR"]
["I","PT4101000043000","Albany city, Linn County part, OR","OR"]
["I","PT4140550005000","Lake Oswego city, Clackamas County part, OR","OR"]
["I","PT4140550051000","Lake Oswego city, Multnomah County part, OR","OR"]
["I","PT4159000005000","Portland city, Clackamas County part, OR","OR"]
["I","PT4159000051000","Portland city, Multnomah County part, OR","OR"]
["I","PT4159000067000","Portland city, Washington County part, OR","OR"]
["I","PT4164900047000","Salem city, Marion County part, OR","OR"]
["I","PT4164900053000","Salem city, Polk County part, OR","OR"]
["I","PT4174950005000","Tualatin city, Clackamas County part, OR","OR"]
["I","PT4174950067000","Tualatin city, Washington County part, OR","OR"]
["I","PT4182800005000","Wilsonville city, Clackamas County part, OR","OR"]
["I","PT4182800067000","Wilsonville city, Washington County part, OR","OR"]
["I","PT4206088077000","Bethlehem city, Lehigh County part, PA","PA"]
["I","PT4206088095000","Bethlehem city, Northampton County part, PA","PA"]
["I","PT4513330015000","Charleston city, Berkeley County part, SC","SC"]
["I","PT4513330019000","Charleston city, Charleston County part, SC","SC"]
["I","PT4516000063000","Columbia city, Lexington County part, SC","SC"]
["I","PT4516000079000","Columbia city, Richland County part, SC","SC"]
["I","PT4530985045000","Greer city, Greenville County part, SC","SC"]
["I","PT4530985083000","Greer city, Spartanburg County part, SC","SC"]
["I","PT4550875019000","North Charleston city, Charleston County part, SC","SC"]
["I","PT4550875035000","North Charleston city, Dorchester County part, SC","SC"]
["I","PT4570270015000","Summerville town, Berkeley County part, SC","SC"]
["I","PT4570270019000","Summerville town, Charleston County part, SC","SC"]
["I","PT4570270035000","Summerville town, Dorchester County part, SC","SC"]
["I","PT4659020083000","Sioux Falls city, Lincoln County part, SD","SD"]
["I","PT4659020099000","Sioux Falls city, Minnehaha County part, SD","SD"]
["I","PT4738320019000","Johnson City city, Carter County part, TN","TN"]
["I","PT4738320163000","Johnson City city, Sullivan County part, TN","TN"]
["I","PT4738320179000","Johnson City city, Washington County part, TN","TN"]
["I","PT4739560073000","Kingsport city, Hawkins County part, TN","TN"]
["I","PT4739560163000","Kingsport city, Sullivan County part, TN","TN"]
["I","PT4755120001000","Oak Ridge city, Anderson County part, TN","TN"]
["I","PT4755120145000","Oak Ridge city, Roane County part, TN","TN"]
["I","PT4770580119000","Spring Hill city, Maury County part, TN","TN"]
["I","PT4770580187000","Spring Hill city, Williamson County part, TN","TN"]
["I","PT4801000253000","Abilene city, Jones County part, TX","TX"]
["I","PT4801000441000","Abilene city, Taylor County part, TX","TX"]
["I","PT4803000375000","Amarillo city, Potter County part, TX","TX"]
["I","PT4803000381000","Amarillo city, Randall County part, TX","TX"]
["I","PT4805000453000","Austin city, Travis County part, TX","TX"]
["I","PT4805000491000","Austin city, Williamson County part, TX","TX"]
["I","PT4806128071000","Baytown city, Chambers County part, TX","TX"]
["I","PT4806128201000","Baytown city, Harris County part, TX","TX"]
["I","PT4811428251000","Burleson city, Johnson County part, TX","TX"]
["I","PT4811428439000","Burleson city, Tarrant County part, TX","TX"]
["I","PT4813024113000","Carrollton city, Dallas County part, TX","TX"]
["I","PT4813024121000","Carrollton city, Denton County part, TX","TX"]
["I","PT4813492113000","Cedar Hill city, Dallas County part, TX","TX"]
["I","PT4813492139000","Cedar Hill city, Ellis County part, TX","TX"]
["I","PT4813552453000","Cedar Park city, Travis County part, TX","TX"]
["I","PT4813552491000","Cedar Park city, Williamson County part, TX","TX"]
["I","PT4816612113000","Coppell city, Dallas County part, TX","TX"]
["I","PT4816612121000","Coppell city, Denton County part, TX","TX"]
["I","PT4816624099000","Copperas Cove city, Coryell County part, TX","TX"]
["I","PT4816624281000","Copperas Cove city, Lampasas County part, TX","TX"]
["I","PT4819000085000","Dallas city, Collin County part, TX","TX"]
["I","PT4819000113000","Dallas city, Dallas County part, TX","TX"]
["I","PT4819000121000","Dallas city, Denton County part, TX","TX"]
["I","PT4819000397000","Dallas city, Rockwall County part, TX","TX"]
["I","PT4826232121000","Flower Mound town, Denton County part, TX","TX"]
["I","PT4826232439000","Flower Mound town, Tarrant County part, TX","TX"]
["I","PT4827000121000","Fort Worth city, Denton County part, TX","TX"]
["I","PT4827000439000","Fort Worth city, Tarrant County part, TX","TX"]
["I","PT4827648167000","Friendswood city, Galveston County part, TX","TX"]
["I","PT4827648201000","Friendswood city, Harris County part, TX","TX"]
["I","PT4827684085000","Frisco city, Collin County part, TX","TX"]
["I","PT4827684121000","Frisco city, Denton County part, TX","TX"]
["I","PT4829000085000","Garland city, Collin County part, TX","TX"]
["I","PT4829000113000","Garland city, Dallas County part, TX","TX"]
["I","PT4830464113000","Grand Prairie city, Dallas County part, TX","TX"]
["I","PT4830464439000","Grand Prairie city, Tarrant County part, TX","TX"]
["I","PT4830644113000","Grapevine city, Dallas County part, TX","TX"]
["I","PT4830644439000","Grapevine city, Tarrant County part, TX","TX"]
["I","PT4835000157000","Houston city, Fort Bend County part, TX","TX"]
["I","PT4835000201000","Houston city, Harris County part, TX","TX"]
["I","PT4835000339000","Houston city, Montgomery County part, TX","TX"]
["I","PT4841980167000","League City city, Galveston County part, TX","TX"]
["I","PT4841980201000","League City city, Harris County part, TX","TX"]
["I","PT4842016453000","Leander city, Travis County part, TX","TX"]
["I","PT4842016491000","Leander city, Williamson County part, TX","TX"]
["I","PT4842508113000","Lewisville city, Dallas County part, TX","TX"]
["I","PT4842508121000","Lewisville city, Denton County part, TX","TX"]
["I","PT4843888183000","Longview city, Gregg County part, TX","TX"]
["I","PT4843888203000","Longview city, Harrison County part, TX","TX"]
["I","PT4846452139000","Mansfield city, Ellis County part, TX","TX"]
["I","PT4846452251000","Mansfield city, Johnson County part, TX","TX"]
["I","PT4846452439000","Mansfield city, Tarrant County part, TX","TX"]
["I","PT4847892113000","Mesquite city, Dallas County part, TX","TX"]
["I","PT4847892257000","Mesquite city, Kaufman County part, TX","TX"]
["I","PT4848804157000","Missouri City city, Fort Bend County part, TX","TX"]
["I","PT4848804201000","Missouri City city, Harris County part, TX","TX"]
["I","PT4850820091000","New Braunfels city, Comal County part, TX","TX"]
["I","PT4850820187000","New Braunfels city, Guadalupe County part, TX","TX"]
["I","PT4853388135000","Odessa city, Ector County part, TX","TX"]
["I","PT4853388329000","Odessa city, Midland County part, TX","TX"]
["I","PT4856348039000","Pearland city, Brazoria County part, TX","TX"]
["I","PT4856348157000","Pearland city, Fort Bend County part, TX","TX"]
["I","PT4856348201000","Pearland city, Harris County part, TX","TX"]
["I","PT4857176453000","Pflugerville city, Travis County part, TX","TX"]
["I","PT4857176491000","Pflugerville city, Williamson County part, TX","TX"]
["I","PT4858016085000","Plano city, Collin County part, TX","TX"]
["I","PT4858016121000","Plano city, Denton County part, TX","TX"]
["I","PT4859696085000","Prosper town, Collin County part, TX","TX"]
["I","PT4859696121000","Prosper town, Denton County part, TX","TX"]
["I","PT4861796085000","Richardson city, Collin County part, TX","TX"]
["I","PT4861796113000","Richardson city, Dallas County part, TX","TX"]
["I","PT4863500453000","Round Rock city, Travis County part, TX","TX"]
["I","PT4863500491000","Round Rock city, Williamson County part, TX","TX"]
["I","PT4863572113000","Rowlett city, Dallas County part, TX","TX"]
["I","PT4863572397000","Rowlett city, Rockwall County part, TX","TX"]
["I","PT4864064085000","Sachse city, Collin County part, TX","TX"]
["I","PT4864064113000","Sachse city, Dallas County part, TX","TX"]
["I","PT4865000029000","San Antonio city, Bexar County part, TX","TX"]
["I","PT4865000325000","San Antonio city, Medina County part, TX","TX"]
["I","PT4866128029000","Schertz city, Bexar County part, TX","TX"]
["I","PT4866128091000","Schertz city, Comal County part, TX","TX"]
["I","PT4866128187000","Schertz city, Guadalupe County part, TX","TX"]
["I","PT4869032121000","Southlake city, Denton County part, TX","TX"]
["I","PT4869032439000","Southlake city, Tarrant County part, TX","TX"]
["I","PT4880356085000","Wylie city, Collin County part, TX","TX"]
["I","PT4880356113000","Wylie city, Dallas County part, TX","TX"]
["I","PT4880356397000","Wylie city, Rockwall County part, TX","TX"]
["I","PT4920120035000","Draper city, Salt Lake County part, UT","UT"]
["I","PT4920120049000","Draper city, Utah County part, UT","UT"]
["I","PT5303180033000","Auburn city, King County part, WA","WA"]
["I","PT5303180053000","Auburn city, Pierce County part, WA","WA"]
["I","PT5307380033000","Bothell city, King County part, WA","WA"]
["I","PT5307380061000","Bothell city, Snohomish County part, WA","WA"]
["I","PT5439460011000","Huntington city, Cabell County part, WV","WV"]
["I","PT5439460099000","Huntington city, Wayne County part, WV","WV"]
["I","PT5486452051000","Wheeling city, Marshall County part, WV","WV"]
["I","PT5486452069000","Wheeling city, Ohio County part, WV","WV"]
["I","PT5502375015000","Appleton city, Calumet County part, WI","WI"]
["I","PT5502375087000","Appleton city, Outagamie County part, WI","WI"]
["I","PT5502375139000","Appleton city, Winnebago County part, WI","WI"]
["I","PT5522300017000","Eau Claire city, Chippewa County part, WI","WI"]
["I","PT5522300035000","Eau Claire city, Eau Claire County part, WI","WI"]
["J","SA0880140000000","Alamosa-Conejos, CO LMA","CO"]
["J","SA0882100000000","Otero-Crowley, CO LMA","CO"]
["J","SA0981220000000","Hampton, CT LMA","CT"]
["J","SA0981580000000","Litchfield, CT LMA","CT"]
["J","SA1381140000000","Greene-Wilkes-Taliaferro, GA LMA","GA"]
["J","SA1681460000000","Idaho-Lewis, ID LMA","ID"]
["J","SA2181500000000","Lee-Owsley, KY LMA","KY"]
["J","SA2182180000000","Perry-Knott-Leslie, KY LMA","KY"]
["J","SA2380100000000","Acton, ME LMA","ME"]
["J","SA2380300000000","Belfast, ME LMA","ME"]
["J","SA2380380000000","Boothbay, ME LMA","ME"]
["J","SA2380460000000","Bridgton-Paris, ME LMA","ME"]
["J","SA2380540000000","Calais, ME LMA","ME"]
["J","SA2380900000000","Dover-Foxcroft, ME LMA","ME"]
["J","SA2380940000000","Ellsworth, ME LMA","ME"]
["J","SA2380980000000","Farmington, ME LMA","ME"]
["J","SA2381420000000","Houlton, ME LMA","ME"]
["J","SA2381540000000","Lincoln, ME LMA","ME"]
["J","SA2381660000000","Machias, ME LMA","ME"]
["J","SA2381700000000","Madawaska, ME LMA","ME"]
["J","SA2381860000000","Millinocket, ME LMA","ME"]
["J","SA2382260000000","Pittsfield, ME LMA","ME"]
["J","SA2382340000000","Presque Isle, ME LMA","ME"]
["J","SA2382580000000","Rockland-Camden, ME LMA","ME"]
["J","SA2382620000000","Rumford, ME LMA","ME"]
["J","SA2382700000000","Skowhegan, ME LMA","ME"]
["J","SA2382820000000","Waldoboro, ME LMA","ME"]
["J","SA2382860000000","Wells, ME LMA","ME"]
["J","SA2580500000000","Buckland, MA LMA","MA"]
["J","SA2581100000000","Great Barrington, MA LMA","MA"]
["J","SA2681060000000","Gogebic-Iron, MI-WI LMA","MI"]
["J","SA2782140000000","Pennington-Red Lake, MN LMA","MN"]
["J","SA3081940000000","Musselshell-Petroleum, MT LMA","MT"]
["J","SA3182500000000","Red Willow-Hitchcock, NE LMA","NE"]
["J","SA3380340000000","Belmont, NH LMA","NH"]
["J","SA3380620000000","Charlestown, NH LMA","NH"]
["J","SA3380700000000","Colebrook, NH-VT LMA","NH"]
["J","SA3380740000000","Conway, NH-ME LMA","NH"]
["J","SA3381020000000","Franklin, NH LMA","NH"]
["J","SA3381260000000","Haverhill, NH LMA","NH"]
["J","SA3381380000000","Hillsborough, NH LMA","NH"]
["J","SA3381620000000","Littleton, NH-VT LMA","NH"]
["J","SA3381780000000","Meredith, NH LMA","NH"]
["J","SA3381980000000","New London, NH LMA","NH"]
["J","SA3382040000000","Newport, NH LMA","NH"]
["J","SA3382220000000","Peterborough, NH LMA","NH"]
["J","SA3382300000000","Plymouth, NH LMA","NH"]
["J","SA3382460000000","Raymond, NH LMA","NH"]
["J","SA3382940000000","Wolfeboro, NH LMA","NH"]
["J","SA4680860000000","Dewey-Ziebach, SD LMA","SD"]
["J","SA4880780000000","Dallam-Hartley, TX LMA","TX"]
["J","SA4882900000000","Winkler-Loving, TX LMA","TX"]
["J","SA5080420000000","Brattleboro, VT-NH LMA","VT"]
["J","SA5080820000000","Derby, VT LMA","VT"]
["J","SA5081340000000","Highgate, VT LMA","VT"]
["J","SA5081740000000","Manchester, VT LMA","VT"]
["J","SA5081820000000","Middlebury, VT LMA","VT"]
["J","SA5081900000000","Morristown-Waterbury, VT LMA","VT"]
["J","SA5082020000000","Newbury, VT LMA","VT"]
["J","SA5082060000000","Northfield-Waitsfield, VT LMA","VT"]
["J","SA5082420000000","Randolph, VT LMA","VT"]
["J","SA5082660000000","St. Johnsbury, VT LMA","VT"]
["J","SA5082780000000","Springfield, VT LMA","VT"]
["J","SA5082980000000","Woodstock, VT LMA","VT"]
["J","SA5180180000000","Alleghany-Covington, VA LMA","VA"]
["J","SA5180580000000","Carroll-Grayson-Galax, VA LMA","VA"]
["J","SA5181180000000","Greensville-Emporia, VA LMA","VA"]
["J","SA5182380000000","Prince Edward-Cumberland, VA LMA","VA"]
["J","SA5182540000000","Rockbridge-Lexington-Buena Vista, VA LMA","VA"]
["J","SA5182740000000","Southampton-Franklin, VA LMA","VA"]
["J","SA5580220000000","Ashland-Bayfield, WI LMA","WI"]
["K","ID1048864000000","Wilmington, DE-MD-NJ Metropolitan Division, DE part","DE"]
["K","ID1147894000000","Washington-Arlington-Alexandria, DC-VA-MD-WV Metropolitan Division, DC part","DC"]
["K","ID1729404000000","Lake County-Kenosha County, IL-WI Metropolitan Division, IL part","IL"]
["K","ID2447894000000","Washington-Arlington-Alexandria, DC-VA-MD-WV Metropolitan Division, MD part","MD"]
["K","ID2448864000000","Wilmington, DE-MD-NJ Metropolitan Division, MD part","MD"]
["K","ID2573604000000","Haverhill-Newburyport-Amesbury Town, MA-NH NECTA Division, MA part","MA"]
["K","ID2574204000000","Lawrence-Methuen Town-Salem, MA-NH NECTA Division, MA part","MA"]
["K","ID2574804000000","Lowell-Billerica-Chelmsford, MA-NH NECTA Division, MA part","MA"]
["K","ID2575404000000","Nashua, NH-MA NECTA Division, MA part","MA"]
["K","ID3373604000000","Haverhill-Newburyport-Amesbury Town, MA-NH NECTA Division, NH part","NH"]
["K","ID3374204000000","Lawrence-Methuen Town-Salem, MA-NH NECTA Division, NH part","NH"]
["K","ID3374804000000","Lowell-Billerica-Chelmsford, MA-NH NECTA Division, NH part","NH"]
["K","ID3375404000000","Nashua, NH-MA NECTA Division, NH part","NH"]
["K","ID3435084000000","Newark, NJ-PA Metropolitan Division, NJ part","NJ"]
["K","ID3435614000000","New York-Jersey City-White Plains, NY-NJ Metropolitan Division, NJ part","NJ"]
["K","ID3448864000000","Wilmington, DE-MD-NJ Metropolitan Division, NJ part","NJ"]
["K","ID3635614000000","New York-Jersey City-White Plains, NY-NJ Metropolitan Division, NY part","NY"]
["K","ID4235084000000","Newark, NJ-PA Metropolitan Division, PA part","PA"]
["K","ID5147894000000","Washington-Arlington-Alexandria, DC-VA-MD-WV Metropolitan Division, VA part","VA"]
["K","ID5447894000000","Washington-Arlington-Alexandria, DC-VA-MD-WV Metropolitan Division, WV part","WV"]
["K","ID5529404000000","Lake County-Kenosha County, IL-WI Metropolitan Division, WI part","WI"]
["K","IM0117980000000","Columbus, GA-AL Metropolitan Statistical Area, AL part","AL"]
["K","IM0121640000000","Eufaula, AL-GA Micropolitan Statistical Area, AL part","AL"]
["K","IM0522220000000","Fayetteville-Springdale-Rogers, AR-MO Metropolitan Statistical Area, AR part","AR"]
["K","IM0522900000000","Fort Smith, AR-OK Metropolitan Statistical Area, AR part","AR"]
["K","IM0532820000000","Memphis, TN-MS-AR Metropolitan Statistical Area, AR part","AR"]
["K","IM0545500000000","Texarkana, TX-AR Metropolitan Statistical Area, AR part","AR"]
["K","IM0976450000000","Norwich-New London-Westerly, CT-RI Metropolitan NECTA, CT part","CT"]
["K","IM0978100000000","Springfield, MA-CT Metropolitan NECTA, CT part","CT"]
["K","IM0979600000000","Worcester, MA-CT Metropolitan NECTA, CT part","CT"]
["K","IM1041540000000","Salisbury, MD-DE Metropolitan Statistical Area, DE part","DE"]
["K","IM1312260000000","Augusta-Richmond County, GA-SC Metropolitan Statistical Area, GA part","GA"]
["K","IM1316860000000","Chattanooga, TN-GA Metropolitan Statistical Area, GA part","GA"]
["K","IM1317980000000","Columbus, GA-AL Metropolitan Statistical Area, GA part","GA"]
["K","IM1321640000000","Eufaula, AL-GA Micropolitan Statistical Area, GA part","GA"]
["K","IM1627220000000","Jackson, WY-ID Micropolitan Statistical Area, ID part","ID"]
["K","IM1630300000000","Lewiston, ID-WA Metropolitan Statistical Area, ID part","ID"]
["K","IM1630860000000","Logan, UT-ID Metropolitan Statistical Area, ID part","ID"]
["K","IM1636620000000","Ontario, OR-ID Micropolitan Statistical Area, ID part","ID"]
["K","IM1715460000000","Burlington, IA-IL Micropolitan Statistical Area, IL part","IL"]
["K","IM1716020000000","Cape Girardeau, MO-IL Metropolitan Statistical Area, IL part","IL"]
["K","IM1719340000000","Davenport-Moline-Rock Island, IA-IL Metropolitan Statistical Area, IL part","IL"]
["K","IM1722800000000","Fort Madison-Keokuk, IA-IL-MO Micropolitan Statistical Area, IL part","IL"]
["K","IM1737140000000","Paducah, KY-IL Micropolitan Statistical Area, IL part","IL"]
["K","IM1739500000000","Quincy, IL-MO Micropolitan Statistical Area, IL part","IL"]
["K","IM1741180000000","St. Louis, MO-IL Metropolitan Statistical Area, IL part","IL"]
["K","IM1817140000000","Cincinnati, OH-KY-IN Metropolitan Statistical Area, IN part","IN"]
["K","IM1821780000000","Evansville, IN-KY Metropolitan Statistical Area, IN part","IN"]
["K","IM1831140000000","Louisville/Jefferson County, KY-IN Metropolitan Statistical Area, IN part","IN"]
["K","IM1843780000000","South Bend-Mishawaka, IN-MI Metropolitan Statistical Area, IN part","IN"]
["K","IM1915460000000","Burlington, IA-IL Micropolitan Statistical Area, IA part","IA"]
["K","IM1919340000000","Davenport-Moline-Rock Island, IA-IL Metropolitan Statistical Area, IA part","IA"]
["K","IM1922800000000","Fort Madison-Keokuk, IA-IL-MO Micropolitan Statistical Area, IA part","IA"]
["K","IM1936540000000","Omaha-Council Bluffs, NE-IA Metropolitan Statistical Area, IA part","IA"]
["K","IM1943580000000","Sioux City, IA-NE-SD Metropolitan Statistical Area, IA part","IA"]
["K","IM2028140000000","Kansas City, MO-KS Metropolitan Statistical Area, KS part","KS"]
["K","IM2041140000000","St. Joseph, MO-KS Metropolitan Statistical Area, KS part","KS"]
["K","IM2117140000000","Cincinnati, OH-KY-IN Metropolitan Statistical Area, KY part","KY"]
["K","IM2117300000000","Clarksville, TN-KY Metropolitan Statistical Area, KY part","KY"]
["K","IM2121780000000","Evansville, IN-KY Metropolitan Statistical Area, KY part","KY"]
["K","IM2126580000000","Huntington-Ashland, WV-KY-OH Metropolitan Statistical Area, KY part","KY"]
["K","IM2131140000000","Louisville/Jefferson County, KY-IN Metropolitan Statistical Area, KY part","KY"]
["K","IM2137140000000","Paducah, KY-IL Micropolitan Statistical Area, KY part","KY"]
["K","IM2146460000000","Union City, TN-KY Micropolitan Statistical Area, KY part","KY"]
["K","IM2235020000000","Natchez, MS-LA Micropolitan Statistical Area, LA part","LA"]
["K","IM2373050000000","Dover-Durham, NH-ME Metropolitan NECTA, ME part","ME"]
["K","IM2376900000000","Portsmouth, NH-ME Metropolitan NECTA, ME part","ME"]
["K","IM2419060000000","Cumberland, MD-WV Metropolitan Statistical Area, MD part","MD"]
["K","IM2425180000000","Hagerstown-Martinsburg, MD-WV Metropolitan Statistical Area, MD part","MD"]
["K","IM2441540000000","Salisbury, MD-DE Metropolitan Statistical Area, MD part","MD"]
["K","IM2576150000000","North Adams, MA-VT Micropolitan NECTA, MA part","MA"]
["K","IM2577200000000","Providence-Warwick, RI-MA Metropolitan NECTA, MA part","MA"]
["K","IM2578100000000","Springfield, MA-CT Metropolitan NECTA, MA part","MA"]
["K","IM2579600000000","Worcester, MA-CT Metropolitan NECTA, MA part","MA"]
["K","IM2627020000000","Iron Mountain, MI-WI Micropolitan Statistical Area, MI part","MI"]
["K","IM2631940000000","Marinette, WI-MI Micropolitan Statistical Area, MI part","MI"]
["K","IM2643780000000","South Bend-Mishawaka, IN-MI Metropolitan Statistical Area, MI part","MI"]
["K","IM2720260000000","Duluth, MN-WI Metropolitan Statistical Area, MN part","MN"]
["K","IM2722020000000","Fargo, ND-MN Metropolitan Statistical Area, MN part","MN"]
["K","IM2724220000000","Grand Forks, ND-MN Metropolitan Statistical Area, MN part","MN"]
["K","IM2729100000000","La Crosse-Onalaska, WI-MN Metropolitan Statistical Area, MN part","MN"]
["K","IM2733460000000","Minneapolis-St. Paul-Bloomington, MN-WI Metropolitan Statistical Area, MN part","MN"]
["K","IM2747420000000","Wahpeton, ND-MN Micropolitan Statistical Area, MN part","MN"]
["K","IM2832820000000","Memphis, TN-MS-AR Metropolitan Statistical Area, MS part","MS"]
["K","IM2835020000000","Natchez, MS-LA Micropolitan Statistical Area, MS part","MS"]
["K","IM2916020000000","Cape Girardeau, MO-IL Metropolitan Statistical Area, MO part","MO"]
["K","IM2922220000000","Fayetteville-Springdale-Rogers, AR-MO Metropolitan Statistical Area, MO part","MO"]
["K","IM2922800000000","Fort Madison-Keokuk, IA-IL-MO Micropolitan Statistical Area, MO part","MO"]
["K","IM2928140000000","Kansas City, MO-KS Metropolitan Statistical Area, MO part","MO"]
["K","IM2939500000000","Quincy, IL-MO Micropolitan Statistical Area, MO part","MO"]
["K","IM2941140000000","St. Joseph, MO-KS Metropolitan Statistical Area, MO part","MO"]
["K","IM2941180000000","St. Louis, MO-IL Metropolitan Statistical Area, MO part","MO"]
["K","IM3136540000000","Omaha-Council Bluffs, NE-IA Metropolitan Statistical Area, NE part","NE"]
["K","IM3143580000000","Sioux City, IA-NE-SD Metropolitan Statistical Area, NE part","NE"]
["K","IM3373050000000","Dover-Durham, NH-ME Metropolitan NECTA, NH part","NH"]
["K","IM3374350000000","Lebanon, NH-VT Micropolitan NECTA, NH part","NH"]
["K","IM3376900000000","Portsmouth, NH-ME Metropolitan NECTA, NH part","NH"]
["K","IM3410900000000","Allentown-Bethlehem-Easton, PA-NJ Metropolitan Statistical Area, NJ part","NJ"]
["K","IM3716740000000","Charlotte-Concord-Gastonia, NC-SC Metropolitan Statistical Area, NC part","NC"]
["K","IM3734820000000","Myrtle Beach-Conway-North Myrtle Beach, SC-NC Metropolitan Statistical Area, NC part","NC"]
["K","IM3747260000000","Virginia Beach-Norfolk-Newport News, VA-NC Metropolitan Statistical Area, NC part","NC"]
["K","IM3822020000000","Fargo, ND-MN Metropolitan Statistical Area, ND part","ND"]
["K","IM3824220000000","Grand Forks, ND-MN Metropolitan Statistical Area, ND part","ND"]
["K","IM3847420000000","Wahpeton, ND-MN Micropolitan Statistical Area, ND part","ND"]
["K","IM3917140000000","Cincinnati, OH-KY-IN Metropolitan Statistical Area, OH part","OH"]
["K","IM3926580000000","Huntington-Ashland, WV-KY-OH Metropolitan Statistical Area, OH part","OH"]
["K","IM3938580000000","Point Pleasant, WV-OH Micropolitan Statistical Area, OH part","OH"]
["K","IM3948260000000","Weirton-Steubenville, WV-OH Metropolitan Statistical Area, OH part","OH"]
["K","IM3948540000000","Wheeling, WV-OH Metropolitan Statistical Area, OH part","OH"]
["K","IM3949660000000","Youngstown-Warren-Boardman, OH-PA Metropolitan Statistical Area, OH part","OH"]
["K","IM4022900000000","Fort Smith, AR-OK Metropolitan Statistical Area, OK part","OK"]
["K","IM4136620000000","Ontario, OR-ID Micropolitan Statistical Area, OR part","OR"]
["K","IM4138900000000","Portland-Vancouver-Hillsboro, OR-WA Metropolitan Statistical Area, OR part","OR"]
["K","IM4210900000000","Allentown-Bethlehem-Easton, PA-NJ Metropolitan Statistical Area, PA part","PA"]
["K","IM4249660000000","Youngstown-Warren-Boardman, OH-PA Metropolitan Statistical Area, PA part","PA"]
["K","IM4476450000000","Norwich-New London-Westerly, CT-RI Metropolitan NECTA, RI part","RI"]
["K","IM4477200000000","Providence-Warwick, RI-MA Metropolitan NECTA, RI part","RI"]
["K","IM4512260000000","Augusta-Richmond County, GA-SC Metropolitan Statistical Area, SC part","SC"]
["K","IM4516740000000","Charlotte-Concord-Gastonia, NC-SC Metropolitan Statistical Area, SC part","SC"]
["K","IM4534820000000","Myrtle Beach-Conway-North Myrtle Beach, SC-NC Metropolitan Statistical Area, SC part","SC"]
["K","IM4643580000000","Sioux City, IA-NE-SD Metropolitan Statistical Area, SD part","SD"]
["K","IM4716860000000","Chattanooga, TN-GA Metropolitan Statistical Area, TN part","TN"]
["K","IM4717300000000","Clarksville, TN-KY Metropolitan Statistical Area, TN part","TN"]
["K","IM4728700000000","Kingsport-Bristol-Bristol, TN-VA Metropolitan Statistical Area, TN part","TN"]
["K","IM4732820000000","Memphis, TN-MS-AR Metropolitan Statistical Area, TN part","TN"]
["K","IM4746460000000","Union City, TN-KY Micropolitan Statistical Area, TN part","TN"]
["K","IM4845500000000","Texarkana, TX-AR Metropolitan Statistical Area, TX part","TX"]
["K","IM4930860000000","Logan, UT-ID Metropolitan Statistical Area, UT part","UT"]
["K","IM5074350000000","Lebanon, NH-VT Micropolitan NECTA, VT part","VT"]
["K","IM5076150000000","North Adams, MA-VT Micropolitan NECTA, VT part","VT"]
["K","IM5114140000000","Bluefield, WV-VA Micropolitan Statistical Area, VA part","VA"]
["K","IM5128700000000","Kingsport-Bristol-Bristol, TN-VA Metropolitan Statistical Area, VA part","VA"]
["K","IM5147260000000","Virginia Beach-Norfolk-Newport News, VA-NC Metropolitan Statistical Area, VA part","VA"]
["K","IM5149020000000","Winchester, VA-WV Metropolitan Statistical Area, VA part","VA"]
["K","IM5330300000000","Lewiston, ID-WA Metropolitan Statistical Area, WA part","WA"]
["K","IM5338900000000","Portland-Vancouver-Hillsboro, OR-WA Metropolitan Statistical Area, WA part","WA"]
["K","IM5414140000000","Bluefield, WV-VA Micropolitan Statistical Area, WV part","WV"]
["K","IM5419060000000","Cumberland, MD-WV Metropolitan Statistical Area, WV part","WV"]
["K","IM5425180000000","Hagerstown-Martinsburg, MD-WV Metropolitan Statistical Area, WV part","WV"]
["K","IM5426580000000","Huntington-Ashland, WV-KY-OH Metropolitan Statistical Area, WV part","WV"]
["K","IM5438580000000","Point Pleasant, WV-OH Micropolitan Statistical Area, WV part","WV"]
["K","IM5448260000000","Weirton-Steubenville, WV-OH Metropolitan Statistical Area, WV part","WV"]
["K","IM5448540000000","Wheeling, WV-OH Metropolitan Statistical Area, WV part","WV"]
["K","IM5449020000000","Winchester, VA-WV Metropolitan Statistical Area, WV part","WV"]
["K","IM5520260000000","Duluth, MN-WI Metropolitan Statistical Area, WI part","WI"]
["K","IM5527020000000","Iron Mountain, MI-WI Micropolitan Statistical Area, WI part","WI"]
["K","IM5529100000000","La Crosse-Onalaska, WI-MN Metropolitan Statistical Area, WI part","WI"]
["K","IM5531940000000","Marinette, WI-MI Micropolitan Statistical Area, WI part","WI"]
["K","IM5533460000000","Minneapolis-St. Paul-Bloomington, MN-WI Metropolitan Statistical Area, WI part","WI"]
["K","IM5627220000000","Jackson, WY-ID Micropolitan Statistical Area, WY part","WY"]
["K","IS2380740000000","Conway, NH-ME LMA, ME part","ME"]
["K","IS2681060000000","Gogebic-Iron, MI-WI LMA, MI part","MI"]
["K","IS3380420000000","Brattleboro, VT-NH LMA, NH part","NH"]
["K","IS3380700000000","Colebrook, NH-VT LMA, NH part","NH"]
["K","IS3380740000000","Conway, NH-ME LMA, NH part","NH"]
["K","IS3381620000000","Littleton, NH-VT LMA, NH part","NH"]
["K","IS5080420000000","Brattleboro, VT-NH LMA, VT part","VT"]
["K","IS5080700000000","Colebrook, NH-VT LMA, VT part","VT"]
["K","IS5081620000000","Littleton, NH-VT LMA, VT part","VT"]
["K","IS5581060000000","Gogebic-Iron, MI-WI LMA, WI part","WI"]

{"sheet":"BondRating_vlookup","index":16,"n_rows":49,"n_cols":18,"rows_kept":49,"cut":false,"hidden":true,"merged":[]}
["Rating","Source","Desc","Score",null,null,null,null,null,"Selected","Selected2",null,"Rating","Fitch","Moody's","S&P","source","https://www.contextures.com/xldataval02.html"]
["A","Fitch","STRONG",3,null,null,null,null,{"$f":"OFFSET(K2,0,0,COUNTA(K:K)-1,1)","v":""},{"$f":"IF(SelectedAgency=\"Moody's\",Moodys,IF(SelectedAgency=\"Fitch\",N2:N11,IF(SelectedAgency=\"S&P\",SandP,\"\")))","v":""},{"$f":"IF(SelectedAgency2=\"Moody's\",Moodys,IF(SelectedAgency2=\"Fitch\",Fitch,IF(SelectedAgency2=\"S&P\",SandP,\"\")))","v":""},null,"Fitch","A","A1","A"]
["AA","Fitch","STRONG",3,null,null,null,null,null,null,null,null,"Moody's","AA","A2","A-"]
["AAA","Fitch","STRONG",3,null,null,null,null,null,null,null,null,"S&P","AAA","A3","A+"]
["BBB","Fitch","MID",2,null,null,null,null,null,null,null,null,null,"BBB","Aa1","AA"]
["B","Fitch","WEAK",1,null,null,null,null,null,null,null,null,null,"B","Aa2","AA-"]
["BB","Fitch","WEAK",1,null,null,null,null,null,null,null,null,null,"BB","Aa3","AA+"]
["C","Fitch","WEAK",1,null,null,null,null,null,null,null,null,null,"C","Aaa","AAA"]
["CC","Fitch","WEAK",1,null,null,null,null,null,null,null,null,null,"CC","Baa1","BBB"]
["CCC","Fitch","WEAK",1,null,null,null,null,null,null,null,null,null,"CCC","Baa2","BBB-"]
["D","Fitch","WEAK",1,null,null,null,null,null,null,null,null,null,"D","Baa3","BBB+"]
["A1","Moody's","STRONG",3,null,null,null,null,null,null,null,null,null,null,"B1","B"]
["A2","Moody's","STRONG",3,null,null,null,null,null,null,null,null,null,null,"B2","BB"]
["A3","Moody's","STRONG",3,null,null,null,null,null,null,null,null,null,null,"B3","BB+"]
["Aa1","Moody's","STRONG",3,null,null,null,null,null,null,null,null,null,null,"Ba1","C"]
["Aa2","Moody's","STRONG",3,null,null,null,null,null,null,null,null,null,null,"Ba2","CC"]
["Aa3","Moody's","STRONG",3,null,null,null,null,null,null,null,null,null,null,"Ba3","CCC"]
["Aaa","Moody's","STRONG",3,null,null,null,null,null,null,null,null,null,null,"C","D"]
["Baa1","Moody's","MID",2,null,null,null,null,null,null,null,null,null,null,"Ca"]
["Baa2","Moody's","MID",2,null,null,null,null,null,null,null,null,null,null,"Caa1"]
["Baa3","Moody's","MID",2,null,null,null,null,null,null,null,null,null,null,"Caa2"]
["B1","Moody's","WEAK",1,null,null,null,null,null,null,null,null,null,null,"Caa3"]
["B2","Moody's","WEAK",1]
["B3","Moody's","WEAK",1]
["Ba1","Moody's","WEAK",1]
["Ba2","Moody's","WEAK",1]
["Ba3","Moody's","WEAK",1]
["C","Moody's","WEAK",1]
["Ca","Moody's","WEAK",1]
["Caa1","Moody's","WEAK",1]
["Caa2","Moody's","WEAK",1]
["Caa3","Moody's","WEAK",1]
["A","S&P","STRONG",3]
["A-","S&P","STRONG",3]
["A+","S&P","STRONG",3]
["AA","S&P","STRONG",3]
["AA-","S&P","STRONG",3]
["AA+","S&P","STRONG",3]
["AAA","S&P","STRONG",3]
["BBB","S&P","MID",2]
["BBB-","S&P","MID",2]
["BBB+","S&P","MID",2]
["B","S&P","WEAK",1]
["BB","S&P","WEAK",1]
["BB+","S&P","WEAK",1]
["C","S&P","WEAK",1]
["CC","S&P","WEAK",1]
["CCC","S&P","WEAK",1]
["D","S&P","WEAK",1]

{"sheet":"Dropdown Menus","index":17,"n_rows":52,"n_cols":7,"rows_kept":52,"cut":false,"hidden":true,"merged":[]}
["Jurisdictions (RI inputs)",null,"Rating Agency (4. FCI Inputs)","Bond Insurance","States",null,"Communities (BLS)"]
["(a) 1 Jurisdiction",null,"Fitch","Yes","AK",null,{"$f":"_xlfn._xlws.SORT(_xlfn.UNIQUE(_xlfn._xlws.FILTER('BLS Areas'!C2:C8309,'BLS Areas'!D2:D8309=Inputs_Demographic!C29)))","v":{"$error":"#VALUE!"}}]
["(b) Multiple (2+) Jurisdictions",null,"S&P","No","AL"]
[null,null,"Moody's",null,"AR"]
[null,null,null,null,"AZ"]
[null,null,null,null,"CA"]
[null,null,null,null,"CO"]
[null,null,null,null,"CT"]
[null,null,null,null,"DC"]
[null,null,null,null,"DE"]
[null,null,null,null,"FL"]
[null,null,null,null,"GA"]
[null,null,null,null,"HI"]
[null,null,null,null,"IA"]
[null,null,null,null,"ID"]
[null,null,null,null,"IL"]
[null,null,null,null,"IN"]
[null,null,null,null,"KS"]
[null,null,null,null,"KY"]
[null,null,null,null,"LA"]
[null,null,null,null,"MA"]
[null,null,null,null,"MD"]
[null,null,null,null,"ME"]
[null,null,null,null,"MI"]
[null,null,null,null,"MN"]
[null,null,null,null,"MO"]
[null,null,null,null,"MS"]
[null,null,null,null,"MT"]
[null,null,null,null,"NC"]
[null,null,null,null,"ND"]
[null,null,null,null,"NE"]
[null,null,null,null,"NH"]
[null,null,null,null,"NJ"]
[null,null,null,null,"NM"]
[null,null,null,null,"NV"]
[null,null,null,null,"NY"]
[null,null,null,null,"OH"]
[null,null,null,null,"OK"]
[null,null,null,null,"OR"]
[null,null,null,null,"PA"]
[null,null,null,null,"RI"]
[null,null,null,null,"SC"]
[null,null,null,null,"SD"]
[null,null,null,null,"TN"]
[null,null,null,null,"TX"]
[null,null,null,null,"UT"]
[null,null,null,null,"VA"]
[null,null,null,null,"VT"]
[null,null,null,null,"WA"]
[null,null,null,null,"WI"]
[null,null,null,null,"WV"]
[null,null,null,null,"WY"]

{"sheet":"Automatically updated -->","index":18,"n_rows":1,"n_cols":1,"rows_kept":1,"cut":false,"hidden":true,"merged":[]}
["The worksheets to the right of this worksheet are automatically updated and should not be altered."]

{"sheet":"Place B tables","index":19,"n_rows":249,"n_cols":9,"rows_kept":249,"cut":false,"hidden":true,"merged":[]}
["NAME","B01003_001E","B19080_001E","B25002_001E","B25002_002E","B25002_003E","B19013_001E","state","place"]
["Abington CDP, Massachusetts","16974","41219","6335","6083","252","113155","25","00135"]
["Acushnet Center CDP, Massachusetts","3351","25968","1524","1495","29","62578","25","00530"]
["Adams CDP, Massachusetts","5710","18703","3219","2898","321","45079","25","00590"]
["Agawam Town city, Massachusetts","28715","35853","12242","11785","457","78619","25","00840"]
["Amesbury Town city, Massachusetts","17286","38482","7622","7326","296","87433","25","01260"]
["Amherst Town city, Massachusetts","39416","16305","10642","9328","1314","61127","25","01370"]
["Andover CDP, Massachusetts","8958","37539","3773","3517","256","122689","25","01430"]
["Arlington CDP, Massachusetts","46045","51354","20182","19308","874","125701","25","01640"]
["Athol CDP, Massachusetts","9154","21373","4043","3637","406","54897","25","02515"]
["Attleboro city, Massachusetts","46146","30007","19537","17918","1619","81627","25","02690"]
["Ayer CDP, Massachusetts","3078","32921","1586","1486","100","77850","25","03040"]
["Baldwinville CDP, Massachusetts","2148","29690","834","752","82","63083","25","03355"]
["Barnstable Town city, Massachusetts","48556","34797","27084","19748","7336","82816","25","03690"]
["Barre CDP, Massachusetts","639","26738","405","306","99","67895","25","03705"]
["Belchertown CDP, Massachusetts","2557","28304","1337","1181","156","77431","25","04790"]
["Bellingham CDP, Massachusetts","4212","25909","2084","1975","109","67006","25","04965"]
["Belmont CDP, Massachusetts","27056","56000","10899","10393","506","151502","25","05105"]
["Beverly city, Massachusetts","42448","29154","17224","16717","507","89882","25","05595"]
["Blandford CDP, Massachusetts","347","65409","197","169","28","83365","25","06050"]
["Bliss Corner CDP, Massachusetts","5529","25222","2302","2266","36","67167","25","06170"]
["Boston city, Massachusetts","672814","21813","300437","271950","28487","81744","25","07000"]
["Bourne CDP, Massachusetts","1390","29500","1068","775","293","64646","25","07140"]
["Boxford CDP, Massachusetts","3020","106350","993","942","51","232326","25","07385"]
["Braintree Town city, Massachusetts","38712","48582","15085","14384","701","114916","25","07740"]
["Brewster CDP, Massachusetts","1410","22444","2085","708","1377","61579","25","07945"]
["Bridgewater Town city, Massachusetts","28337","50076","9075","8690","385","107757","25","08130"]
["Brockton city, Massachusetts","104216","26330","36882","35092","1790","68067","25","09000"]
["Brookfield CDP, Massachusetts","779","29188","348","322","26","63621","25","09070"]
["Brookline CDP, Massachusetts","62620","44579","28274","26762","1512","122356","25","09210"]
["Burlington CDP, Massachusetts","26234","48305","10603","10093","510","124755","25","09875"]
["Buzzards Bay CDP, Massachusetts","3206","37903","1797","1417","380","80218","25","10015"]
["Cambridge city, Massachusetts","116892","39614","51966","47777","4189","112565","25","11000"]
["Cedar Crest CDP, Massachusetts","2838","96560","1037","908","129","160813","25","11945"]
["Chatham CDP, Massachusetts","1559","39313","2145","869","1276","79688","25","12960"]
["Chelsea city, Massachusetts","40025","21168","13950","13353","597","64782","25","13205"]
["Cheshire CDP, Massachusetts","662","28665","391","339","52","-666666666","25","13310"]
["Chester CDP, Massachusetts","804","30750","296","253","43","75144","25","13450"]
["Chicopee city, Massachusetts","55636","22861","25405","23852","1553","56509","25","13660"]
["Clinton CDP, Massachusetts","7455","32340","3500","3216","284","68958","25","14430"]
["Cochituate CDP, Massachusetts","6966","90983","2540","2387","153","176458","25","14570"]
["Cordaville CDP, Massachusetts","2776","75444","958","958","0","167500","25","15340"]
["Danvers CDP, Massachusetts","27966","42867","11335","10964","371","105654","25","16285"]
["Dedham CDP, Massachusetts","25308","45476","10963","10458","505","108047","25","16530"]
["Deerfield CDP, Massachusetts","470","10474","133","133","0","-666666666","25","16635"]
["Dennis CDP, Massachusetts","1990","48638","2491","1041","1450","105508","25","16740"]
["Dennis Port CDP, Massachusetts","3440","24956","5262","1722","3540","45769","25","16810"]
["Devens CDP, Massachusetts","2071","96096","259","259","0","120777","25","16840"]
["Dover CDP, Massachusetts","2413","104833","767","767","0","227375","25","17370"]
["Duxbury CDP, Massachusetts","1587","95482","749","670","79","108810","25","17860"]
["East Brookfield CDP, Massachusetts","1239","37192","606","507","99","64732","25","18595"]
["East Dennis CDP, Massachusetts","3272","31405","2336","1454","882","79049","25","18840"]
["East Douglas CDP, Massachusetts","2846","53246","1126","1100","26","100000","25","18875"]
["East Falmouth CDP, Massachusetts","6739","31890","4701","2872","1829","60820","25","18980"]
["Easthampton Town city, Massachusetts","16120","31527","8234","7796","438","63098","25","19370"]
["East Harwich CDP, Massachusetts","5519","49882","3701","2264","1437","89335","25","19400"]
["East Pepperell CDP, Massachusetts","1896","44980","754","754","0","97794","25","20310"]
["East Sandwich CDP, Massachusetts","3765","21910","2126","1546","580","108438","25","20380"]
["Edgartown CDP, Massachusetts","613","30676","856","201","655","53625","25","21115"]
["Essex CDP, Massachusetts","1688","29188","684","629","55","130125","25","21815"]
["Everett city, Massachusetts","48368","25177","17880","17007","873","71510","25","21990"]
["Fall River city, Massachusetts","93339","18214","44125","40862","3263","49613","25","23000"]
["Falmouth CDP, Massachusetts","3895","15174","3203","2128","1075","52635","25","23070"]
["Fiskdale CDP, Massachusetts","3166","28676","1265","1181","84","74132","25","23840"]
["Fitchburg city, Massachusetts","41796","26480","17697","16398","1299","60466","25","23875"]
["Forestdale CDP, Massachusetts","3713","41917","1566","1447","119","115078","25","24190"]
["Foxborough CDP, Massachusetts","6557","21333","3024","2937","87","67563","25","24855"]
["Framingham city, Massachusetts","72089","37356","28992","27968","1024","90638","25","24960"]
["Franklin Town city, Massachusetts","33057","54279","12506","12118","388","127608","25","25172"]
["Gardner city, Massachusetts","21183","22437","9631","8841","790","52770","25","25485"]
["Gloucester city, Massachusetts","29814","31618","14782","13168","1614","82984","25","26150"]
["Granby CDP, Massachusetts","1136","58250","481","442","39","103750","25","26500"]
["Great Barrington CDP, Massachusetts","2017","21730","1294","1123","171","45063","25","26780"]
["Greenfield city, Massachusetts","17661","20703","8582","8100","482","52211","25","27060"]
["Green Harbor CDP, Massachusetts","812","65755","582","332","250","-666666666","25","27130"]
["Groton CDP, Massachusetts","1295","18000","419","419","0","130625","25","27445"]
["Hanscom AFB CDP, Massachusetts","1917","50300","478","478","0","105909","25","28425"]
["Hanson CDP, Massachusetts","1860","42778","714","630","84","116000","25","28460"]
["Harwich Center CDP, Massachusetts","1435","30182","1044","691","353","67422","25","29055"]
["Harwich Port CDP, Massachusetts","2119","25735","2246","1060","1186","57581","25","29090"]
["Hatfield CDP, Massachusetts","1264","29625","627","588","39","80000","25","29230"]
["Haverhill city, Massachusetts","67093","30684","27177","26108","1069","75130","25","29405"]
["Hingham CDP, Massachusetts","5557","49510","1993","1993","0","206384","25","30175"]
["Holbrook CDP, Massachusetts","11344","37809","4879","4712","167","89763","25","30420"]
["Holland CDP, Massachusetts","1436","37435","998","647","351","74246","25","30630"]
["Holyoke city, Massachusetts","38480","15823","16731","15062","1669","45045","25","30840"]
["Hopedale CDP, Massachusetts","3814","35435","1458","1405","53","107768","25","30980"]
["Hopkinton CDP, Massachusetts","3567","49231","1303","1270","33","149677","25","31050"]
["Housatonic CDP, Massachusetts","895","22514","551","471","80","60845","25","31295"]
["Hudson CDP, Massachusetts","15445","35881","6877","6490","387","83828","25","31575"]
["Hull CDP, Massachusetts","10120","50613","5702","4380","1322","117120","25","31680"]
["Huntington CDP, Massachusetts","864","38400","344","344","0","53750","25","31750"]
["Ipswich CDP, Massachusetts","4659","29173","2127","2072","55","78261","25","32275"]
["Kingston CDP, Massachusetts","6013","51909","2512","2361","151","115563","25","33185"]
["Lawrence city, Massachusetts","87798","19351","31537","30291","1246","47542","25","34550"]
["Lee CDP, Massachusetts","1547","39298","716","621","95","64271","25","34620"]
["Lenox CDP, Massachusetts","2109","27097","1128","1025","103","50956","25","34935"]
["Lenox Dale CDP, Massachusetts","279","38581","140","93","47","-666666666","25","35040"]
["Leominster city, Massachusetts","43478","31439","18661","17896","765","69525","25","35075"]
["Lexington CDP, Massachusetts","34235","86569","12659","12301","358","202852","25","35250"]
["Littleton Common CDP, Massachusetts","3036","53140","1195","1181","14","113794","25","36020"]
["Longmeadow CDP, Massachusetts","15863","58940","6053","5821","232","129780","25","36335"]
["Lowell city, Massachusetts","114804","22470","44129","42285","1844","64489","25","37000"]
["Lunenburg CDP, Massachusetts","1686","62722","679","604","75","111351","25","37385"]
["Lynn city, Massachusetts","100233","20355","37627","36280","1347","63922","25","37490"]
["Lynnfield CDP, Massachusetts","12874","50500","4708","4536","172","147237","25","37595"]
["Madaket CDP, Massachusetts","373","47115","735","180","555","93864","25","37735"]
["Malden city, Massachusetts","65602","28811","27075","25666","1409","77119","25","37875"]
["Mansfield Center CDP, Massachusetts","7689","43824","3383","3198","185","87681","25","38230"]
["Marblehead CDP, Massachusetts","20397","55156","8744","8075","669","154049","25","38435"]
["Marion Center CDP, Massachusetts","1095","52125","515","385","130","89293","25","38575"]
["Marlborough city, Massachusetts","41505","37335","18276","17147","1129","86230","25","38715"]
["Marshfield CDP, Massachusetts","4901","35158","1995","1853","142","90234","25","38820"]
["Marshfield Hills CDP, Massachusetts","2244","60094","851","851","0","146354","25","38960"]
["Mashpee Neck CDP, Massachusetts","1405","56188","657","512","145","135469","25","39152"]
["Mattapoisett Center CDP, Massachusetts","3282","63161","1767","1392","375","88946","25","39485"]
["Maynard CDP, Massachusetts","10702","41500","4515","4269","246","112432","25","39660"]
["Medfield CDP, Massachusetts","6317","42620","2527","2466","61","169750","25","39730"]
["Medford city, Massachusetts","60708","42804","26253","24765","1488","107853","25","39835"]
["Melrose city, Massachusetts","29567","43678","12276","11996","280","125229","25","40115"]
["Methuen Town city, Massachusetts","52536","35938","19524","18803","721","87137","25","40710"]
["Middleborough Center CDP, Massachusetts","7790","18370","3409","3172","237","71500","25","40885"]
["Milford CDP, Massachusetts","27336","37980","10945","10433","512","85291","25","41200"]
["Millers Falls CDP, Massachusetts","1031","21775","537","501","36","54531","25","41410"]
["Millis-Clicquot CDP, Massachusetts","4653","48443","1880","1736","144","103636","25","41532"]
["Milton CDP, Massachusetts","28382","53145","9235","8781","454","153971","25","41725"]
["Monomoscoy Island CDP, Massachusetts","141","40150","86","78","8","81563","25","41960"]
["Monson Center CDP, Massachusetts","1616","13692","855","818","37","48250","25","42180"]
["Monument Beach CDP, Massachusetts","3187","42486","1793","1337","456","94583","25","42670"]
["Nahant CDP, Massachusetts","3354","42337","1832","1678","154","99456","25","43615"]
["Nantucket CDP, Massachusetts","10699","41000","6984","2948","4036","108167","25","43755"]
["Needham CDP, Massachusetts","31808","70843","11558","11260","298","182813","25","44140"]
["New Bedford city, Massachusetts","100309","19018","44252","41395","2857","50581","25","45000"]
["Newburyport city, Massachusetts","18282","48668","8127","7537","590","115807","25","45245"]
["New Seabury CDP, Massachusetts","619","53500","2061","333","1728","152917","25","45500"]
["Newton city, Massachusetts","88647","66001","32693","31038","1655","164607","25","45560"]
["North Adams city, Massachusetts","13024","20629","6587","5540","1047","48575","25","46225"]
["Northampton city, Massachusetts","29379","27368","12748","11949","799","72687","25","46330"]
["North Attleborough Town city, Massachusetts","30557","38656","12562","12273","289","97967","25","46598"]
["Northborough CDP, Massachusetts","6767","57271","2553","2514","39","140482","25","46785"]
["North Brookfield CDP, Massachusetts","2429","26042","1108","980","128","66673","25","47100"]
["North Eastham CDP, Massachusetts","1871","47686","2842","859","1983","76896","25","47590"]
["North Falmouth CDP, Massachusetts","2375","53769","2343","992","1351","104118","25","47730"]
["Northfield CDP, Massachusetts","900","23594","551","450","101","51163","25","47800"]
["North Lakeville CDP, Massachusetts","3343","31790","1355","1316","39","77553","25","48220"]
["North Pembroke CDP, Massachusetts","4133","90790","1659","1659","0","146042","25","48710"]
["North Plymouth CDP, Massachusetts","4246","22799","1956","1911","45","55396","25","48780"]
["North Scituate CDP, Massachusetts","5519","61360","1897","1861","36","144926","25","49165"]
["North Seekonk CDP, Massachusetts","2191","51406","1058","958","100","116500","25","49200"]
["Northwest Harwich CDP, Massachusetts","4256","41567","3525","1718","1807","73636","25","49700"]
["North Westport CDP, Massachusetts","4835","26712","2203","1993","210","74621","25","49710"]
["Norton Center CDP, Massachusetts","2627","46000","399","399","0","101875","25","50005"]
["Norwood CDP, Massachusetts","31256","38405","13583","13002","581","96414","25","50285"]
["Oak Bluffs CDP, Massachusetts","1372","26315","2081","561","1520","50179","25","50425"]
["Ocean Bluff-Brant Rock CDP, Massachusetts","4503","34737","3014","2020","994","81557","25","50862"]
["Ocean Grove CDP, Massachusetts","2604","37500","1199","1165","34","69245","25","50880"]
["Onset CDP, Massachusetts","1138","11930","1366","614","752","-666666666","25","51160"]
["Orange CDP, Massachusetts","3727","26639","1638","1443","195","55313","25","51230"]
["Orleans CDP, Massachusetts","1472","16136","1334","820","514","56750","25","51405"]
["Oxford CDP, Massachusetts","5392","29997","2244","1989","255","84957","25","51790"]
["Palmer Town city, Massachusetts","12434","33305","5500","5207","293","70090","25","52144"]
["Peabody city, Massachusetts","54200","31329","23544","22808","736","83570","25","52490"]
["Pepperell CDP, Massachusetts","2288","13721","1126","1037","89","83850","25","52770"]
["Petersham CDP, Massachusetts","263","34056","144","121","23","69375","25","53085"]
["Pinehurst CDP, Massachusetts","6653","64617","2409","2334","75","126985","25","53680"]
["Pittsfield city, Massachusetts","43890","23764","21582","19290","2292","59522","25","53960"]
["Plymouth CDP, Massachusetts","7198","30465","4046","3632","414","68552","25","54275"]
["Pocasset CDP, Massachusetts","2660","31255","2212","1313","899","67847","25","54450"]
["Popponesset CDP, Massachusetts","411","34577","337","179","158","-666666666","25","55070"]
["Popponesset Island CDP, Massachusetts","63","61944","61","35","26","-666666666","25","55090"]
["Provincetown CDP, Massachusetts","3273","26184","4707","1847","2860","66850","25","55535"]
["Quincy city, Massachusetts","100544","32185","46788","44515","2273","85041","25","55745"]
["Randolph Town city, Massachusetts","34661","34452","12548","12150","398","87869","25","56000"]
["Raynham Center CDP, Massachusetts","5072","27800","1682","1682","0","87299","25","56095"]
["Reading CDP, Massachusetts","25483","56244","9546","9283","263","145552","25","56165"]
["Revere city, Massachusetts","60720","22872","23475","21647","1828","73041","25","56585"]
["Rockport CDP, Massachusetts","4889","33581","3197","2366","831","84500","25","57845"]
["Rowley CDP, Massachusetts","1509","49971","614","614","0","95808","25","58370"]
["Russell CDP, Massachusetts","586","41154","271","250","21","80500","25","58615"]
["Rutland CDP, Massachusetts","1546","48284","676","606","70","77744","25","58790"]
["Sagamore CDP, Massachusetts","4229","53569","1887","1516","371","106917","25","58965"]
["Salem city, Massachusetts","44452","24805","20956","19745","1211","72884","25","59105"]
["Salisbury CDP, Massachusetts","5081","43635","3554","2439","1115","88350","25","59210"]
["Sandwich CDP, Massachusetts","2873","45609","1976","1388","588","90500","25","59700"]
["Saugus CDP, Massachusetts","28521","39225","11254","10581","673","93737","25","60050"]
["Scituate CDP, Massachusetts","5670","48221","2597","2539","58","110477","25","60295"]
["Seabrook CDP, Massachusetts","606","49550","314","266","48","118056","25","60505"]
["Seconsett Island CDP, Massachusetts","90","72300","131","23","108","114125","25","60627"]
["Sharon CDP, Massachusetts","6132","84520","2176","2087","89","157255","25","60820"]
["Shelburne Falls CDP, Massachusetts","1684","25611","884","794","90","52778","25","61205"]
["Shirley CDP, Massachusetts","1707","36598","805","805","0","78783","25","61555"]
["Siasconset CDP, Massachusetts","55","-666666666","1025","15","1010","-666666666","25","61940"]
["Smith Mills CDP, Massachusetts","4846","22303","2172","2109","63","57824","25","62300"]
["Somerset CDP, Massachusetts","18271","45732","7532","7248","284","96967","25","62465"]
["Somerville city, Massachusetts","80608","44155","36685","34523","2162","108896","25","62535"]
["South Ashburnham CDP, Massachusetts","848","37122","337","337","0","58750","25","62780"]
["Southbridge Town city, Massachusetts","17643","20282","7652","7094","558","50414","25","63345"]
["South Deerfield CDP, Massachusetts","2244","22470","1126","1099","27","77944","25","63620"]
["South Dennis CDP, Massachusetts","3259","31227","2516","1410","1106","73485","25","63655"]
["South Duxbury CDP, Massachusetts","3381","63556","1368","1269","99","174601","25","63690"]
["South Lancaster CDP, Massachusetts","1620","35385","848","735","113","98894","25","64460"]
["South Yarmouth CDP, Massachusetts","11696","29679","7997","4846","3151","72759","25","66035"]
["Spencer CDP, Massachusetts","5743","15878","3079","2741","338","48646","25","66070"]
["Springfield city, Massachusetts","155770","15164","63179","58344","4835","43308","25","67000"]
["Stoneham CDP, Massachusetts","23077","40016","10004","9758","246","105541","25","67700"]
["Sturbridge CDP, Massachusetts","2217","74083","1073","933","140","113180","25","68120"]
["Swampscott CDP, Massachusetts","15043","37177","6332","6093","239","114086","25","68680"]
["Taunton city, Massachusetts","59076","25220","24705","23159","1546","66787","25","69170"]
["Teaticket CDP, Massachusetts","1522","29750","1555","787","768","75612","25","69205"]
["The Pinehills CDP, Massachusetts","4724","52893","2592","2441","151","110375","25","69585"]
["Topsfield CDP, Massachusetts","2654","26469","897","897","0","143380","25","70115"]
["Townsend CDP, Massachusetts","1084","13875","521","493","28","68259","25","70325"]
["Turners Falls CDP, Massachusetts","4049","16674","2250","2006","244","44177","25","70815"]
["Upton CDP, Massachusetts","2354","35922","936","884","52","96136","25","71445"]
["Vineyard Haven CDP, Massachusetts","2258","39190","1642","881","761","60080","25","71970"]
["Wakefield CDP, Massachusetts","27041","49683","11343","10849","494","110372","25","72250"]
["Walpole CDP, Massachusetts","6188","41632","2664","2547","117","97344","25","72460"]
["Waltham city, Massachusetts","64655","40130","26234","24943","1291","103498","25","72600"]
["Ware CDP, Massachusetts","6339","17154","3265","2871","394","43783","25","72845"]
["Wareham Center CDP, Massachusetts","3057","19672","2246","1426","820","49360","25","73020"]
["Warren CDP, Massachusetts","596","10773","364","338","26","-666666666","25","73055"]
["Watertown Town city, Massachusetts","35171","44183","16802","16027","775","101402","25","73440"]
["Webster CDP, Massachusetts","12086","24264","5613","5069","544","53176","25","73930"]
["Wellesley CDP, Massachusetts","29365","74086","9033","8668","365","226250","25","74210"]
["Westborough CDP, Massachusetts","4364","46735","2028","1942","86","95882","25","75050"]
["West Brookfield CDP, Massachusetts","1646","21521","738","613","125","48682","25","75365"]
["West Chatham CDP, Massachusetts","1490","47692","2042","625","1417","121941","25","75505"]
["West Concord CDP, Massachusetts","7003","52338","2714","2443","271","148350","25","75680"]
["West Dennis CDP, Massachusetts","2703","28522","3036","1362","1674","65455","25","75820"]
["West Falmouth CDP, Massachusetts","2251","57500","1536","815","721","146992","25","75960"]
["Westfield city, Massachusetts","40922","33031","16085","15292","793","73692","25","76030"]
["West Springfield Town city, Massachusetts","28814","26455","13084","12734","350","60023","25","77890"]
["West Wareham CDP, Massachusetts","2313","24396","1146","1146","0","50425","25","78410"]
["West Warren CDP, Massachusetts","789","53611","419","350","69","59623","25","78445"]
["West Yarmouth CDP, Massachusetts","6124","28725","5119","2787","2332","58125","25","78795"]
["Weweantic CDP, Massachusetts","1374","31750","727","590","137","75746","25","78850"]
["Weymouth Town city, Massachusetts","57217","40444","25319","24400","919","91592","25","78972"]
["White Island Shores CDP, Massachusetts","2522","52321","968","850","118","97171","25","79390"]
["Whitinsville CDP, Massachusetts","7329","35385","2994","2835","159","86997","25","79495"]
["Wilbraham CDP, Massachusetts","3675","36240","1462","1414","48","93586","25","79705"]
["Williamstown CDP, Massachusetts","4565","24529","1458","1076","382","95988","25","79950"]
["Wilmington CDP, Massachusetts","23311","71541","7989","7756","233","146250","25","80195"]
["Winchendon CDP, Massachusetts","4463","21155","1617","1617","0","63576","25","80370"]
["Winchester CDP, Massachusetts","22875","71795","8299","8149","150","184844","25","80545"]
["Winthrop Town city, Massachusetts","19088","37197","8695","8242","453","86780","25","81005"]
["Woburn city, Massachusetts","40967","39490","17148","16292","856","95184","25","81035"]
["Woods Hole CDP, Massachusetts","1127","47667","1301","560","741","77386","25","81245"]
["Worcester city, Massachusetts","203867","19096","85218","78780","6438","56746","25","82000"]
["Yarmouth Port CDP, Massachusetts","5872","35475","3428","2617","811","90428","25","82595"]

{"sheet":"Place B tables 5 years earlier","index":20,"n_rows":247,"n_cols":4,"rows_kept":247,"cut":false,"hidden":true,"merged":[]}
["NAME","B25002_002E","state","place"]
["Weymouth Town city, Massachusetts","22891","25","78972"]
["Winthrop Town city, Massachusetts","7699","25","81005"]
["Belchertown CDP, Massachusetts","1262","25","04790"]
["Needham CDP, Massachusetts","10434","25","44140"]
["Quincy city, Massachusetts","39823","25","55745"]
["Abington CDP, Massachusetts","6203","25","00135"]
["Kingston CDP, Massachusetts","2436","25","33185"]
["Mattapoisett Center CDP, Massachusetts","1330","25","39485"]
["South Duxbury CDP, Massachusetts","1181","25","63690"]
["Wareham Center CDP, Massachusetts","1572","25","73020"]
["Cambridge city, Massachusetts","43497","25","11000"]
["Pinehurst CDP, Massachusetts","2417","25","53680"]
["Bourne CDP, Massachusetts","530","25","07140"]
["Buzzards Bay CDP, Massachusetts","1424","25","10015"]
["Amherst Center CDP, Massachusetts","2805","25","01360"]
["Monson Center CDP, Massachusetts","869","25","42180"]
["Acushnet Center CDP, Massachusetts","1170","25","00530"]
["Norton Center CDP, Massachusetts","385","25","50005"]
["Holbrook CDP, Massachusetts","4147","25","30420"]
["Norwood CDP, Massachusetts","11752","25","50285"]
["East Falmouth CDP, Massachusetts","2622","25","18980"]
["Harwich Center CDP, Massachusetts","707","25","29055"]
["Monomoscoy Island CDP, Massachusetts","45","25","41960"]
["Seabrook CDP, Massachusetts","213","25","60505"]
["Seconsett Island CDP, Massachusetts","11","25","60627"]
["West Chatham CDP, Massachusetts","613","25","75505"]
["South Deerfield CDP, Massachusetts","705","25","63620"]
["Holland CDP, Massachusetts","573","25","30630"]
["Mansfield Center CDP, Massachusetts","3093","25","38230"]
["Bellingham CDP, Massachusetts","2112","25","04965"]
["Middleborough Center CDP, Massachusetts","2772","25","40885"]
["Marlborough city, Massachusetts","15442","25","38715"]
["White Island Shores CDP, Massachusetts","580","25","79390"]
["Arlington CDP, Massachusetts","18652","25","01640"]
["Ayer CDP, Massachusetts","1417","25","03040"]
["Belmont CDP, Massachusetts","9636","25","05105"]
["Cochituate CDP, Massachusetts","2565","25","14570"]
["Maynard CDP, Massachusetts","4375","25","39660"]
["Newton city, Massachusetts","30898","25","45560"]
["Stoneham CDP, Massachusetts","9007","25","67700"]
["West Concord CDP, Massachusetts","2574","25","75680"]
["Andover CDP, Massachusetts","3388","25","01430"]
["Haverhill city, Massachusetts","23781","25","29405"]
["Shelburne Falls CDP, Massachusetts","852","25","61205"]
["Burlington CDP, Massachusetts","9271","25","09875"]
["Dennis CDP, Massachusetts","1181","25","16740"]
["Webster CDP, Massachusetts","4501","25","73930"]
["Newburyport city, Massachusetts","7742","25","45245"]
["Gardner city, Massachusetts","8215","25","25485"]
["North Brookfield CDP, Massachusetts","860","25","47100"]
["Warren CDP, Massachusetts","514","25","73055"]
["North Pembroke CDP, Massachusetts","1097","25","48710"]
["Onset CDP, Massachusetts","654","25","51160"]
["Everett city, Massachusetts","15269","25","21990"]
["Lowell city, Massachusetts","38735","25","37000"]
["Wakefield CDP, Massachusetts","10122","25","72250"]
["Marblehead CDP, Massachusetts","8261","25","38435"]
["Peabody city, Massachusetts","21504","25","52490"]
["Swampscott CDP, Massachusetts","5403","25","68680"]
["Topsfield CDP, Massachusetts","1141","25","70115"]
["East Douglas CDP, Massachusetts","1002","25","18875"]
["South Ashburnham CDP, Massachusetts","308","25","62780"]
["Fall River city, Massachusetts","38366","25","23000"]
["Chatham CDP, Massachusetts","718","25","12960"]
["North Eastham CDP, Massachusetts","875","25","47590"]
["Bliss Corner CDP, Massachusetts","2284","25","06170"]
["Orange CDP, Massachusetts","1691","25","51230"]
["Longmeadow CDP, Massachusetts","5710","25","36335"]
["North Seekonk CDP, Massachusetts","1064","25","49200"]
["North Westport CDP, Massachusetts","1816","25","49710"]
["South Amherst CDP, Massachusetts","1535","25","62675"]
["Chelsea city, Massachusetts","12403","25","13205"]
["Harwich Port CDP, Massachusetts","875","25","29090"]
["Monument Beach CDP, Massachusetts","1297","25","42670"]
["South Dennis CDP, Massachusetts","1686","25","63655"]
["Revere city, Massachusetts","20232","25","56585"]
["Vineyard Haven CDP, Massachusetts","607","25","71970"]
["Granby CDP, Massachusetts","646","25","26500"]
["Hatfield CDP, Massachusetts","692","25","29230"]
["North Amherst CDP, Massachusetts","1922","25","46295"]
["Ware CDP, Massachusetts","2519","25","72845"]
["Millis-Clicquot CDP, Massachusetts","1831","25","41532"]
["Wellesley CDP, Massachusetts","8609","25","74210"]
["Marshfield Hills CDP, Massachusetts","899","25","38960"]
["Plymouth CDP, Massachusetts","3245","25","54275"]
["Forestdale CDP, Massachusetts","1502","25","24190"]
["Barnstable Town city, Massachusetts","18953","25","03690"]
["Popponesset CDP, Massachusetts","142","25","55070"]
["Popponesset Island CDP, Massachusetts","10","25","55090"]
["Provincetown CDP, Massachusetts","1631","25","55535"]
["Sagamore CDP, Massachusetts","1587","25","58965"]
["West Falmouth CDP, Massachusetts","722","25","75960"]
["West Yarmouth CDP, Massachusetts","2767","25","78795"]
["Northfield CDP, Massachusetts","576","25","47800"]
["Westfield city, Massachusetts","15112","25","76030"]
["Attleboro city, Massachusetts","16801","25","02690"]
["Duxbury CDP, Massachusetts","597","25","17860"]
["New Bedford city, Massachusetts","39254","25","45000"]
["Nantucket CDP, Massachusetts","2737","25","43755"]
["Dover CDP, Massachusetts","830","25","17370"]
["Bridgewater CDP, Massachusetts","2326","25","08050"]
["Hanson CDP, Massachusetts","598","25","28460"]
["Marion Center CDP, Massachusetts","531","25","38575"]
["Lexington CDP, Massachusetts","11602","25","35250"]
["Malden city, Massachusetts","23087","25","37875"]
["Melrose city, Massachusetts","11385","25","40115"]
["Lenox CDP, Massachusetts","1026","25","34935"]
["Beverly city, Massachusetts","16229","25","05595"]
["Lynn city, Massachusetts","32242","25","37490"]
["Lynnfield CDP, Massachusetts","4429","25","37595"]
["Rockport CDP, Massachusetts","2276","25","57845"]
["Barre CDP, Massachusetts","560","25","03705"]
["Leominster city, Massachusetts","16716","25","35075"]
["Worcester city, Massachusetts","69204","25","82000"]
["Wilmington CDP, Massachusetts","7867","25","80195"]
["Housatonic CDP, Massachusetts","264","25","31295"]
["Lee CDP, Massachusetts","897","25","34620"]
["North Adams city, Massachusetts","5913","25","46225"]
["Pittsfield city, Massachusetts","19166","25","53960"]
["Athol CDP, Massachusetts","3456","25","02515"]
["Boxford CDP, Massachusetts","801","25","07385"]
["Gloucester city, Massachusetts","12619","25","26150"]
["Saugus CDP, Massachusetts","10039","25","60050"]
["Northborough CDP, Massachusetts","2251","25","46785"]
["Rutland CDP, Massachusetts","912","25","58790"]
["Westborough CDP, Massachusetts","1733","25","75050"]
["West Brookfield CDP, Massachusetts","491","25","75365"]
["Green Harbor-Cedar Crest CDP, Massachusetts","981","25","27147"]
["North Lakeville CDP, Massachusetts","1151","25","48220"]
["North Scituate CDP, Massachusetts","1859","25","49165"]
["Ocean Bluff-Brant Rock CDP, Massachusetts","2067","25","50862"]
["Scituate CDP, Massachusetts","2200","25","60295"]
["Ocean Grove CDP, Massachusetts","1076","25","50880"]
["East Pepperell CDP, Massachusetts","719","25","20310"]
["Medford city, Massachusetts","22202","25","39835"]
["Falmouth CDP, Massachusetts","1998","25","23070"]
["West Dennis CDP, Massachusetts","1203","25","75820"]
["Yarmouth Port CDP, Massachusetts","2505","25","82595"]
["Boston city, Massachusetts","259324","25","07000"]
["Hopkinton CDP, Massachusetts","1122","25","31050"]
["Shirley CDP, Massachusetts","684","25","61555"]
["Somerville city, Massachusetts","32229","25","62535"]
["Waltham city, Massachusetts","23646","25","72600"]
["Woburn city, Massachusetts","14952","25","81035"]
["Holyoke city, Massachusetts","15005","25","30840"]
["Townsend CDP, Massachusetts","579","25","70325"]
["Hudson CDP, Massachusetts","6082","25","31575"]
["Littleton Common CDP, Massachusetts","1251","25","36020"]
["Reading CDP, Massachusetts","9351","25","56165"]
["East Brookfield CDP, Massachusetts","469","25","18595"]
["Fiskdale CDP, Massachusetts","1032","25","23840"]
["Oxford CDP, Massachusetts","2338","25","51790"]
["Mashpee Neck CDP, Massachusetts","363","25","39152"]
["North Falmouth CDP, Massachusetts","1189","25","47730"]
["Woods Hole CDP, Massachusetts","480","25","81245"]
["Millers Falls CDP, Massachusetts","412","25","41410"]
["Turners Falls CDP, Massachusetts","1927","25","70815"]
["Chicopee city, Massachusetts","22988","25","13660"]
["Springfield city, Massachusetts","55921","25","67000"]
["Teaticket CDP, Massachusetts","806","25","69205"]
["Smith Mills CDP, Massachusetts","1966","25","62300"]
["Dedham CDP, Massachusetts","9606","25","16530"]
["Orleans CDP, Massachusetts","1066","25","51405"]
["Wilbraham CDP, Massachusetts","1310","25","79705"]
["Brookline CDP, Massachusetts","24741","25","09210"]
["Groton CDP, Massachusetts","490","25","27445"]
["Williamstown CDP, Massachusetts","1063","25","79950"]
["Salem city, Massachusetts","18070","25","59105"]
["Winchester CDP, Massachusetts","7741","25","80545"]
["Hull CDP, Massachusetts","4919","25","31680"]
["Dennis Port CDP, Massachusetts","1477","25","16810"]
["Northwest Harwich CDP, Massachusetts","1690","25","49700"]
["Foxborough CDP, Massachusetts","2283","25","24855"]
["South Yarmouth CDP, Massachusetts","4943","25","66035"]
["Pepperell CDP, Massachusetts","939","25","52770"]
["Agawam Town city, Massachusetts","11621","25","00840"]
["Amesbury Town city, Massachusetts","6970","25","01260"]
["Braintree Town city, Massachusetts","13767","25","07740"]
["Blandford CDP, Massachusetts","160","25","06050"]
["Brookfield CDP, Massachusetts","329","25","09070"]
["Chester CDP, Massachusetts","281","25","13450"]
["Cheshire CDP, Massachusetts","253","25","13310"]
["Devens CDP, Massachusetts","235","25","16840"]
["Easthampton Town city, Massachusetts","7222","25","19370"]
["Franklin Town city, Massachusetts","11191","25","25172"]
["Deerfield CDP, Massachusetts","255","25","16635"]
["Greenfield Town city, Massachusetts","7729","25","27100"]
["Huntington CDP, Massachusetts","284","25","31750"]
["Madaket CDP, Massachusetts","126","25","37735"]
["Methuen Town city, Massachusetts","17394","25","40710"]
["Palmer Town city, Massachusetts","4823","25","52144"]
["Petersham CDP, Massachusetts","109","25","53085"]
["Russell CDP, Massachusetts","231","25","58615"]
["Siasconset CDP, Massachusetts","75","25","61940"]
["Southbridge Town city, Massachusetts","6835","25","63345"]
["Southfield CDP, Massachusetts","0","25","63840"]
["The Pinehills CDP, Massachusetts","679","25","69585"]
["Upton CDP, Massachusetts","1232","25","71445"]
["Watertown Town city, Massachusetts","14726","25","73440"]
["West Springfield Town city, Massachusetts","11630","25","77890"]
["Edgartown CDP, Massachusetts","292","25","21115"]
["Hanscom AFB CDP, Massachusetts","514","25","28425"]
["West Wareham CDP, Massachusetts","1184","25","78410"]
["Adams CDP, Massachusetts","2566","25","00590"]
["Great Barrington CDP, Massachusetts","1183","25","26780"]
["Ipswich CDP, Massachusetts","1825","25","32275"]
["Lawrence city, Massachusetts","25759","25","34550"]
["Nahant CDP, Massachusetts","1600","25","43615"]
["Milford CDP, Massachusetts","10023","25","41200"]
["South Lancaster CDP, Massachusetts","637","25","64460"]
["Whitinsville CDP, Massachusetts","2500","25","79495"]
["Winchendon CDP, Massachusetts","1532","25","80370"]
["Sturbridge CDP, Massachusetts","853","25","68120"]
["Danvers CDP, Massachusetts","10543","25","16285"]
["Essex CDP, Massachusetts","571","25","21815"]
["Rowley CDP, Massachusetts","629","25","58370"]
["Salisbury CDP, Massachusetts","2234","25","59210"]
["Baldwinville CDP, Massachusetts","814","25","03355"]
["Clinton CDP, Massachusetts","2937","25","14430"]
["Cordaville CDP, Massachusetts","857","25","15340"]
["Fitchburg city, Massachusetts","14714","25","23875"]
["Hopedale CDP, Massachusetts","1500","25","30980"]
["Lunenburg CDP, Massachusetts","790","25","37385"]
["Spencer CDP, Massachusetts","2447","25","66070"]
["Randolph CDP, Massachusetts","12281","25","55990"]
["Sharon CDP, Massachusetts","1985","25","60820"]
["Walpole CDP, Massachusetts","2475","25","72460"]
["Brockton city, Massachusetts","31991","25","09000"]
["Marshfield CDP, Massachusetts","1904","25","38820"]
["Weweantic CDP, Massachusetts","734","25","78850"]
["Framingham CDP, Massachusetts","27688","25","24960"]
["Brewster CDP, Massachusetts","1030","25","07945"]
["East Dennis CDP, Massachusetts","1386","25","18840"]
["East Harwich CDP, Massachusetts","2204","25","19400"]
["East Sandwich CDP, Massachusetts","1490","25","20380"]
["New Seabury CDP, Massachusetts","522","25","45500"]
["Pocasset CDP, Massachusetts","1528","25","54450"]
["Raynham Center CDP, Massachusetts","1481","25","56095"]
["Somerset CDP, Massachusetts","6935","25","62465"]
["Taunton city, Massachusetts","22307","25","69170"]
["Northampton city, Massachusetts","11364","25","46330"]
["Medfield CDP, Massachusetts","2330","25","39730"]
["Milton CDP, Massachusetts","8980","25","41725"]
["Hingham CDP, Massachusetts","1995","25","30175"]
["North Plymouth CDP, Massachusetts","1457","25","48780"]
["Sandwich CDP, Massachusetts","1299","25","59700"]

{"sheet":"Place DP tables","index":21,"n_rows":249,"n_cols":6,"rows_kept":249,"cut":false,"hidden":true,"merged":[]}
["NAME","DP03_0051E","DP03_0062E","DP03_0005PE","state","place"]
["Abington CDP, Massachusetts","6083","113155","3.9","25","00135"]
["Acushnet Center CDP, Massachusetts","1495","62578","4.2","25","00530"]
["Adams CDP, Massachusetts","2898","45079","3.4","25","00590"]
["Agawam Town city, Massachusetts","11785","78619","3.3","25","00840"]
["Amesbury Town city, Massachusetts","7326","87433","2.9","25","01260"]
["Amherst Town city, Massachusetts","9328","61127","5.5","25","01370"]
["Andover CDP, Massachusetts","3517","122689","5.3","25","01430"]
["Arlington CDP, Massachusetts","19308","125701","3.0","25","01640"]
["Athol CDP, Massachusetts","3637","54897","5.5","25","02515"]
["Attleboro city, Massachusetts","17918","81627","3.6","25","02690"]
["Ayer CDP, Massachusetts","1486","77850","0.8","25","03040"]
["Baldwinville CDP, Massachusetts","752","63083","12.8","25","03355"]
["Barnstable Town city, Massachusetts","19748","82816","2.2","25","03690"]
["Barre CDP, Massachusetts","306","67895","5.2","25","03705"]
["Belchertown CDP, Massachusetts","1181","77431","2.5","25","04790"]
["Bellingham CDP, Massachusetts","1975","67006","3.0","25","04965"]
["Belmont CDP, Massachusetts","10393","151502","3.7","25","05105"]
["Beverly city, Massachusetts","16717","89882","2.2","25","05595"]
["Blandford CDP, Massachusetts","169","83365","1.0","25","06050"]
["Bliss Corner CDP, Massachusetts","2266","67167","1.0","25","06170"]
["Boston city, Massachusetts","271950","81744","4.8","25","07000"]
["Bourne CDP, Massachusetts","775","64646","4.7","25","07140"]
["Boxford CDP, Massachusetts","942","232326","3.1","25","07385"]
["Braintree Town city, Massachusetts","14384","114916","2.3","25","07740"]
["Brewster CDP, Massachusetts","708","61579","3.9","25","07945"]
["Bridgewater Town city, Massachusetts","8690","107757","3.2","25","08130"]
["Brockton city, Massachusetts","35092","68067","5.6","25","09000"]
["Brookfield CDP, Massachusetts","322","63621","2.3","25","09070"]
["Brookline CDP, Massachusetts","26762","122356","2.6","25","09210"]
["Burlington CDP, Massachusetts","10093","124755","2.2","25","09875"]
["Buzzards Bay CDP, Massachusetts","1417","80218","0.7","25","10015"]
["Cambridge city, Massachusetts","47777","112565","2.6","25","11000"]
["Cedar Crest CDP, Massachusetts","908","160813","3.5","25","11945"]
["Chatham CDP, Massachusetts","869","79688","1.6","25","12960"]
["Chelsea city, Massachusetts","13353","64782","5.1","25","13205"]
["Cheshire CDP, Massachusetts","339","-666666666","0.0","25","13310"]
["Chester CDP, Massachusetts","253","75144","2.1","25","13450"]
["Chicopee city, Massachusetts","23852","56509","3.9","25","13660"]
["Clinton CDP, Massachusetts","3216","68958","2.1","25","14430"]
["Cochituate CDP, Massachusetts","2387","176458","1.9","25","14570"]
["Cordaville CDP, Massachusetts","958","167500","1.5","25","15340"]
["Danvers CDP, Massachusetts","10964","105654","3.6","25","16285"]
["Dedham CDP, Massachusetts","10458","108047","2.6","25","16530"]
["Deerfield CDP, Massachusetts","133","-666666666","6.8","25","16635"]
["Dennis CDP, Massachusetts","1041","105508","3.4","25","16740"]
["Dennis Port CDP, Massachusetts","1722","45769","4.0","25","16810"]
["Devens CDP, Massachusetts","259","120777","0.4","25","16840"]
["Dover CDP, Massachusetts","767","227375","8.9","25","17370"]
["Duxbury CDP, Massachusetts","670","108810","3.8","25","17860"]
["East Brookfield CDP, Massachusetts","507","64732","2.3","25","18595"]
["East Dennis CDP, Massachusetts","1454","79049","2.2","25","18840"]
["East Douglas CDP, Massachusetts","1100","100000","1.0","25","18875"]
["East Falmouth CDP, Massachusetts","2872","60820","2.7","25","18980"]
["Easthampton Town city, Massachusetts","7796","63098","2.9","25","19370"]
["East Harwich CDP, Massachusetts","2264","89335","1.5","25","19400"]
["East Pepperell CDP, Massachusetts","754","97794","2.1","25","20310"]
["East Sandwich CDP, Massachusetts","1546","108438","2.6","25","20380"]
["Edgartown CDP, Massachusetts","201","53625","0.0","25","21115"]
["Essex CDP, Massachusetts","629","130125","1.6","25","21815"]
["Everett city, Massachusetts","17007","71510","4.7","25","21990"]
["Fall River city, Massachusetts","40862","49613","5.0","25","23000"]
["Falmouth CDP, Massachusetts","2128","52635","1.1","25","23070"]
["Fiskdale CDP, Massachusetts","1181","74132","5.6","25","23840"]
["Fitchburg city, Massachusetts","16398","60466","5.3","25","23875"]
["Forestdale CDP, Massachusetts","1447","115078","2.5","25","24190"]
["Foxborough CDP, Massachusetts","2937","67563","2.3","25","24855"]
["Framingham city, Massachusetts","27968","90638","3.6","25","24960"]
["Franklin Town city, Massachusetts","12118","127608","3.7","25","25172"]
["Gardner city, Massachusetts","8841","52770","4.0","25","25485"]
["Gloucester city, Massachusetts","13168","82984","3.7","25","26150"]
["Granby CDP, Massachusetts","442","103750","3.3","25","26500"]
["Great Barrington CDP, Massachusetts","1123","45063","1.1","25","26780"]
["Greenfield city, Massachusetts","8100","52211","3.4","25","27060"]
["Green Harbor CDP, Massachusetts","332","-666666666","7.8","25","27130"]
["Groton CDP, Massachusetts","419","130625","4.5","25","27445"]
["Hanscom AFB CDP, Massachusetts","478","105909","0.7","25","28425"]
["Hanson CDP, Massachusetts","630","116000","2.4","25","28460"]
["Harwich Center CDP, Massachusetts","691","67422","4.8","25","29055"]
["Harwich Port CDP, Massachusetts","1060","57581","0.7","25","29090"]
["Hatfield CDP, Massachusetts","588","80000","0.7","25","29230"]
["Haverhill city, Massachusetts","26108","75130","4.9","25","29405"]
["Hingham CDP, Massachusetts","1993","206384","4.1","25","30175"]
["Holbrook CDP, Massachusetts","4712","89763","2.2","25","30420"]
["Holland CDP, Massachusetts","647","74246","2.0","25","30630"]
["Holyoke city, Massachusetts","15062","45045","4.0","25","30840"]
["Hopedale CDP, Massachusetts","1405","107768","5.3","25","30980"]
["Hopkinton CDP, Massachusetts","1270","149677","4.2","25","31050"]
["Housatonic CDP, Massachusetts","471","60845","0.0","25","31295"]
["Hudson CDP, Massachusetts","6490","83828","3.1","25","31575"]
["Hull CDP, Massachusetts","4380","117120","3.3","25","31680"]
["Huntington CDP, Massachusetts","344","53750","2.7","25","31750"]
["Ipswich CDP, Massachusetts","2072","78261","2.9","25","32275"]
["Kingston CDP, Massachusetts","2361","115563","1.8","25","33185"]
["Lawrence city, Massachusetts","30291","47542","6.9","25","34550"]
["Lee CDP, Massachusetts","621","64271","2.0","25","34620"]
["Lenox CDP, Massachusetts","1025","50956","3.3","25","34935"]
["Lenox Dale CDP, Massachusetts","93","-666666666","21.3","25","35040"]
["Leominster city, Massachusetts","17896","69525","3.7","25","35075"]
["Lexington CDP, Massachusetts","12301","202852","2.7","25","35250"]
["Littleton Common CDP, Massachusetts","1181","113794","5.9","25","36020"]
["Longmeadow CDP, Massachusetts","5821","129780","3.4","25","36335"]
["Lowell city, Massachusetts","42285","64489","3.9","25","37000"]
["Lunenburg CDP, Massachusetts","604","111351","3.5","25","37385"]
["Lynn city, Massachusetts","36280","63922","3.8","25","37490"]
["Lynnfield CDP, Massachusetts","4536","147237","2.7","25","37595"]
["Madaket CDP, Massachusetts","180","93864","0.0","25","37735"]
["Malden city, Massachusetts","25666","77119","4.7","25","37875"]
["Mansfield Center CDP, Massachusetts","3198","87681","2.8","25","38230"]
["Marblehead CDP, Massachusetts","8075","154049","2.4","25","38435"]
["Marion Center CDP, Massachusetts","385","89293","5.1","25","38575"]
["Marlborough city, Massachusetts","17147","86230","4.0","25","38715"]
["Marshfield CDP, Massachusetts","1853","90234","1.9","25","38820"]
["Marshfield Hills CDP, Massachusetts","851","146354","0.0","25","38960"]
["Mashpee Neck CDP, Massachusetts","512","135469","3.3","25","39152"]
["Mattapoisett Center CDP, Massachusetts","1392","88946","0.8","25","39485"]
["Maynard CDP, Massachusetts","4269","112432","3.1","25","39660"]
["Medfield CDP, Massachusetts","2466","169750","2.5","25","39730"]
["Medford city, Massachusetts","24765","107853","3.1","25","39835"]
["Melrose city, Massachusetts","11996","125229","2.6","25","40115"]
["Methuen Town city, Massachusetts","18803","87137","4.8","25","40710"]
["Middleborough Center CDP, Massachusetts","3172","71500","2.4","25","40885"]
["Milford CDP, Massachusetts","10433","85291","3.7","25","41200"]
["Millers Falls CDP, Massachusetts","501","54531","4.7","25","41410"]
["Millis-Clicquot CDP, Massachusetts","1736","103636","2.1","25","41532"]
["Milton CDP, Massachusetts","8781","153971","2.5","25","41725"]
["Monomoscoy Island CDP, Massachusetts","78","81563","0.0","25","41960"]
["Monson Center CDP, Massachusetts","818","48250","11.4","25","42180"]
["Monument Beach CDP, Massachusetts","1337","94583","0.5","25","42670"]
["Nahant CDP, Massachusetts","1678","99456","2.6","25","43615"]
["Nantucket CDP, Massachusetts","2948","108167","6.1","25","43755"]
["Needham CDP, Massachusetts","11260","182813","3.2","25","44140"]
["New Bedford city, Massachusetts","41395","50581","4.7","25","45000"]
["Newburyport city, Massachusetts","7537","115807","4.7","25","45245"]
["New Seabury CDP, Massachusetts","333","152917","1.9","25","45500"]
["Newton city, Massachusetts","31038","164607","2.2","25","45560"]
["North Adams city, Massachusetts","5540","48575","2.8","25","46225"]
["Northampton city, Massachusetts","11949","72687","3.0","25","46330"]
["North Attleborough Town city, Massachusetts","12273","97967","4.0","25","46598"]
["Northborough CDP, Massachusetts","2514","140482","2.5","25","46785"]
["North Brookfield CDP, Massachusetts","980","66673","0.8","25","47100"]
["North Eastham CDP, Massachusetts","859","76896","5.6","25","47590"]
["North Falmouth CDP, Massachusetts","992","104118","2.4","25","47730"]
["Northfield CDP, Massachusetts","450","51163","1.2","25","47800"]
["North Lakeville CDP, Massachusetts","1316","77553","1.9","25","48220"]
["North Pembroke CDP, Massachusetts","1659","146042","1.5","25","48710"]
["North Plymouth CDP, Massachusetts","1911","55396","9.3","25","48780"]
["North Scituate CDP, Massachusetts","1861","144926","4.1","25","49165"]
["North Seekonk CDP, Massachusetts","958","116500","4.1","25","49200"]
["Northwest Harwich CDP, Massachusetts","1718","73636","4.7","25","49700"]
["North Westport CDP, Massachusetts","1993","74621","1.1","25","49710"]
["Norton Center CDP, Massachusetts","399","101875","3.0","25","50005"]
["Norwood CDP, Massachusetts","13002","96414","2.4","25","50285"]
["Oak Bluffs CDP, Massachusetts","561","50179","1.5","25","50425"]
["Ocean Bluff-Brant Rock CDP, Massachusetts","2020","81557","4.8","25","50862"]
["Ocean Grove CDP, Massachusetts","1165","69245","5.1","25","50880"]
["Onset CDP, Massachusetts","614","-666666666","13.9","25","51160"]
["Orange CDP, Massachusetts","1443","55313","8.5","25","51230"]
["Orleans CDP, Massachusetts","820","56750","0.0","25","51405"]
["Oxford CDP, Massachusetts","1989","84957","1.6","25","51790"]
["Palmer Town city, Massachusetts","5207","70090","3.4","25","52144"]
["Peabody city, Massachusetts","22808","83570","2.8","25","52490"]
["Pepperell CDP, Massachusetts","1037","83850","4.7","25","52770"]
["Petersham CDP, Massachusetts","121","69375","1.2","25","53085"]
["Pinehurst CDP, Massachusetts","2334","126985","3.0","25","53680"]
["Pittsfield city, Massachusetts","19290","59522","4.6","25","53960"]
["Plymouth CDP, Massachusetts","3632","68552","4.3","25","54275"]
["Pocasset CDP, Massachusetts","1313","67847","0.9","25","54450"]
["Popponesset CDP, Massachusetts","179","-666666666","8.5","25","55070"]
["Popponesset Island CDP, Massachusetts","35","-666666666","0.0","25","55090"]
["Provincetown CDP, Massachusetts","1847","66850","6.7","25","55535"]
["Quincy city, Massachusetts","44515","85041","4.9","25","55745"]
["Randolph Town city, Massachusetts","12150","87869","5.9","25","56000"]
["Raynham Center CDP, Massachusetts","1682","87299","4.9","25","56095"]
["Reading CDP, Massachusetts","9283","145552","2.1","25","56165"]
["Revere city, Massachusetts","21647","73041","5.0","25","56585"]
["Rockport CDP, Massachusetts","2366","84500","4.0","25","57845"]
["Rowley CDP, Massachusetts","614","95808","0.9","25","58370"]
["Russell CDP, Massachusetts","250","80500","0.0","25","58615"]
["Rutland CDP, Massachusetts","606","77744","3.8","25","58790"]
["Sagamore CDP, Massachusetts","1516","106917","2.1","25","58965"]
["Salem city, Massachusetts","19745","72884","3.5","25","59105"]
["Salisbury CDP, Massachusetts","2439","88350","2.5","25","59210"]
["Sandwich CDP, Massachusetts","1388","90500","3.0","25","59700"]
["Saugus CDP, Massachusetts","10581","93737","2.3","25","60050"]
["Scituate CDP, Massachusetts","2539","110477","0.9","25","60295"]
["Seabrook CDP, Massachusetts","266","118056","0.0","25","60505"]
["Seconsett Island CDP, Massachusetts","23","114125","21.9","25","60627"]
["Sharon CDP, Massachusetts","2087","157255","2.5","25","60820"]
["Shelburne Falls CDP, Massachusetts","794","52778","4.1","25","61205"]
["Shirley CDP, Massachusetts","805","78783","4.1","25","61555"]
["Siasconset CDP, Massachusetts","15","-666666666","0.0","25","61940"]
["Smith Mills CDP, Massachusetts","2109","57824","0.7","25","62300"]
["Somerset CDP, Massachusetts","7248","96967","1.5","25","62465"]
["Somerville city, Massachusetts","34523","108896","2.5","25","62535"]
["South Ashburnham CDP, Massachusetts","337","58750","0.0","25","62780"]
["Southbridge Town city, Massachusetts","7094","50414","5.7","25","63345"]
["South Deerfield CDP, Massachusetts","1099","77944","1.7","25","63620"]
["South Dennis CDP, Massachusetts","1410","73485","1.3","25","63655"]
["South Duxbury CDP, Massachusetts","1269","174601","2.0","25","63690"]
["South Lancaster CDP, Massachusetts","735","98894","10.1","25","64460"]
["South Yarmouth CDP, Massachusetts","4846","72759","5.4","25","66035"]
["Spencer CDP, Massachusetts","2741","48646","5.1","25","66070"]
["Springfield city, Massachusetts","58344","43308","5.4","25","67000"]
["Stoneham CDP, Massachusetts","9758","105541","3.0","25","67700"]
["Sturbridge CDP, Massachusetts","933","113180","0.0","25","68120"]
["Swampscott CDP, Massachusetts","6093","114086","4.1","25","68680"]
["Taunton city, Massachusetts","23159","66787","3.5","25","69170"]
["Teaticket CDP, Massachusetts","787","75612","1.7","25","69205"]
["The Pinehills CDP, Massachusetts","2441","110375","0.3","25","69585"]
["Topsfield CDP, Massachusetts","897","143380","4.1","25","70115"]
["Townsend CDP, Massachusetts","493","68259","1.7","25","70325"]
["Turners Falls CDP, Massachusetts","2006","44177","2.9","25","70815"]
["Upton CDP, Massachusetts","884","96136","8.6","25","71445"]
["Vineyard Haven CDP, Massachusetts","881","60080","2.1","25","71970"]
["Wakefield CDP, Massachusetts","10849","110372","2.3","25","72250"]
["Walpole CDP, Massachusetts","2547","97344","2.2","25","72460"]
["Waltham city, Massachusetts","24943","103498","2.4","25","72600"]
["Ware CDP, Massachusetts","2871","43783","7.4","25","72845"]
["Wareham Center CDP, Massachusetts","1426","49360","2.7","25","73020"]
["Warren CDP, Massachusetts","338","-666666666","12.0","25","73055"]
["Watertown Town city, Massachusetts","16027","101402","4.6","25","73440"]
["Webster CDP, Massachusetts","5069","53176","5.6","25","73930"]
["Wellesley CDP, Massachusetts","8668","226250","3.0","25","74210"]
["Westborough CDP, Massachusetts","1942","95882","1.8","25","75050"]
["West Brookfield CDP, Massachusetts","613","48682","6.4","25","75365"]
["West Chatham CDP, Massachusetts","625","121941","3.2","25","75505"]
["West Concord CDP, Massachusetts","2443","148350","2.7","25","75680"]
["West Dennis CDP, Massachusetts","1362","65455","1.2","25","75820"]
["West Falmouth CDP, Massachusetts","815","146992","3.6","25","75960"]
["Westfield city, Massachusetts","15292","73692","2.9","25","76030"]
["West Springfield Town city, Massachusetts","12734","60023","4.2","25","77890"]
["West Wareham CDP, Massachusetts","1146","50425","1.4","25","78410"]
["West Warren CDP, Massachusetts","350","59623","9.1","25","78445"]
["West Yarmouth CDP, Massachusetts","2787","58125","2.6","25","78795"]
["Weweantic CDP, Massachusetts","590","75746","8.5","25","78850"]
["Weymouth Town city, Massachusetts","24400","91592","4.3","25","78972"]
["White Island Shores CDP, Massachusetts","850","97171","5.1","25","79390"]
["Whitinsville CDP, Massachusetts","2835","86997","5.4","25","79495"]
["Wilbraham CDP, Massachusetts","1414","93586","1.1","25","79705"]
["Williamstown CDP, Massachusetts","1076","95988","0.4","25","79950"]
["Wilmington CDP, Massachusetts","7756","146250","3.5","25","80195"]
["Winchendon CDP, Massachusetts","1617","63576","3.4","25","80370"]
["Winchester CDP, Massachusetts","8149","184844","2.3","25","80545"]
["Winthrop Town city, Massachusetts","8242","86780","4.0","25","81005"]
["Woburn city, Massachusetts","16292","95184","5.1","25","81035"]
["Woods Hole CDP, Massachusetts","560","77386","5.4","25","81245"]
["Worcester city, Massachusetts","78780","56746","3.9","25","82000"]
["Yarmouth Port CDP, Massachusetts","2617","90428","1.1","25","82595"]

{"sheet":"Place S tables","index":22,"n_rows":249,"n_cols":7,"rows_kept":249,"cut":false,"hidden":true,"merged":[]}
["NAME","S1701_C01_042E","S1701_C01_001E","S2201_C03_001E","S2201_C01_001E","state","place"]
["Abington CDP, Massachusetts","2368","16836","475","6083","25","00135"]
["Acushnet Center CDP, Massachusetts","954","3351","142","1495","25","00530"]
["Adams CDP, Massachusetts","2163","5700","519","2898","25","00590"]
["Agawam Town city, Massachusetts","4416","28136","786","11785","25","00840"]
["Amesbury Town city, Massachusetts","2908","17062","646","7326","25","01260"]
["Amherst Town city, Massachusetts","9111","22317","743","9328","25","01370"]
["Andover CDP, Massachusetts","1136","7709","236","3517","25","01430"]
["Arlington CDP, Massachusetts","4840","45719","897","19308","25","01640"]
["Athol CDP, Massachusetts","2958","9075","922","3637","25","02515"]
["Attleboro city, Massachusetts","9801","45523","2648","17918","25","02690"]
["Ayer CDP, Massachusetts","365","2981","109","1486","25","03040"]
["Baldwinville CDP, Massachusetts","877","2066","64","752","25","03355"]
["Barnstable Town city, Massachusetts","9131","48301","1446","19748","25","03690"]
["Barre CDP, Massachusetts","109","639","0","306","25","03705"]
["Belchertown CDP, Massachusetts","303","2557","84","1181","25","04790"]
["Bellingham CDP, Massachusetts","739","4178","381","1975","25","04965"]
["Belmont CDP, Massachusetts","2517","26826","346","10393","25","05105"]
["Beverly city, Massachusetts","7629","38904","1881","16717","25","05595"]
["Blandford CDP, Massachusetts","7","347","23","169","25","06050"]
["Bliss Corner CDP, Massachusetts","1310","5403","604","2266","25","06170"]
["Boston city, Massachusetts","198844","630121","47427","271950","25","07000"]
["Bourne CDP, Massachusetts","298","1390","96","775","25","07140"]
["Boxford CDP, Massachusetts","0","3020","22","942","25","07385"]
["Braintree Town city, Massachusetts","4540","38178","966","14384","25","07740"]
["Brewster CDP, Massachusetts","232","1361","37","708","25","07945"]
["Bridgewater Town city, Massachusetts","3293","23248","454","8690","25","08130"]
["Brockton city, Massachusetts","30832","102689","10034","35092","25","09000"]
["Brookfield CDP, Massachusetts","191","779","10","322","25","09070"]
["Brookline CDP, Massachusetts","10587","61169","1505","26762","25","09210"]
["Burlington CDP, Massachusetts","3045","26096","390","10093","25","09875"]
["Buzzards Bay CDP, Massachusetts","443","2869","29","1417","25","10015"]
["Cambridge city, Massachusetts","19604","100403","3292","47777","25","11000"]
["Cedar Crest CDP, Massachusetts","204","2791","15","908","25","11945"]
["Chatham CDP, Massachusetts","324","1539","72","869","25","12960"]
["Chelsea city, Massachusetts","16461","39271","2717","13353","25","13205"]
["Cheshire CDP, Massachusetts","100","662","26","339","25","13310"]
["Chester CDP, Massachusetts","164","804","40","253","25","13450"]
["Chicopee city, Massachusetts","17223","54778","5186","23852","25","13660"]
["Clinton CDP, Massachusetts","2070","7414","368","3216","25","14430"]
["Cochituate CDP, Massachusetts","355","6920","60","2387","25","14570"]
["Cordaville CDP, Massachusetts","133","2776","9","958","25","15340"]
["Danvers CDP, Massachusetts","3421","27464","586","10964","25","16285"]
["Dedham CDP, Massachusetts","3508","24470","823","10458","25","16530"]
["Deerfield CDP, Massachusetts","83","375","19","133","25","16635"]
["Dennis CDP, Massachusetts","339","1990","49","1041","25","16740"]
["Dennis Port CDP, Massachusetts","1286","3430","171","1722","25","16810"]
["Devens CDP, Massachusetts","116","997","0","259","25","16840"]
["Dover CDP, Massachusetts","89","2402","7","767","25","17370"]
["Duxbury CDP, Massachusetts","187","1587","0","670","25","17860"]
["East Brookfield CDP, Massachusetts","240","1235","44","507","25","18595"]
["East Dennis CDP, Massachusetts","395","3272","144","1454","25","18840"]
["East Douglas CDP, Massachusetts","233","2846","90","1100","25","18875"]
["East Falmouth CDP, Massachusetts","1859","6739","299","2872","25","18980"]
["Easthampton Town city, Massachusetts","3699","16062","705","7796","25","19370"]
["East Harwich CDP, Massachusetts","789","5500","177","2264","25","19400"]
["East Pepperell CDP, Massachusetts","369","1896","62","754","25","20310"]
["East Sandwich CDP, Massachusetts","568","3738","110","1546","25","20380"]
["Edgartown CDP, Massachusetts","62","575","0","201","25","21115"]
["Essex CDP, Massachusetts","369","1681","42","629","25","21815"]
["Everett city, Massachusetts","16255","48197","2472","17007","25","21990"]
["Fall River city, Massachusetts","37736","92109","11926","40862","25","23000"]
["Falmouth CDP, Massachusetts","1147","3798","297","2128","25","23070"]
["Fiskdale CDP, Massachusetts","922","3166","277","1181","25","23840"]
["Fitchburg city, Massachusetts","13186","40069","3446","16398","25","23875"]
["Forestdale CDP, Massachusetts","315","3632","124","1447","25","24190"]
["Foxborough CDP, Massachusetts","1833","6523","318","2937","25","24855"]
["Framingham city, Massachusetts","14626","69364","3020","27968","25","24960"]
["Franklin Town city, Massachusetts","3222","31921","630","12118","25","25172"]
["Gardner city, Massachusetts","6552","19925","1443","8841","25","25485"]
["Gloucester city, Massachusetts","5998","29614","1387","13168","25","26150"]
["Granby CDP, Massachusetts","95","1136","16","442","25","26500"]
["Great Barrington CDP, Massachusetts","656","2017","117","1123","25","26780"]
["Greenfield city, Massachusetts","5714","16993","1788","8100","25","27060"]
["Green Harbor CDP, Massachusetts","32","812","0","332","25","27130"]
["Groton CDP, Massachusetts","169","1293","59","419","25","27445"]
["Hanscom AFB CDP, Massachusetts","435","1852","17","478","25","28425"]
["Hanson CDP, Massachusetts","243","1814","14","630","25","28460"]
["Harwich Center CDP, Massachusetts","407","1412","16","691","25","29055"]
["Harwich Port CDP, Massachusetts","363","2077","100","1060","25","29090"]
["Hatfield CDP, Massachusetts","159","1264","24","588","25","29230"]
["Haverhill city, Massachusetts","17543","66112","4988","26108","25","29405"]
["Hingham CDP, Massachusetts","456","5557","89","1993","25","30175"]
["Holbrook CDP, Massachusetts","1589","11299","579","4712","25","30420"]
["Holland CDP, Massachusetts","316","1436","43","647","25","30630"]
["Holyoke city, Massachusetts","17860","37425","5426","15062","25","30840"]
["Hopedale CDP, Massachusetts","444","3806","82","1405","25","30980"]
["Hopkinton CDP, Massachusetts","454","3557","88","1270","25","31050"]
["Housatonic CDP, Massachusetts","240","895","0","471","25","31295"]
["Hudson CDP, Massachusetts","2815","15445","475","6490","25","31575"]
["Hull CDP, Massachusetts","1046","10110","251","4380","25","31680"]
["Huntington CDP, Massachusetts","294","864","59","344","25","31750"]
["Ipswich CDP, Massachusetts","818","4659","171","2072","25","32275"]
["Kingston CDP, Massachusetts","480","5899","76","2361","25","33185"]
["Lawrence city, Massachusetts","40961","86554","12247","30291","25","34550"]
["Lee CDP, Massachusetts","370","1476","36","621","25","34620"]
["Lenox CDP, Massachusetts","343","1959","93","1025","25","34935"]
["Lenox Dale CDP, Massachusetts","159","279","43","93","25","35040"]
["Leominster city, Massachusetts","10202","43238","2296","17896","25","35075"]
["Lexington CDP, Massachusetts","2067","33952","286","12301","25","35250"]
["Littleton Common CDP, Massachusetts","524","3019","62","1181","25","36020"]
["Longmeadow CDP, Massachusetts","1094","15280","159","5821","25","36335"]
["Lowell city, Massachusetts","38002","110044","9755","42285","25","37000"]
["Lunenburg CDP, Massachusetts","184","1675","31","604","25","37385"]
["Lynn city, Massachusetts","33772","99498","9574","36280","25","37490"]
["Lynnfield CDP, Massachusetts","1287","12874","69","4536","25","37595"]
["Madaket CDP, Massachusetts","51","373","0","180","25","37735"]
["Malden city, Massachusetts","20811","65451","3568","25666","25","37875"]
["Mansfield Center CDP, Massachusetts","1121","7665","334","3198","25","38230"]
["Marblehead CDP, Massachusetts","1867","20290","401","8075","25","38435"]
["Marion Center CDP, Massachusetts","102","1084","0","385","25","38575"]
["Marlborough city, Massachusetts","9081","41089","1523","17147","25","38715"]
["Marshfield CDP, Massachusetts","1108","4901","85","1853","25","38820"]
["Marshfield Hills CDP, Massachusetts","291","2244","0","851","25","38960"]
["Mashpee Neck CDP, Massachusetts","138","1405","37","512","25","39152"]
["Mattapoisett Center CDP, Massachusetts","316","3282","75","1392","25","39485"]
["Maynard CDP, Massachusetts","1160","10661","146","4269","25","39660"]
["Medfield CDP, Massachusetts","573","6282","57","2466","25","39730"]
["Medford city, Massachusetts","10547","58427","1993","24765","25","39835"]
["Melrose city, Massachusetts","3275","29298","589","11996","25","40115"]
["Methuen Town city, Massachusetts","11634","52111","2539","18803","25","40710"]
["Middleborough Center CDP, Massachusetts","2415","7680","628","3172","25","40885"]
["Milford CDP, Massachusetts","5201","27035","622","10433","25","41200"]
["Millers Falls CDP, Massachusetts","311","1031","85","501","25","41410"]
["Millis-Clicquot CDP, Massachusetts","618","4620","101","1736","25","41532"]
["Milton CDP, Massachusetts","3385","26572","353","8781","25","41725"]
["Monomoscoy Island CDP, Massachusetts","15","141","0","78","25","41960"]
["Monson Center CDP, Massachusetts","548","1616","184","818","25","42180"]
["Monument Beach CDP, Massachusetts","542","3187","77","1337","25","42670"]
["Nahant CDP, Massachusetts","425","3310","37","1678","25","43615"]
["Nantucket CDP, Massachusetts","1660","10579","112","2948","25","43755"]
["Needham CDP, Massachusetts","2044","31012","190","11260","25","44140"]
["New Bedford city, Massachusetts","40205","98900","11077","41395","25","45000"]
["Newburyport city, Massachusetts","2196","18048","415","7537","25","45245"]
["New Seabury CDP, Massachusetts","88","619","0","333","25","45500"]
["Newton city, Massachusetts","7473","81217","1249","31038","25","45560"]
["North Adams city, Massachusetts","4028","11936","1129","5540","25","46225"]
["Northampton city, Massachusetts","6718","25771","1332","11949","25","46330"]
["North Attleborough Town city, Massachusetts","4409","30408","915","12273","25","46598"]
["Northborough CDP, Massachusetts","593","6629","104","2514","25","46785"]
["North Brookfield CDP, Massachusetts","462","2429","84","980","25","47100"]
["North Eastham CDP, Massachusetts","376","1871","0","859","25","47590"]
["North Falmouth CDP, Massachusetts","161","2301","42","992","25","47730"]
["Northfield CDP, Massachusetts","271","900","29","450","25","47800"]
["North Lakeville CDP, Massachusetts","717","3280","184","1316","25","48220"]
["North Pembroke CDP, Massachusetts","232","4133","43","1659","25","48710"]
["North Plymouth CDP, Massachusetts","1348","4240","253","1911","25","48780"]
["North Scituate CDP, Massachusetts","489","5499","126","1861","25","49165"]
["North Seekonk CDP, Massachusetts","279","2191","47","958","25","49200"]
["Northwest Harwich CDP, Massachusetts","760","4146","92","1718","25","49700"]
["North Westport CDP, Massachusetts","831","4835","195","1993","25","49710"]
["Norton Center CDP, Massachusetts","257","1091","5","399","25","50005"]
["Norwood CDP, Massachusetts","5015","30850","777","13002","25","50285"]
["Oak Bluffs CDP, Massachusetts","596","1372","0","561","25","50425"]
["Ocean Bluff-Brant Rock CDP, Massachusetts","651","4496","211","2020","25","50862"]
["Ocean Grove CDP, Massachusetts","630","2559","119","1165","25","50880"]
["Onset CDP, Massachusetts","356","1138","106","614","25","51160"]
["Orange CDP, Massachusetts","1201","3727","250","1443","25","51230"]
["Orleans CDP, Massachusetts","467","1472","139","820","25","51405"]
["Oxford CDP, Massachusetts","721","5320","260","1989","25","51790"]
["Palmer Town city, Massachusetts","3241","12369","890","5207","25","52144"]
["Peabody city, Massachusetts","9779","53635","2416","22808","25","52490"]
["Pepperell CDP, Massachusetts","532","2193","225","1037","25","52770"]
["Petersham CDP, Massachusetts","55","257","6","121","25","53085"]
["Pinehurst CDP, Massachusetts","401","6653","162","2334","25","53680"]
["Pittsfield city, Massachusetts","12798","43123","4104","19290","25","53960"]
["Plymouth CDP, Massachusetts","1718","7006","385","3632","25","54275"]
["Pocasset CDP, Massachusetts","407","2660","78","1313","25","54450"]
["Popponesset CDP, Massachusetts","68","411","0","179","25","55070"]
["Popponesset Island CDP, Massachusetts","0","63","0","35","25","55090"]
["Provincetown CDP, Massachusetts","933","3243","184","1847","25","55535"]
["Quincy city, Massachusetts","23743","99595","5163","44515","25","55745"]
["Randolph Town city, Massachusetts","7708","34328","2234","12150","25","56000"]
["Raynham Center CDP, Massachusetts","1157","5072","218","1682","25","56095"]
["Reading CDP, Massachusetts","2044","25296","172","9283","25","56165"]
["Revere city, Massachusetts","19348","60181","3280","21647","25","56585"]
["Rockport CDP, Massachusetts","714","4833","106","2366","25","57845"]
["Rowley CDP, Massachusetts","55","1509","18","614","25","58370"]
["Russell CDP, Massachusetts","69","586","25","250","25","58615"]
["Rutland CDP, Massachusetts","166","1539","43","606","25","58790"]
["Sagamore CDP, Massachusetts","530","3963","33","1516","25","58965"]
["Salem city, Massachusetts","12379","42907","3217","19745","25","59105"]
["Salisbury CDP, Massachusetts","535","5081","163","2439","25","59210"]
["Sandwich CDP, Massachusetts","417","2852","58","1388","25","59700"]
["Saugus CDP, Massachusetts","4970","28241","973","10581","25","60050"]
["Scituate CDP, Massachusetts","473","5618","126","2539","25","60295"]
["Seabrook CDP, Massachusetts","84","590","0","266","25","60505"]
["Seconsett Island CDP, Massachusetts","0","90","0","23","25","60627"]
["Sharon CDP, Massachusetts","307","6129","38","2087","25","60820"]
["Shelburne Falls CDP, Massachusetts","521","1674","114","794","25","61205"]
["Shirley CDP, Massachusetts","367","1707","38","805","25","61555"]
["Siasconset CDP, Massachusetts","17","47","0","15","25","61940"]
["Smith Mills CDP, Massachusetts","1266","4818","498","2109","25","62300"]
["Somerset CDP, Massachusetts","1991","17956","431","7248","25","62465"]
["Somerville city, Massachusetts","16197","77775","2620","34523","25","62535"]
["South Ashburnham CDP, Massachusetts","212","848","0","337","25","62780"]
["Southbridge Town city, Massachusetts","6947","17375","2285","7094","25","63345"]
["South Deerfield CDP, Massachusetts","414","2225","36","1099","25","63620"]
["South Dennis CDP, Massachusetts","559","3172","189","1410","25","63655"]
["South Duxbury CDP, Massachusetts","138","3381","23","1269","25","63690"]
["South Lancaster CDP, Massachusetts","180","1620","121","735","25","64460"]
["South Yarmouth CDP, Massachusetts","1754","11483","432","4846","25","66035"]
["Spencer CDP, Massachusetts","1534","5743","440","2741","25","66070"]
["Springfield city, Massachusetts","72174","150062","20761","58344","25","67000"]
["Stoneham CDP, Massachusetts","2779","22949","545","9758","25","67700"]
["Sturbridge CDP, Massachusetts","143","2217","75","933","25","68120"]
["Swampscott CDP, Massachusetts","1906","14905","252","6093","25","68680"]
["Taunton city, Massachusetts","16971","58340","5008","23159","25","69170"]
["Teaticket CDP, Massachusetts","216","1522","5","787","25","69205"]
["The Pinehills CDP, Massachusetts","518","4724","16","2441","25","69585"]
["Topsfield CDP, Massachusetts","396","2551","45","897","25","70115"]
["Townsend CDP, Massachusetts","239","1084","73","493","25","70325"]
["Turners Falls CDP, Massachusetts","1322","4049","375","2006","25","70815"]
["Upton CDP, Massachusetts","294","2337","92","884","25","71445"]
["Vineyard Haven CDP, Massachusetts","346","2241","8","881","25","71970"]
["Wakefield CDP, Massachusetts","2987","26676","501","10849","25","72250"]
["Walpole CDP, Massachusetts","768","6135","105","2547","25","72460"]
["Waltham city, Massachusetts","10927","57108","1418","24943","25","72600"]
["Ware CDP, Massachusetts","2518","6264","858","2871","25","72845"]
["Wareham Center CDP, Massachusetts","1233","2983","439","1426","25","73020"]
["Warren CDP, Massachusetts","185","596","177","338","25","73055"]
["Watertown Town city, Massachusetts","5000","35007","711","16027","25","73440"]
["Webster CDP, Massachusetts","4155","11796","1005","5069","25","73930"]
["Wellesley CDP, Massachusetts","1816","24489","235","8668","25","74210"]
["Westborough CDP, Massachusetts","780","4217","152","1942","25","75050"]
["West Brookfield CDP, Massachusetts","516","1503","59","613","25","75365"]
["West Chatham CDP, Massachusetts","221","1490","27","625","25","75505"]
["West Concord CDP, Massachusetts","696","5973","114","2443","25","75680"]
["West Dennis CDP, Massachusetts","450","2703","109","1362","25","75820"]
["West Falmouth CDP, Massachusetts","206","2251","0","815","25","75960"]
["Westfield city, Massachusetts","8672","37756","2398","15292","25","76030"]
["West Springfield Town city, Massachusetts","7858","28713","2624","12734","25","77890"]
["West Wareham CDP, Massachusetts","623","2313","355","1146","25","78410"]
["West Warren CDP, Massachusetts","88","760","31","350","25","78445"]
["West Yarmouth CDP, Massachusetts","1639","6084","220","2787","25","78795"]
["Weweantic CDP, Massachusetts","367","1374","124","590","25","78850"]
["Weymouth Town city, Massachusetts","10017","56797","1911","24400","25","78972"]
["White Island Shores CDP, Massachusetts","651","2522","53","850","25","79390"]
["Whitinsville CDP, Massachusetts","1344","7226","319","2835","25","79495"]
["Wilbraham CDP, Massachusetts","738","3398","145","1414","25","79705"]
["Williamstown CDP, Massachusetts","347","2238","95","1076","25","79950"]
["Wilmington CDP, Massachusetts","1940","22904","374","7756","25","80195"]
["Winchendon CDP, Massachusetts","1265","4386","472","1617","25","80370"]
["Winchester CDP, Massachusetts","1632","22590","102","8149","25","80545"]
["Winthrop Town city, Massachusetts","3059","19023","739","8242","25","81005"]
["Woburn city, Massachusetts","5936","40680","1168","16292","25","81035"]
["Woods Hole CDP, Massachusetts","80","1127","49","560","25","81245"]
["Worcester city, Massachusetts","71854","189962","18646","78780","25","82000"]
["Yarmouth Port CDP, Massachusetts","1029","5872","142","2617","25","82595"]

{"sheet":"National B tables","index":23,"n_rows":2,"n_cols":7,"rows_kept":2,"cut":false,"hidden":true,"merged":[]}
["NAME","B01003_001E","B19080_001E","B25002_001E","B25002_003E","B19013_001E","us"]
["United States","329725481","28336","139647020","15636028","69021","1"]

{"sheet":"National S tables","index":24,"n_rows":2,"n_cols":6,"rows_kept":2,"cut":false,"hidden":true,"merged":[]}
["NAME","S1701_C01_042E","S1701_C01_001E","S2201_C03_001E","S2201_C01_001E","us"]
["United States","94041155","321897703","14105231","124010992","1"]

{"sheet":"National DP tables","index":25,"n_rows":2,"n_cols":4,"rows_kept":2,"cut":false,"hidden":true,"merged":[]}
["NAME","DP03_0005PE","DP03_0062E","us"]
["United States","3.5","69021","1"]

{"sheet":"BLS_Unemployment_National","index":26,"n_rows":33,"n_cols":7,"rows_kept":33,"cut":false,"hidden":true,"merged":[]}
["year","period","periodName","latest","value","footnotes","Column1"]
["2023","M08","August","true","3.9","[List]"]
["2023","M07","July",null,"3.8","[List]"]
["2023","M06","June",null,"3.8","[List]"]
["2023","M05","May",null,"3.4","[List]"]
["2023","M04","April",null,"3.1","[List]"]
["2023","M03","March",null,"3.6","[List]"]
["2023","M02","February",null,"3.9","[List]"]
["2023","M01","January",null,"3.9","[List]"]
["2022","M12","December",null,"3.3","[List]"]
["2022","M11","November",null,"3.4","[List]"]
["2022","M10","October",null,"3.4","[List]"]
["2022","M09","September",null,"3.3","[List]"]
["2022","M08","August",null,"3.8","[List]"]
["2022","M07","July",null,"3.8","[List]"]
["2022","M06","June",null,"3.8","[List]"]
["2022","M05","May",null,"3.4","[List]"]
["2022","M04","April",null,"3.3","[List]"]
["2022","M03","March",null,"3.8","[List]"]
["2022","M02","February",null,"4.1","[List]"]
["2022","M01","January",null,"4.4","[List]"]
["2021","M12","December",null,"3.7","[List]"]
["2021","M11","November",null,"3.9","[List]"]
["2021","M10","October",null,"4.3","[List]"]
["2021","M09","September",null,"4.6","[List]"]
["2021","M08","August",null,"5.3","[List]"]
["2021","M07","July",null,"5.7","[List]"]
["2021","M06","June",null,"6.1","[List]"]
["2021","M05","May",null,"5.5","[List]"]
["2021","M04","April",null,"5.7","[List]"]
["2021","M03","March",null,"6.2","[List]"]
["2021","M02","February",null,"6.6","[List]"]
["2021","M01","January",null,"6.8","[List]"]

{"sheet":"BLS_Unemployment_10","index":27,"n_rows":33,"n_cols":6,"rows_kept":33,"cut":false,"hidden":true,"merged":[]}
["year","period","periodName","latest","value","footnotes"]
["2023","M08","August","true","3.9","[List]"]
["2023","M07","July",null,"3.8","[List]"]
["2023","M06","June",null,"3.8","[List]"]
["2023","M05","May",null,"3.4","[List]"]
["2023","M04","April",null,"3.1","[List]"]
["2023","M03","March",null,"3.6","[List]"]
["2023","M02","February",null,"3.9","[List]"]
["2023","M01","January",null,"3.9","[List]"]
["2022","M12","December",null,"3.3","[List]"]
["2022","M11","November",null,"3.4","[List]"]
["2022","M10","October",null,"3.4","[List]"]
["2022","M09","September",null,"3.3","[List]"]
["2022","M08","August",null,"3.8","[List]"]
["2022","M07","July",null,"3.8","[List]"]
["2022","M06","June",null,"3.8","[List]"]
["2022","M05","May",null,"3.4","[List]"]
["2022","M04","April",null,"3.3","[List]"]
["2022","M03","March",null,"3.8","[List]"]
["2022","M02","February",null,"4.1","[List]"]
["2022","M01","January",null,"4.4","[List]"]
["2021","M12","December",null,"3.7","[List]"]
["2021","M11","November",null,"3.9","[List]"]
["2021","M10","October",null,"4.3","[List]"]
["2021","M09","September",null,"4.6","[List]"]
["2021","M08","August",null,"5.3","[List]"]
["2021","M07","July",null,"5.7","[List]"]
["2021","M06","June",null,"6.1","[List]"]
["2021","M05","May",null,"5.5","[List]"]
["2021","M04","April",null,"5.7","[List]"]
["2021","M03","March",null,"6.2","[List]"]
["2021","M02","February",null,"6.6","[List]"]
["2021","M01","January",null,"6.8","[List]"]

{"sheet":"BLS_Unemployment_9","index":28,"n_rows":33,"n_cols":6,"rows_kept":33,"cut":false,"hidden":true,"merged":[]}
["year","period","periodName","latest","value","footnotes"]
["2023","M08","August","true","3.9","[List]"]
["2023","M07","July",null,"3.8","[List]"]
["2023","M06","June",null,"3.8","[List]"]
["2023","M05","May",null,"3.4","[List]"]
["2023","M04","April",null,"3.1","[List]"]
["2023","M03","March",null,"3.6","[List]"]
["2023","M02","February",null,"3.9","[List]"]
["2023","M01","January",null,"3.9","[List]"]
["2022","M12","December",null,"3.3","[List]"]
["2022","M11","November",null,"3.4","[List]"]
["2022","M10","October",null,"3.4","[List]"]
["2022","M09","September",null,"3.3","[List]"]
["2022","M08","August",null,"3.8","[List]"]
["2022","M07","July",null,"3.8","[List]"]
["2022","M06","June",null,"3.8","[List]"]
["2022","M05","May",null,"3.4","[List]"]
["2022","M04","April",null,"3.3","[List]"]
["2022","M03","March",null,"3.8","[List]"]
["2022","M02","February",null,"4.1","[List]"]
["2022","M01","January",null,"4.4","[List]"]
["2021","M12","December",null,"3.7","[List]"]
["2021","M11","November",null,"3.9","[List]"]
["2021","M10","October",null,"4.3","[List]"]
["2021","M09","September",null,"4.6","[List]"]
["2021","M08","August",null,"5.3","[List]"]
["2021","M07","July",null,"5.7","[List]"]
["2021","M06","June",null,"6.1","[List]"]
["2021","M05","May",null,"5.5","[List]"]
["2021","M04","April",null,"5.7","[List]"]
["2021","M03","March",null,"6.2","[List]"]
["2021","M02","February",null,"6.6","[List]"]
["2021","M01","January",null,"6.8","[List]"]

{"sheet":"BLS_Unemployment_8","index":29,"n_rows":33,"n_cols":6,"rows_kept":33,"cut":false,"hidden":true,"merged":[]}
["year","period","periodName","latest","value","footnotes"]
["2023","M08","August","true","3.9","[List]"]
["2023","M07","July",null,"3.8","[List]"]
["2023","M06","June",null,"3.8","[List]"]
["2023","M05","May",null,"3.4","[List]"]
["2023","M04","April",null,"3.1","[List]"]
["2023","M03","March",null,"3.6","[List]"]
["2023","M02","February",null,"3.9","[List]"]
["2023","M01","January",null,"3.9","[List]"]
["2022","M12","December",null,"3.3","[List]"]
["2022","M11","November",null,"3.4","[List]"]
["2022","M10","October",null,"3.4","[List]"]
["2022","M09","September",null,"3.3","[List]"]
["2022","M08","August",null,"3.8","[List]"]
["2022","M07","July",null,"3.8","[List]"]
["2022","M06","June",null,"3.8","[List]"]
["2022","M05","May",null,"3.4","[List]"]
["2022","M04","April",null,"3.3","[List]"]
["2022","M03","March",null,"3.8","[List]"]
["2022","M02","February",null,"4.1","[List]"]
["2022","M01","January",null,"4.4","[List]"]
["2021","M12","December",null,"3.7","[List]"]
["2021","M11","November",null,"3.9","[List]"]
["2021","M10","October",null,"4.3","[List]"]
["2021","M09","September",null,"4.6","[List]"]
["2021","M08","August",null,"5.3","[List]"]
["2021","M07","July",null,"5.7","[List]"]
["2021","M06","June",null,"6.1","[List]"]
["2021","M05","May",null,"5.5","[List]"]
["2021","M04","April",null,"5.7","[List]"]
["2021","M03","March",null,"6.2","[List]"]
["2021","M02","February",null,"6.6","[List]"]
["2021","M01","January",null,"6.8","[List]"]

{"sheet":"BLS_Unemployment_7","index":30,"n_rows":33,"n_cols":6,"rows_kept":33,"cut":false,"hidden":true,"merged":[]}
["year","period","periodName","latest","value","footnotes"]
["2023","M08","August","true","3.9","[List]"]
["2023","M07","July",null,"3.8","[List]"]
["2023","M06","June",null,"3.8","[List]"]
["2023","M05","May",null,"3.4","[List]"]
["2023","M04","April",null,"3.1","[List]"]
["2023","M03","March",null,"3.6","[List]"]
["2023","M02","February",null,"3.9","[List]"]
["2023","M01","January",null,"3.9","[List]"]
["2022","M12","December",null,"3.3","[List]"]
["2022","M11","November",null,"3.4","[List]"]
["2022","M10","October",null,"3.4","[List]"]
["2022","M09","September",null,"3.3","[List]"]
["2022","M08","August",null,"3.8","[List]"]
["2022","M07","July",null,"3.8","[List]"]
["2022","M06","June",null,"3.8","[List]"]
["2022","M05","May",null,"3.4","[List]"]
["2022","M04","April",null,"3.3","[List]"]
["2022","M03","March",null,"3.8","[List]"]
["2022","M02","February",null,"4.1","[List]"]
["2022","M01","January",null,"4.4","[List]"]
["2021","M12","December",null,"3.7","[List]"]
["2021","M11","November",null,"3.9","[List]"]
["2021","M10","October",null,"4.3","[List]"]
["2021","M09","September",null,"4.6","[List]"]
["2021","M08","August",null,"5.3","[List]"]
["2021","M07","July",null,"5.7","[List]"]
["2021","M06","June",null,"6.1","[List]"]
["2021","M05","May",null,"5.5","[List]"]
["2021","M04","April",null,"5.7","[List]"]
["2021","M03","March",null,"6.2","[List]"]
["2021","M02","February",null,"6.6","[List]"]
["2021","M01","January",null,"6.8","[List]"]

{"sheet":"BLS_Unemployment_6","index":31,"n_rows":33,"n_cols":6,"rows_kept":33,"cut":false,"hidden":true,"merged":[]}
["year","period","periodName","latest","value","footnotes"]
["2023","M08","August","true","3.9","[List]"]
["2023","M07","July",null,"3.8","[List]"]
["2023","M06","June",null,"3.8","[List]"]
["2023","M05","May",null,"3.4","[List]"]
["2023","M04","April",null,"3.1","[List]"]
["2023","M03","March",null,"3.6","[List]"]
["2023","M02","February",null,"3.9","[List]"]
["2023","M01","January",null,"3.9","[List]"]
["2022","M12","December",null,"3.3","[List]"]
["2022","M11","November",null,"3.4","[List]"]
["2022","M10","October",null,"3.4","[List]"]
["2022","M09","September",null,"3.3","[List]"]
["2022","M08","August",null,"3.8","[List]"]
["2022","M07","July",null,"3.8","[List]"]
["2022","M06","June",null,"3.8","[List]"]
["2022","M05","May",null,"3.4","[List]"]
["2022","M04","April",null,"3.3","[List]"]
["2022","M03","March",null,"3.8","[List]"]
["2022","M02","February",null,"4.1","[List]"]
["2022","M01","January",null,"4.4","[List]"]
["2021","M12","December",null,"3.7","[List]"]
["2021","M11","November",null,"3.9","[List]"]
["2021","M10","October",null,"4.3","[List]"]
["2021","M09","September",null,"4.6","[List]"]
["2021","M08","August",null,"5.3","[List]"]
["2021","M07","July",null,"5.7","[List]"]
["2021","M06","June",null,"6.1","[List]"]
["2021","M05","May",null,"5.5","[List]"]
["2021","M04","April",null,"5.7","[List]"]
["2021","M03","March",null,"6.2","[List]"]
["2021","M02","February",null,"6.6","[List]"]
["2021","M01","January",null,"6.8","[List]"]

{"sheet":"BLS_Unemployment_5","index":32,"n_rows":33,"n_cols":6,"rows_kept":33,"cut":false,"hidden":true,"merged":[]}
["year","period","periodName","latest","value","footnotes"]
["2023","M08","August","true","3.9","[List]"]
["2023","M07","July",null,"3.8","[List]"]
["2023","M06","June",null,"3.8","[List]"]
["2023","M05","May",null,"3.4","[List]"]
["2023","M04","April",null,"3.1","[List]"]
["2023","M03","March",null,"3.6","[List]"]
["2023","M02","February",null,"3.9","[List]"]
["2023","M01","January",null,"3.9","[List]"]
["2022","M12","December",null,"3.3","[List]"]
["2022","M11","November",null,"3.4","[List]"]
["2022","M10","October",null,"3.4","[List]"]
["2022","M09","September",null,"3.3","[List]"]
["2022","M08","August",null,"3.8","[List]"]
["2022","M07","July",null,"3.8","[List]"]
["2022","M06","June",null,"3.8","[List]"]
["2022","M05","May",null,"3.4","[List]"]
["2022","M04","April",null,"3.3","[List]"]
["2022","M03","March",null,"3.8","[List]"]
["2022","M02","February",null,"4.1","[List]"]
["2022","M01","January",null,"4.4","[List]"]
["2021","M12","December",null,"3.7","[List]"]
["2021","M11","November",null,"3.9","[List]"]
["2021","M10","October",null,"4.3","[List]"]
["2021","M09","September",null,"4.6","[List]"]
["2021","M08","August",null,"5.3","[List]"]
["2021","M07","July",null,"5.7","[List]"]
["2021","M06","June",null,"6.1","[List]"]
["2021","M05","May",null,"5.5","[List]"]
["2021","M04","April",null,"5.7","[List]"]
["2021","M03","March",null,"6.2","[List]"]
["2021","M02","February",null,"6.6","[List]"]
["2021","M01","January",null,"6.8","[List]"]

{"sheet":"BLS_Unemployment_4","index":33,"n_rows":33,"n_cols":6,"rows_kept":33,"cut":false,"hidden":true,"merged":[]}
["year","period","periodName","latest","value","footnotes"]
["2023","M08","August","true","3.9","[List]"]
["2023","M07","July",null,"3.8","[List]"]
["2023","M06","June",null,"3.8","[List]"]
["2023","M05","May",null,"3.4","[List]"]
["2023","M04","April",null,"3.1","[List]"]
["2023","M03","March",null,"3.6","[List]"]
["2023","M02","February",null,"3.9","[List]"]
["2023","M01","January",null,"3.9","[List]"]
["2022","M12","December",null,"3.3","[List]"]
["2022","M11","November",null,"3.4","[List]"]
["2022","M10","October",null,"3.4","[List]"]
["2022","M09","September",null,"3.3","[List]"]
["2022","M08","August",null,"3.8","[List]"]
["2022","M07","July",null,"3.8","[List]"]
["2022","M06","June",null,"3.8","[List]"]
["2022","M05","May",null,"3.4","[List]"]
["2022","M04","April",null,"3.3","[List]"]
["2022","M03","March",null,"3.8","[List]"]
["2022","M02","February",null,"4.1","[List]"]
["2022","M01","January",null,"4.4","[List]"]
["2021","M12","December",null,"3.7","[List]"]
["2021","M11","November",null,"3.9","[List]"]
["2021","M10","October",null,"4.3","[List]"]
["2021","M09","September",null,"4.6","[List]"]
["2021","M08","August",null,"5.3","[List]"]
["2021","M07","July",null,"5.7","[List]"]
["2021","M06","June",null,"6.1","[List]"]
["2021","M05","May",null,"5.5","[List]"]
["2021","M04","April",null,"5.7","[List]"]
["2021","M03","March",null,"6.2","[List]"]
["2021","M02","February",null,"6.6","[List]"]
["2021","M01","January",null,"6.8","[List]"]

{"sheet":"BLS_Unemployment_3","index":34,"n_rows":33,"n_cols":6,"rows_kept":33,"cut":false,"hidden":true,"merged":[]}
["year","period","periodName","latest","value","footnotes"]
["2023","M08","August","true","3.9","[List]"]
["2023","M07","July",null,"3.8","[List]"]
["2023","M06","June",null,"3.8","[List]"]
["2023","M05","May",null,"3.4","[List]"]
["2023","M04","April",null,"3.1","[List]"]
["2023","M03","March",null,"3.6","[List]"]
["2023","M02","February",null,"3.9","[List]"]
["2023","M01","January",null,"3.9","[List]"]
["2022","M12","December",null,"3.3","[List]"]
["2022","M11","November",null,"3.4","[List]"]
["2022","M10","October",null,"3.4","[List]"]
["2022","M09","September",null,"3.3","[List]"]
["2022","M08","August",null,"3.8","[List]"]
["2022","M07","July",null,"3.8","[List]"]
["2022","M06","June",null,"3.8","[List]"]
["2022","M05","May",null,"3.4","[List]"]
["2022","M04","April",null,"3.3","[List]"]
["2022","M03","March",null,"3.8","[List]"]
["2022","M02","February",null,"4.1","[List]"]
["2022","M01","January",null,"4.4","[List]"]
["2021","M12","December",null,"3.7","[List]"]
["2021","M11","November",null,"3.9","[List]"]
["2021","M10","October",null,"4.3","[List]"]
["2021","M09","September",null,"4.6","[List]"]
["2021","M08","August",null,"5.3","[List]"]
["2021","M07","July",null,"5.7","[List]"]
["2021","M06","June",null,"6.1","[List]"]
["2021","M05","May",null,"5.5","[List]"]
["2021","M04","April",null,"5.7","[List]"]
["2021","M03","March",null,"6.2","[List]"]
["2021","M02","February",null,"6.6","[List]"]
["2021","M01","January",null,"6.8","[List]"]

{"sheet":"BLS_Unemployment_2","index":35,"n_rows":33,"n_cols":6,"rows_kept":33,"cut":false,"hidden":true,"merged":[]}
["year","period","periodName","latest","value","footnotes"]
["2023","M08","August","true","3.4","[List]"]
["2023","M07","July",null,"2.8","[List]"]
["2023","M06","June",null,"3.3","[List]"]
["2023","M05","May",null,"1.8","[List]"]
["2023","M04","April",null,"1.7","[List]"]
["2023","M03","March",null,"2.5","[List]"]
["2023","M02","February",null,"3.5","[List]"]
["2023","M01","January",null,"3.9","[List]"]
["2022","M12","December",null,"3.1","[List]"]
["2022","M11","November",null,"3.4","[List]"]
["2022","M10","October",null,"3.6","[List]"]
["2022","M09","September",null,"3.6","[List]"]
["2022","M08","August",null,"4.5","[List]"]
["2022","M07","July",null,"4.5","[List]"]
["2022","M06","June",null,"4.8","[List]"]
["2022","M05","May",null,"3.4","[List]"]
["2022","M04","April",null,"2.9","[List]"]
["2022","M03","March",null,"2.5","[List]"]
["2022","M02","February",null,"2.5","[List]"]
["2022","M01","January",null,"3.3","[List]"]
["2021","M12","December",null,"2.7","[List]"]
["2021","M11","November",null,"2.9","[List]"]
["2021","M10","October",null,"4.0","[List]"]
["2021","M09","September",null,"4.1","[List]"]
["2021","M08","August",null,"4.4","[List]"]
["2021","M07","July",null,"5.3","[List]"]
["2021","M06","June",null,"5.1","[List]"]
["2021","M05","May",null,"3.7","[List]"]
["2021","M04","April",null,"3.5","[List]"]
["2021","M03","March",null,"3.8","[List]"]
["2021","M02","February",null,"4.5","[List]"]
["2021","M01","January",null,"5.1","[List]"]

{"sheet":"BLS_Unemployment_1","index":36,"n_rows":33,"n_cols":6,"rows_kept":33,"cut":false,"hidden":true,"merged":[]}
["year","period","periodName","latest","value","footnotes"]
["2023","M08","August","true","2.4","[List]"]
["2023","M07","July",null,"2.4","[List]"]
["2023","M06","June",null,"2.3","[List]"]
["2023","M05","May",null,"1.8","[List]"]
["2023","M04","April",null,"2.0","[List]"]
["2023","M03","March",null,"3.2","[List]"]
["2023","M02","February",null,"3.3","[List]"]
["2023","M01","January",null,"3.1","[List]"]
["2022","M12","December",null,"2.4","[List]"]
["2022","M11","November",null,"2.5","[List]"]
["2022","M10","October",null,"2.7","[List]"]
["2022","M09","September",null,"3.0","[List]"]
["2022","M08","August",null,"3.5","[List]"]
["2022","M07","July",null,"3.5","[List]"]
["2022","M06","June",null,"3.5","[List]"]
["2022","M05","May",null,"3.2","[List]"]
["2022","M04","April",null,"2.7","[List]"]
["2022","M03","March",null,"3.2","[List]"]
["2022","M02","February",null,"3.5","[List]"]
["2022","M01","January",null,"3.8","[List]"]
["2021","M12","December",null,"2.7","[List]"]
["2021","M11","November",null,"3.2","[List]"]
["2021","M10","October",null,"3.5","[List]"]
["2021","M09","September",null,"3.6","[List]"]
["2021","M08","August",null,"4.2","[List]"]
["2021","M07","July",null,"4.8","[List]"]
["2021","M06","June",null,"4.9","[List]"]
["2021","M05","May",null,"4.6","[List]"]
["2021","M04","April",null,"4.6","[List]"]
["2021","M03","March",null,"5.4","[List]"]
["2021","M02","February",null,"6.1","[List]"]
["2021","M01","January",null,"6.9","[List]"]

{"sheet":"API_calls","index":37,"n_rows":58,"n_cols":9,"rows_kept":58,"cut":false,"hidden":true,"merged":[]}
["State","State abbreviation","FIPS code",null,"API calls"]
["Alabama","AL","01",null,"Place B tables",{"$f":"\"https://api.census.gov/data/\"&Inputs_Demographic!C9&\"/acs/acs5?get=NAME,B01003_001E,B19080_001E,B25002_001E,B25002_002E,B25002_003E,B19013_001E&for=place:*&in=state:\"&INDEX($C$2:$C$58,MATCH(Inputs_Demographic!$C$8,$B$2:$B$59,0))","v":{"$error":"#N/A"}}]
["Alaska","AK","02",null,"Place B tables 5 years earlier",{"$f":"\"https://api.census.gov/data/\"&Inputs_Demographic!C9-5&\"/acs/acs5?get=NAME,B25002_002E&for=place:*&in=state:\"&INDEX($C$2:$C$58,MATCH(Inputs_Demographic!$C$8,$B$2:$B$59,0))","v":{"$error":"#N/A"}}]
["Arizona","AZ","04",null,"Place DP tables",{"$f":"\"https://api.census.gov/data/\"&Inputs_Demographic!C9&\"/acs/acs5/profile?get=NAME,DP03_0051E,DP03_0062E,DP03_0005PE&for=place:*&in=state:\"&INDEX($C$2:$C$58,MATCH(Inputs_Demographic!$C$8,$B$2:$B$59,0))","v":{"$error":"#N/A"}}]
["Arkansas","AR","05",null,"Place S tables",{"$f":"\"https://api.census.gov/data/\"&Inputs_Demographic!C9&\"/acs/acs5/subject?get=NAME,S1701_C01_042E,S1701_C01_001E,S2201_C03_001E,S2201_C01_001E&for=place:*&in=state:\"&INDEX($C$2:$C$58,MATCH(Inputs_Demographic!$C$8,$B$2:$B$59,0))","v":{"$error":"#N/A"}}]
["California","CA","06",null,"National B tables",{"$f":"\"https://api.census.gov/data/\"&Inputs_Demographic!C9&\"/acs/acs5?get=NAME,B01003_001E,B19080_001E,B25002_001E,B25002_003E,B19013_001E&for=us:*\"","v":"https://api.census.gov/data/2021/acs/acs5?get=NAME,B01003_001E,B19080_001E,B25002_001E,B25002_003E,B19013_001E&for=us:*"}]
["Colorado","CO","08",null,"National S tables",{"$f":"\"https://api.census.gov/data/\"&Inputs_Demographic!C9&\"/acs/acs5/subject?get=NAME,S1701_C01_042E,S1701_C01_001E,S2201_C03_001E,S2201_C01_001E&for=us:*\"","v":"https://api.census.gov/data/2021/acs/acs5/subject?get=NAME,S1701_C01_042E,S1701_C01_001E,S2201_C03_001E,S2201_C01_001E&for=us:*"}]
["Connecticut","CT","09",null,"National DP tables",{"$f":"\"https://api.census.gov/data/\"&Inputs_Demographic!C9&\"/acs/acs5/profile?get=NAME,DP03_0005PE,DP03_0062E&for=us:*\"","v":"https://api.census.gov/data/2021/acs/acs5/profile?get=NAME,DP03_0005PE,DP03_0062E&for=us:*"}]
["Delaware","DE","10"]
["District of Columbia","DC","11",null,null,null,"alternate one",null,"main one"]
["Florida","FL","12",null,"BLS API Calls:","Key:","7a88805701c64caf942e3df3ec969a87",null,"73e43d50aa2445519d66d27972baad38"]
["Georgia","GA","13",null,"National Series Code:","Call:"]
["Hawaii","HI","15",null,"LNU04000000",{"$f":"\"https://api.bls.gov/publicAPI/v2/timeseries/data/\"&E13&\"?registrationkey=\"&G11","v":"https://api.bls.gov/publicAPI/v2/timeseries/data/LNU04000000?registrationkey=7a88805701c64caf942e3df3ec969a87"}]
["Idaho","ID","16",null,"Area Code:","Call:","Finished Call (what is loaded in now)"]
["Illinois","IL","17",null,{"$f":"IFERROR(INDEX('BLS Areas'!B$2:B$8309,MATCH(Inputs_Demographic!B37,'BLS Areas'!C$2:C$8309,0)),\"\")","v":""},{"$f":"IF(E15=\"\",bls_url_national,\"https://api.bls.gov/publicAPI/v2/timeseries/data/LAU\"&E15&\"03?registrationkey=\"&G$11)","v":"https://api.bls.gov/publicAPI/v2/timeseries/data/LNU04000000?registrationkey=7a88805701c64caf942e3df3ec969a87"},"CT2501260000000"]
["Indiana","IN","18",null,{"$f":"IFERROR(INDEX('BLS Areas'!B$2:B$8309,MATCH(Inputs_Demographic!B38,'BLS Areas'!C$2:C$8309,0)),\"\")","v":""},"https://api.bls.gov/publicAPI/v2/timeseries/data/LNU04000000?registrationkey=7a88805701c64caf942e3df3ec969a87","CT2501370000000"]
["Iowa","IA","19",null,{"$f":"IFERROR(INDEX('BLS Areas'!B$2:B$8309,MATCH(Inputs_Demographic!B39,'BLS Areas'!C$2:C$8309,0)),\"\")","v":""},"https://api.bls.gov/publicAPI/v2/timeseries/data/LNU04000000?registrationkey=7a88805701c64caf942e3df3ec969a87"]
["Kansas","KS","20",null,{"$f":"IFERROR(INDEX('BLS Areas'!B$2:B$8309,MATCH(Inputs_Demographic!B40,'BLS Areas'!C$2:C$8309,0)),\"\")","v":""},"https://api.bls.gov/publicAPI/v2/timeseries/data/LNU04000000?registrationkey=7a88805701c64caf942e3df3ec969a87"]
["Kentucky","KY","21",null,{"$f":"IFERROR(INDEX('BLS Areas'!B$2:B$8309,MATCH(Inputs_Demographic!B41,'BLS Areas'!C$2:C$8309,0)),\"\")","v":""},"https://api.bls.gov/publicAPI/v2/timeseries/data/LNU04000000?registrationkey=7a88805701c64caf942e3df3ec969a87"]
["Louisiana","LA","22",null,{"$f":"IFERROR(INDEX('BLS Areas'!B$2:B$8309,MATCH(Inputs_Demographic!B42,'BLS Areas'!C$2:C$8309,0)),\"\")","v":""},"https://api.bls.gov/publicAPI/v2/timeseries/data/LNU04000000?registrationkey=7a88805701c64caf942e3df3ec969a87"]
["Maine","ME","23",null,{"$f":"IFERROR(INDEX('BLS Areas'!B$2:B$8309,MATCH(Inputs_Demographic!B43,'BLS Areas'!C$2:C$8309,0)),\"\")","v":""},"https://api.bls.gov/publicAPI/v2/timeseries/data/LNU04000000?registrationkey=7a88805701c64caf942e3df3ec969a87"]
["Maryland","MD","24",null,{"$f":"IFERROR(INDEX('BLS Areas'!B$2:B$8309,MATCH(Inputs_Demographic!B44,'BLS Areas'!C$2:C$8309,0)),\"\")","v":""},"https://api.bls.gov/publicAPI/v2/timeseries/data/LNU04000000?registrationkey=7a88805701c64caf942e3df3ec969a87"]
["Massachusetts","MA","25",null,{"$f":"IFERROR(INDEX('BLS Areas'!B$2:B$8309,MATCH(Inputs_Demographic!B45,'BLS Areas'!C$2:C$8309,0)),\"\")","v":""},"https://api.bls.gov/publicAPI/v2/timeseries/data/LNU04000000?registrationkey=7a88805701c64caf942e3df3ec969a87"]
["Michigan","MI","26",null,{"$f":"IFERROR(INDEX('BLS Areas'!B$2:B$8309,MATCH(Inputs_Demographic!B46,'BLS Areas'!C$2:C$8309,0)),\"\")","v":""},"https://api.bls.gov/publicAPI/v2/timeseries/data/LNU04000000?registrationkey=7a88805701c64caf942e3df3ec969a87"]
["Minnesota","MN","27"]
["Mississippi","MS","28"]
["Missouri","MO","29"]
["Montana","MT","30"]
["Nebraska","NE","31"]
["Nevada","NV","32"]
["New Hampshire","NH","33"]
["New Jersey","NJ","34"]
["New Mexico","NM","35"]
["New York","NY","36"]
["North Carolina","NC","37"]
["North Dakota","ND","38"]
["Ohio","OH","39"]
["Oklahoma","OK","40"]
["Oregon","OR","41"]
["Pennsylvania","PA","42"]
["Rhode Island","RI","44"]
["South Carolina","SC","45"]
["South Dakota","SD","46"]
["Tennessee","TN","47"]
["Texas","TX","48"]
["Utah","UT","49"]
["Vermont","VT","50"]
["Virginia","VA","51"]
["Washington","WA","53"]
["West Virginia","WV","54"]
["Wisconsin","WI","55"]
["Wyoming","WY","56"]
["American Samoa","AS","60"]
["Guam","GU","66"]
["Northern Mariana Islands","MP","69"]
["Palau","PW","70"]
["Puerto Rico","PR","72"]
["U.S. Virgin Islands","VI","78"]